-- version OVH
-- https://www.phpmyadmin.net/
--
-- Hôte : lyceesercdi.mysql.db
-- Généré le :  jeu. 06 mai 2021 à 15:21
-- Version du serveur :  5.6.50-log
-- Version de PHP :  7.2.34

START TRANSACTION;



--
-- Base de données :  `lyceesercdi`
--
CREATE DATABASE IF NOT EXISTS `lyceesercdi` DEFAULT CHARACTER SET utf8 COLLATE utf8_general_ci;
USE `lyceesercdi`;

-- --------------------------------------------------------

--
-- Structure de la table `accounts`
--

CREATE TABLE `accounts` (
  `id` int(11) NOT NULL,
  `pseudo` varchar(60) NOT NULL,
  `password` varchar(255) NOT NULL,
  `email` varchar(100) NOT NULL,
  `classe` varchar(15) NOT NULL,
  `lycee` varchar(51) NOT NULL,
  `age` int(1) NOT NULL,
  `right_level` int(1) NOT NULL DEFAULT '1'
) ENGINE=InnoDB DEFAULT CHARSET=utf8;

--
-- Déchargement des données de la table `accounts`
--

INSERT INTO `accounts` (`id`, `pseudo`, `password`, `email`, `classe`, `lycee`, `age`, `right_level`) VALUES
(1, 'Aurox', '0b558b908283facfabe5a5cadfc01bbdbf620897', 'abrawilca@yahoo.fr', 'B1', 'SUPINFO International University (Campus de Rennes)', 19, 4),
(5, 'CompteMembreTest', 'ef98fa608ae1f7179587a5186eba7a12b50415e1', 'test@test.fr', 'Test', 'Paul Sérusier', 18, 1),
(6, 'CompteModerateurTest', 'ef98fa608ae1f7179587a5186eba7a12b50415e1', 'test@test.fr', 'Test', 'Paul Sérusier', 18, 2),
(7, 'CompteAdminTest', 'ef98fa608ae1f7179587a5186eba7a12b50415e1', 'test@test.fr', 'Test', 'Paul Sérusier', 18, 3),
(8, 'Documentaliste', '0de0a88f2d970bbd5244d20936cb5e779dd6eb59', 'cdi.serusier@laposte.net', 'CDI', 'Paul Sérusier', 0, 3),
(9, 'Mickael', '56550c61f51b868e4a74d28f8782a571c1804ca5', 'mikratma@hotmail.fr', 'TLT', 'Paul Sérusier', 18, 1),
(10, 'Gaubicher', '048d31354de8b912b191ffbe2cf3a1f0eadab785', 'romi-29@hotmail.fr', 'TLT', 'lycée Paul Sérusier', 18, 1),
(11, 'ClaraV', '68aed0f08504d450f6e12df6ea20a369d01f1d6f', 'clarinettev29@hotmail.fr', '', '', 0, 1),
(12, 'PaulineB', 'd90db4c55c81763c6acbbcca77775f5f44f4f3c9', 'pauline.buguellou@gmail.com', '1 ES', 'Sérusier', 15, 3),
(13, 'baridur', '3f913fc2635360a33a276d186332bdbf7172cac2', 'charles.disserbo@gmail.com', 'Anciennement la', 'Anciennement le même que le votre.', 0, 1),
(14, 'lilice', '1dd74c2dd68db91cdd7072d9e405761ff3c8fb48', 'alice.dare@hotmail.fr', '1L', 'Paul Sérusier', 0, 1),
(15, 'Pigsy', '08bc2b6c35945276be1be9abe37ad37c787e3e10', 'fatal1129@live.fr', '1 Bts cgo', 'Dupuiy de Lôme', 0, 1);

-- --------------------------------------------------------

--
-- Structure de la table `articles`
--

CREATE TABLE `articles` (
  `id` int(5) NOT NULL,
  `title` varchar(255) NOT NULL,
  `content` text NOT NULL,
  `date` datetime NOT NULL,
  `subcategory_id` int(11) NOT NULL,
  `author_id` int(5) NOT NULL,
  `activated` int(1) NOT NULL
) ENGINE=InnoDB DEFAULT CHARSET=utf8;

--
-- Déchargement des données de la table `articles`
--

INSERT INTO `articles` (`id`, `title`, `content`, `date`, `subcategory_id`, `author_id`, `activated`) VALUES
(1, 'LisezSerusier v2.2', ' Bonjour à tous,\r\nLe site est enfin &quot; prêt &quot; à être mis en ligne.\r\nBien sûr, il est loin d\'être fini.\r\nVoici une petite liste des fonctionnalités du site.\r\nJe rappelle que ceci n\'est qu\'une première version du site, et que ce dernier va évoluer au cours des prochain jours/semaines/mois/années. Donc soyez patients :)\r\n\r\n- Inscriptions\r\n- Connexion/Déconnexion\r\n- Articles:\r\n    * Voir ( tous ou par catégorie )\r\n    * Ajouter\r\n    * Activer\r\n    * Mettre des photos\r\n    * Création de liens cliquables <a href=\"http://google.fr\" target=_blank>lien</a>\r\n    * <strong>Gras</strong>/<em>Italique</em>/<u>Souligné</u>\r\n- Comptes:\r\n    *changer les privilèges. ex: passer un compte en modérateur\r\n\r\n\r\n\r\nVoici une liste de quelques améliorations prévues pour les prochaines versions:\r\n\r\n<strong>*</strong><u>Version 1.0.1</u> - <strong>Terminé</strong> -\r\n- <em>Ajout</em>: possibilité de poster des articles pour les Membres. \r\n- <em>Ajout</em>: Pagination ( histoire de pas avoir 350 articles sur une seule page ).\r\n\r\n<strong>*</strong><u>Version 1.0.2</u> - <strong>Terminé</strong> -\r\n- <em>Ajout</em>: Possibilité d\'éditer/supprimer les articles \r\n\r\n<strong>*</strong><u>Version 2.0</u> - <strong>Terminé</strong> -\r\n- <em>Modif</em>: Réorganisation du code ( Architecture MVC ou N-Tiers )\r\n- <em>Finalisation</em>: Administration des articles et des membres \r\n- <em>Finalisation</em>: Système d\'infobulles\r\n- <em>Ajout</em>: Vérification des formulaires en HTML5\r\n\r\n<strong>*</strong><u>Version 2.1</u> - <strong>Terminé</strong> -\r\n- <em>Finalisation</em>: bbcode ( possibilité de mettre le texte en couleur )\r\n<span class=\"yellow\">jaune</span> - <span class=\"orange\">orange</span> - <span class=\"red\">rouge</span>\r\n<span class=\"blue\">bleu</span> - <span class=\"purple\">violet</span> - <span class=\"green\">vert</span>\r\n<span class=\"white\">blanc</span> - <span class=\"gray\">gris</span> - <span class=\"black\">noir</span>\r\n- <em>Ajout</em>: Smileys\r\n\r\n*<u>Version 2.2</u> - <strong>Terminé</strong> -\r\n- <em>Ajout</em>: possibilité d\'éditer son &quot; profil &quot;\r\n\r\n<strong>*</strong><u>Version 2.3</u>\r\n- <em>Ajout</em>: commentaires\r\n- <em>Ajout</em>: &quot; like &quot; et &quot; dislike &quot; sur les articles\r\n\r\n*<u>Version 2.4</u>\r\n- <em>Ajout</em>: Partie &quot; Médias &quot; avec une galerie photos et une galerie vidéos.\r\n\r\n<strong>*</strong><u>Version 2.5</u>\r\n- <em>Ajout</em>: système de messagerie\r\n\r\n<strong>*</strong><u>Version 2.6</u>\r\n- <em>Ajout</em>: Petit tchat permettant une conversation entre 2 personnes\r\n\r\n\r\nSi vous avez des propositions <strong>sérieuses</strong> d\'ajout de fonctionnalités, contactez moi: <em>En fait contactez Marc :)</em>.\r\n\r\n    ', '0000-00-00 00:00:00', 12, 1, 1),
(8, 'Démonstration', 'Comme un documentaliste dont nous ne citerons pas le nom s\'amuse à tester des fonctionnalités \r\nbugués alors que je l\'avais prévenu qu\'elles l\'étaient, c\'est à mon tour de m\'amuser avec \r\nmaintenant que j\'ai réglé le problème.\r\nVoici donc une petite image montrant ce à quoi peut penser un documentaliste \r\n(cliquez dessus pour la voir en grand):\r\n\r\n\r\n<a href=\"http://lachaussonniere.free.fr/CDI/cdidoctravail/penseur.gif\" target=_blank><img src=\"http://img256.imageshack.us/img256/1675/penseur.gif\" /></a>\r\n\r\n\r\nEn même temps, nous pouvons constater que les liens fonctionnent puisqu\'il y en a un sur l\'image, \r\nmais comme je vois déjà le regard dubitatif de notre cher documentaliste, en voici un deuxième \r\nvers <a href=\"http://lycee-serusier.info\" target=_blank>notre super site</a>.\r\n\r\nAu passage, je constate que le texte dépasse à droite et à gauche et que ça fait très moche. Je m\'en occupe dès que j\'ai le temps. <strong>(That\'s done ^^)</strong>.\r\n\r\nTest: Je vais faire une phrase super longue sur une seule ligne pour voir si ça dépasse encore ou bien si le problème est réglé. Il est réglé mais je préfère faire un petit test.\r\n\r\net voici une petite image qui change à chaque actualisation mouhaha:\r\n\r\n<img src=\"http://lorempixel.com/400/200/\" />\r\n\r\nSur ce, amusez-vous bien :).\r\n                 ', '0000-00-00 00:00:00', 1, 1, 1),
(10, 'De l\'arrogance des geeks !', 'Voici la réponse du vieux doc au jeune geek (arrogant, est-il besoin de le préciser ?) !\r\nMerci ! Oui, Johann, un grand merci de la part de la petite équipe d’apprentis-journalistes qui avait œuvré à la conceptualisation de ce site. Tu as su le rendre fonctionnel. \r\nEn dix mois seulement... une prouesse !!! \r\nA eux/nous désormais de le maintenir en vie.\r\nEn attendant le prochain bug, nous te saluons !\r\nCordialement\r\n\r\nPhoto jointe (source ?): Un geek après 10 ans d\'encodage\r\n\r\n<img src=\"http://img526.imageshack.us/img526/7798/penseurgeek.jpg\" />\r\n  ', '0000-00-00 00:00:00', 1, 8, 1),
(11, 'Steven, l’archer du lycée', '<strong>45 livres, 25 mètres, 580 points sur 600…</strong> \r\nVoilà quelques-uns des chiffres que nous donne Steven lorsqu’il parle de ce sport qu’il pratique depuis presque 3 ans.\r\n45 livres – approximativement 20,41165665 kgs ! - c’est la force que l’archer doit exercer pour armer son arc. Mais comme Steve possède un magnifique arc à poulies, ça aide ! <strong>25 mètres</strong>, c’est la distance réglementaire entre l’archer et la cible lors des tournois officiels. Et enfin, <strong>580 sur 600</strong>, c’est le score que les meilleurs joueurs atteignent en compétition, en 2 séries de 10 volées de 3 flèches, le centre de la cible valant 10 points. Voilà ! \r\n<strong>Une discipline à découvrir à Plounevezel</strong> avec Les archers du Ponvel - <strong>un concours a lieu ce dimanche 1er avril</strong> - ou sur le site UFOLEP.\r\n\r\n\r\n<img src=\"http://img801.imageshack.us/img801/1531/stevenarc5cm.jpg\" />\r\n     ', '0000-00-00 00:00:00', 7, 8, 1),
(12, 'La vie à l\'internat', 'L\'internat est l\'endroit de vie pour plusieurs lycéens, <strong>avec sa cafétéria</strong> contenant deux billards, trois baby-foot et une chaîne-hifi. Ce lieu est <strong>plutôt agréable à vivre</strong>, malgré qu\'il n\'y ait pas de boissons. Cet endroit permet également de <strong>rencontrer de nouvelles personnes</strong> et ainsi de <strong>créer des liens</strong>. Malgré cela l\'internat a plusieurs <strong>contraintes</strong> : les horaires ne permettent pas de sortir à son aise, l\'heure d\'ouverture de l\'internat est contraignante, par exemple les mercredis les élèves se retrouvent à errer dans le lycée ou en dehors du fait que l\'internat n\'ouvre qu\'à 17h30 (comme tous les jours). <strong>Une heure d\'études est obligatoire</strong> tous les jours pour les secondes seulement ce qui peut être contraignant. Tous les lundis, mercredis et jeudis, <strong>les internes peuvent pratiquer du football dans la salle de sport</strong>. Les chambres se répartissent entre 2 et 5 personnes, chaque élève possède 1 bureau et une armoire. Il y a également des douches, des salles de bains et des toilettes dans un espace à part.\r\nEntre 20h et 22h les internes sont libres, et ont la possibilité de se retrouver à la salle télévision  d\'aller à la cafétéria ou de rester dans leur chambre.\r\n\r\n<img src=\"http://img213.imageshack.us/img213/8646/billard.th.jpg\" />\r\n<img src=\"http://img442.imageshack.us/img442/6198/babyfootk.th.jpg\" /> ', '0000-00-00 00:00:00', 1, 12, 1),
(14, 'PETITES PÂTES A PONT', '<img src=\"http://img268.imageshack.us/img268/8647/pont2comp.jpg]\" />\r\n<img src=\"http://img832.imageshack.us/img832/5356/pont1comp.jpg\" />\r\n\r\nCette année, les seconde ayant choisi l’enseignement d’exploration CIT (<strong>Création et Innovation Technologique</strong>) ont réalisé une étude sur les ponts, dont la finalité est la fabrication d’<strong>un pont en spaghettis</strong>.\r\n\r\n<strong>Mr Vern</strong> a proposé ce projet pour la première fois cette année, dans le but de lier théorie et pratique. Pendant les premières séances, les élèves ont d’abord étudié l’évolution des ponts dans l’histoire, les étapes de leur réalisation et les types d’architecture.\r\n\r\n<strong>500 g de pâtes pour supporter...</strong>\r\nEnsuite, par groupe de quatre, ils ont dessiné leur pont sur support papier puis sur un logiciel. Ils sont ensuite passés à la réalisation durant trois séances d’1h30, avec à leur disposition 500 grammes de spaghettis. La solidité de leurs constructions a ensuite été testée avec des poids. \r\nLe record de résistance est de… <strong>36 kgs !!!</strong>\r\n\r\n<strong>Devant l’enthousiasme des élèves, Mr Vern a prévu de recommencer ce projet l’année prochaine.</strong>\r\n\r\nManzanna + Erwann pour les photos\r\n    ', '0000-00-00 00:00:00', 1, 8, 1),
(15, 'ECRIRE POUR EXISTER', ' « Écrire, c\'est aussi ne pas parler. C\'est se taire. C\'est hurler sans bruit. »                                   Marguerite DURAS.\r\n\r\n<img src=\"http://img135.imageshack.us/img135/6528/tableecole.jpg\" /><img src=\"http://img442.imageshack.us/img442/9158/murxt.jpg\" />\r\n\r\nNous avons remarqué au fil des années collège et lycée que les tables étaient systématiquement taguées, que le bas des murs était un échappatoire «artistique» à l\'ennui des cours ou un moyen de faire passer un message. \r\n\r\n<img src=\"http://img51.imageshack.us/img51/4779/tshirta.jpg\" />\r\n\r\nD\'autre plus originaux créent leur style à coup de t-shirts signés par leur bande. Puis en cours il y a toujours quelqu\'un qui s\'est déjà fait prendre à écrire sur les tables et qui se prend maintenant lui-même pour un support en signe de protestation. \r\n\r\n<img src=\"http://img580.imageshack.us/img580/3033/peau.jpg\" />\r\n\r\nEn fait c\'est pour tous ces gens que nous revendiquons notre droit d\'expression et notre droit à l\'écriture. Où nous voulons. Quand nous voulons. En toute tranquillité !\r\n\r\n<img src=\"http://img843.imageshack.us/img843/8420/sables.jpg\" />\r\n\r\n<span class=\"red\"><strong>Voir article sur les témoignages des élèves dans la rubrique &quot;ELEVES / Coup de coeur...&quot;</strong></span>\r\n\r\n<em>Texte écrit par Lola, Mathilde, Maïlé</em>\r\n\r\n        ', '0000-00-00 00:00:00', 1, 8, 1),
(16, 'TEMOIGNAGES D\'ELEVES SUR L\'ECRITURE', '<img src=\"http://img834.imageshack.us/img834/6445/image2lfg.jpg\" />\r\n\r\n<strong>MOI J\'ECRIS...</strong>\r\n\r\n« Pour me souvenir.. »\r\n« Des prénoms ou des symboles pour marquer une occasion ou une période … . »\r\n« Pour libérer mes pensées... »\r\n« Pour passer le temps, l\'ennui des cours... »\r\n« pour faire rire les gens, montrer mon art quoi. »\r\n« Pour faire comme tout le monde et pour qu\'on le voie! »\r\n« Pour faire joli, pour décorer. »\r\n« Pour montrer mon amour et laisser une trace ! »\r\n« Parce que c\'est une façon de me rebeller »\r\n« C\'est une façon de s\'inscrire dans l\'histoire .»\r\n\r\n<strong>ET SINON...</strong>\r\n\r\n« C\'est une façon de rentrer en contact avec la force magnétique de l\'environnement naturel ! »\r\n« Moi je passe une annonce pour un plan c… Des intéressés ? »\r\n« Je voudrais faire un tatouage pour cacher ma peau. »\r\n« J\'aurai envie de me tatouer quelque chose qui représente\r\nma spiritualité . »\r\n« Moi je « kiffe » la sensation du crayon sur ma peau !»\r\n\r\n<em>Propos recueillis par Lola, Mathilde, Maïlé</em>\r\n\r\n    ', '0000-00-00 00:00:00', 8, 8, 1),
(17, 'LES ANONYMOUS DEMASQUES !', 'Depuis quelques années, on entend beaucoup parler du groupe Anonymous en raison des attaques informatiques qu\'ils ont mené contre les grands groupes américains. Le fameux masque porté par ces «hackers» du monde entier, pour protéger leur anonymat et se différencier, est devenu un symbole fort de contestation et d\'anarchie. Mais d\'où vient ce symbole ?\r\n\r\n<img src=\"http://img846.imageshack.us/img846/8079/anonymousp.jpg\" />\r\n<strong>NB : CE LIVRE EST EMPRUNTABLE AU CDI du RdC</strong>   \r\n\r\nPour la plupart d’entre nous, ce masque est rattaché au film « V pour Vendetta ». V, le personnage principal, est un anarchiste qui lance une campagne pour ébranler le pouvoir et finit par être rejoint par une population entière qui se soulève, avec ce masque comme symbole de rassemblement. Dans ce film, le masque est à la fois une nécessité et une signature.\r\n\r\nEn fait, ce film est l’adaptation de la BD qui porte le même titre, sortie en 1990.  Ce sont deux auteurs britanniques Alan Moore et David Lloyd qui ont vraiment créé le personnage V. Et le masque qu’il porte est inspiré du visage d’un révolutionnaire du XVIIe qui sert de référence à V pour commettre ses actions.\r\n\r\n<strong>Le nom de ce mystérieux révolutionnaire ? Guy Fawkes !</strong> Révolté par la sévère politique du roi Jacques 1er contre les Catholiques, il avait tenté de brûler le Parlement de Westminster en 1605. Il a échoué dans sa tentative, mais il est devenu par la suite un emblème de la lutte contre les pouvoirs tyranniques. Pourtant, contrairement aux Anonymous, Guy Fawkes n\'avançait pas masqué mais agissait pendant la nuit.\r\n\r\nParadoxe : le masque que l\'on voit partout est celui qui a été stylisé pour les besoins du film produit par la Warner Bros ! Et donc, c\'est elle qui détient les droits à l\'image du personnage et perçoit ainsi des royalties sur chaque vente du masque : pas très compatible avec les valeurs altermondialistes véhiculées par Anonymous...\r\n\r\n<em>Texte écrit par Manzanna</em>\r\n\r\n<img src=\"http://img585.imageshack.us/img585/3077/fawkes.jpg\" />\r\n\r\n    ', '0000-00-00 00:00:00', 1, 8, 1),
(18, 'LA CHRONIQUE DE L\'UCHRONIE', 'L\'uchronie (« What if ? » en anglais) est un genre littéraire souvent méconnu du grand public, alors dans cet article je vais essayer de vous expliquer en quoi consistent ces œuvres.\r\n\r\n<img src=\"http://img507.imageshack.us/img507/5870/jourj.jpg\" />\r\n\r\nCouverture du premier tome de Jour J.\r\nLe dernier tome en date est sorti il y a 2 semaines et a pour thème :\r\nMai 68 est devenu une guerre civile et la France est ravagée.\r\n\r\n<strong>-Bon alors ! Tu nous expliques ce que c\'est ?</strong>\r\n\r\n-J\'y viens. L\'uchronie est un genre qui raconte les aventures d\'un personnage ou un groupe de personnages dans un univers dont l\'Histoire a été réécrite suite à la modification d\'un événement passé (par exemple : l\'empire romain n\'a jamais disparu, Hitler a gagné la Seconde Guerre Mondiale, Kennedy n\'a jamais été assassiné ou même les dinosaures n\'ont jamais disparu !). \r\nAinsi, L’auteur d’une uchronie prend comme point de départ une situation historique existante et en modifie l’issue pour ensuite imaginer les différentes conséquences possibles. \r\nCette volonté de changer le cours de l’histoire pour imaginer ce qu’elle aurait pu être rappelle la phrase de Blaise Pascal : « Le nez de Cléopâtre, s’il avait été plus court, toute la face de la terre en eût été changé ».\r\nCe genre nécessite donc de la part de son auteur une bonne connaissance historique et politique de la période historique qu\'il ou elle a modifié.\r\n\r\n<strong>-En clair l\'uchronie c\'est de la science-fiction.</strong>\r\n\r\n-Pas tout à fait. Une uchronie peut-être considérée comme faisant partie de la science-fiction si l’événement historique modifié l\'a été suite à un voyage dans le temps. Mais si ce n\'est pas le cas, l\'uchronie est alors considérée comme un genre à part entière.\r\n\r\n<strong>-Tu nous donnes des exemples de bonnes histoires uchroniques ?</strong>\r\n\r\n-Bien sûr. <em>Retour vers le futur</em> est une saga cinématographique qui met en scène de nombreuses uchronies . \r\nEn littérature on trouve de nombreux exemples comme <em>Le maître du haut-château</em> (les forces de l\'axe ont gagné la guerre et les U.S.A. sont occupés par l\'Allemagne et le Japon) <em>Voyage</em> (Mars a été colonisée par les américains dans les années 1970) ou <em>Les conjurés de Florence</em> (De Vinci a construit la machine à vapeur).\r\nEn bandes dessinées, on trouve la série <em>Jour J</em> (voir image ci-dessous) ou alors la série <em>Empire</em> ( Napoléon a conquis les Indes).\r\nVoilà, j\'espère vous en avoir un peu appris sur l\'uchronie et que vous aurez envie de lire quelques unes de ces œuvres. \r\n\r\n<img src=\"http://img135.imageshack.us/img135/8133/voyage.gif\" />\r\n\r\n<em>Voyage</em>, au CDI du RdC, à la rentrée !\r\n\r\nTexte rédigé par Tristan Broussard\r\n    ', '0000-00-00 00:00:00', 1, 8, 1),
(19, 'DES RITES AUX FÊTES', '<strong>Quand vous vous mettez aux rites de passage...</strong>\r\n\r\nLe but d\'un rite est de faire passer l\'enfant à l\'âge adulte. Il en existe plusieurs formes traditionnelles : la communion chez les Chrétiens, la Bar-Mitsva chez les Juifs ou, chez les Massaïs, les garçons doivent vivre dans la brousse pendant plusieurs jours pour acquérir le statut de guerrier.  Dans d\'autres sociétés, le rite est effectué par un marquage corporel, des tatouages ou des scarifications.\r\n\r\n<img src=\"http://img28.imageshack.us/img28/8001/fte1.png\" />\r\n\r\nMême si aujourd\'hui les rites solennels (de type religieux) sont moins présents dans nos sociétés, certains moments peuvent représenter ce passage vers un stade adulte : le bac, le permis de conduire, le travail (obtention de responsabilités), l\'enterrement de sa vie de garçon (NDLR : ou de jeune fille!)... Il s’agit d’un processus qui se fait par étapes.\r\nEn revanche aux États-Unis, il existe encore une forme de rituel : le bal de fin d\'année, qui marque le passage à l\'âge adulte.\r\n\r\n<span class=\"red\"><strong>L\'héritage de ces rites : la fête !</strong></span>\r\n\r\nEn effet, aujourd\'hui, les fêtes sont une forme de rites de passage : elles permettent de briser la monotonie de la vie quotidienne. En revanche, les fêtes actuelles ne ressemblent plus du tout aux fêtes traditionnelles. Amis, musique, alcool, tabac... (et on en passe), bien que souvent présents dans les rites traditionnels, sont maintenant considérés comme indispensables pour que la fête soit réussie.\r\n\r\n<img src=\"http://img198.imageshack.us/img198/2756/fte2.png\" />\r\n\r\n<span class=\"red\"><strong>Pour que la météorite évite un des astres</strong></span>\r\n\r\nPour éviter les petits problèmes que peuvent provoquer ces fêtes, nous avons demandé quelques conseils : un ancien élève (philosophe) nous a suggéré la décoction de racines de pissenlit ! Une autre nous a conseillé de boire une bière au petit matin... Et un professeur (que nous ne citerons pas) nous a  fortement recommandé la lecture de l\'ouvrage « Bréviaire de la gueule de bois », qui recense de nombreuses recettes utiles aux lendemains de fête.\r\n\r\nBonnes fêtes et bonnes vacances !\r\n\r\nTexte écrit par Manzanna     ', '0000-00-00 00:00:00', 1, 8, 1),
(20, 'BENEVOLES AUX VIEILLES CHARRUES', 'Voici le plan pour tenter de les débusquer !\r\n\r\n<img src=\"http://img708.imageshack.us/img708/671/planfte.jpg\" />\r\n\r\nNous avons eu l\'occasion de rencontrer plusieurs bénévoles pour savoir ce qu\'ils ont pensé de leur expérience. Après avoir longuement discuté avec eux nous avons remarqué que les élèves retirent tous les mêmes impressions de cette expérience : le rôle de bénévole leur permet de voir d\'une autre façon le festival, ils trouvent l\'ambiance conviviale et ils ont une autre relation avec les festivaliers.\r\n\r\nRendez-vous en septembre pour qu\'ils nous apportent leurs témoignages sur l\'édition 2012\r\n\r\nTexte écrit par Ludivine G., Anne-Laure T. &amp; Marine J.  ', '0000-00-00 00:00:00', 1, 8, 1);

-- --------------------------------------------------------

--
-- Structure de la table `categories`
--

CREATE TABLE `categories` (
  `id` int(1) NOT NULL,
  `title` varchar(60) NOT NULL
) ENGINE=InnoDB DEFAULT CHARSET=utf8;

--
-- Déchargement des données de la table `categories`
--

INSERT INTO `categories` (`id`, `title`) VALUES
(1, 'actu-lycee'),
(2, 'vie-lycee'),
(3, 'eleves'),
(4, 'reportages');

-- --------------------------------------------------------

--
-- Structure de la table `comments`
--

CREATE TABLE `comments` (
  `id` int(10) NOT NULL,
  `title` varchar(60) CHARACTER SET latin1 NOT NULL,
  `content` text CHARACTER SET latin1 NOT NULL,
  `author_id` int(5) NOT NULL,
  `article_id` int(7) NOT NULL,
  `activated` int(1) NOT NULL
) ENGINE=InnoDB DEFAULT CHARSET=utf8;

-- --------------------------------------------------------

--
-- Structure de la table `pscha_access`
--

CREATE TABLE `pscha_access` (
  `id_profile` int(10) UNSIGNED NOT NULL,
  `id_authorization_role` int(10) UNSIGNED NOT NULL
) ENGINE=InnoDB DEFAULT CHARSET=utf8;

--
-- Déchargement des données de la table `pscha_access`
--

INSERT INTO `pscha_access` (`id_profile`, `id_authorization_role`) VALUES
(1, 1),
(1, 2),
(1, 3),
(1, 4),
(1, 5),
(1, 6),
(1, 7),
(1, 8),
(1, 9),
(1, 10),
(1, 11),
(1, 12),
(1, 13),
(1, 14),
(1, 15),
(1, 16),
(1, 17),
(1, 18),
(1, 19),
(1, 20),
(1, 21),
(1, 22),
(1, 23),
(1, 24),
(1, 25),
(1, 26),
(1, 27),
(1, 28),
(1, 29),
(1, 30),
(1, 31),
(1, 32),
(1, 33),
(1, 34),
(1, 35),
(1, 36),
(1, 37),
(1, 38),
(1, 39),
(1, 40),
(1, 41),
(1, 42),
(1, 43),
(1, 44),
(1, 45),
(1, 46),
(1, 47),
(1, 48),
(1, 49),
(1, 50),
(1, 51),
(1, 52),
(1, 53),
(1, 54),
(1, 55),
(1, 56),
(1, 57),
(1, 58),
(1, 59),
(1, 60),
(1, 61),
(1, 62),
(1, 63),
(1, 64),
(1, 65),
(1, 66),
(1, 67),
(1, 68),
(1, 69),
(1, 70),
(1, 71),
(1, 72),
(1, 73),
(1, 74),
(1, 75),
(1, 76),
(1, 77),
(1, 78),
(1, 79),
(1, 80),
(1, 81),
(1, 82),
(1, 83),
(1, 84),
(1, 85),
(1, 86),
(1, 87),
(1, 88),
(1, 89),
(1, 90),
(1, 91),
(1, 92),
(1, 93),
(1, 94),
(1, 95),
(1, 96),
(1, 97),
(1, 98),
(1, 99),
(1, 100),
(1, 101),
(1, 102),
(1, 103),
(1, 104),
(1, 105),
(1, 106),
(1, 107),
(1, 108),
(1, 109),
(1, 110),
(1, 111),
(1, 112),
(1, 113),
(1, 114),
(1, 115),
(1, 116),
(1, 117),
(1, 118),
(1, 119),
(1, 120),
(1, 121),
(1, 122),
(1, 123),
(1, 124),
(1, 125),
(1, 126),
(1, 127),
(1, 128),
(1, 129),
(1, 130),
(1, 131),
(1, 132),
(1, 133),
(1, 134),
(1, 135),
(1, 136),
(1, 137),
(1, 138),
(1, 139),
(1, 140),
(1, 141),
(1, 142),
(1, 143),
(1, 144),
(1, 145),
(1, 146),
(1, 147),
(1, 148),
(1, 149),
(1, 150),
(1, 151),
(1, 152),
(1, 153),
(1, 154),
(1, 155),
(1, 156),
(1, 157),
(1, 158),
(1, 159),
(1, 160),
(1, 161),
(1, 162),
(1, 163),
(1, 164),
(1, 165),
(1, 166),
(1, 167),
(1, 168),
(1, 169),
(1, 170),
(1, 171),
(1, 172),
(1, 173),
(1, 174),
(1, 175),
(1, 176),
(1, 177),
(1, 178),
(1, 179),
(1, 180),
(1, 181),
(1, 182),
(1, 183),
(1, 184),
(1, 185),
(1, 186),
(1, 187),
(1, 188),
(1, 189),
(1, 190),
(1, 191),
(1, 192),
(1, 193),
(1, 194),
(1, 195),
(1, 196),
(1, 197),
(1, 198),
(1, 199),
(1, 200),
(1, 201),
(1, 202),
(1, 203),
(1, 204),
(1, 205),
(1, 206),
(1, 207),
(1, 208),
(1, 209),
(1, 210),
(1, 211),
(1, 212),
(1, 213),
(1, 214),
(1, 215),
(1, 216),
(1, 217),
(1, 218),
(1, 219),
(1, 220),
(1, 221),
(1, 222),
(1, 223),
(1, 224),
(1, 225),
(1, 226),
(1, 227),
(1, 228),
(1, 229),
(1, 230),
(1, 231),
(1, 232),
(1, 233),
(1, 234),
(1, 235),
(1, 236),
(1, 237),
(1, 238),
(1, 239),
(1, 240),
(1, 241),
(1, 242),
(1, 243),
(1, 244),
(1, 245),
(1, 246),
(1, 247),
(1, 248),
(1, 249),
(1, 250),
(1, 251),
(1, 252),
(1, 253),
(1, 254),
(1, 255),
(1, 256),
(1, 257),
(1, 258),
(1, 259),
(1, 260),
(1, 261),
(1, 262),
(1, 263),
(1, 264),
(1, 265),
(1, 266),
(1, 267),
(1, 268),
(1, 269),
(1, 270),
(1, 271),
(1, 272),
(1, 273),
(1, 274),
(1, 275),
(1, 276),
(1, 277),
(1, 278),
(1, 279),
(1, 280),
(1, 281),
(1, 282),
(1, 283),
(1, 284),
(1, 285),
(1, 286),
(1, 287),
(1, 288),
(1, 289),
(1, 290),
(1, 291),
(1, 292),
(1, 293),
(1, 294),
(1, 295),
(1, 296),
(1, 297),
(1, 298),
(1, 299),
(1, 300),
(1, 301),
(1, 302),
(1, 303),
(1, 304),
(1, 305),
(1, 306),
(1, 307),
(1, 308),
(1, 309),
(1, 310),
(1, 311),
(1, 312),
(1, 313),
(1, 314),
(1, 315),
(1, 316),
(1, 317),
(1, 318),
(1, 319),
(1, 320),
(1, 321),
(1, 322),
(1, 323),
(1, 324),
(1, 325),
(1, 326),
(1, 327),
(1, 328),
(1, 329),
(1, 330),
(1, 331),
(1, 332),
(1, 333),
(1, 334),
(1, 335),
(1, 336),
(1, 337),
(1, 338),
(1, 339),
(1, 340),
(1, 341),
(1, 342),
(1, 343),
(1, 344),
(1, 345),
(1, 346),
(1, 347),
(1, 348),
(1, 349),
(1, 350),
(1, 351),
(1, 352),
(1, 353),
(1, 354),
(1, 355),
(1, 356),
(1, 357),
(1, 358),
(1, 359),
(1, 360),
(1, 361),
(1, 362),
(1, 363),
(1, 364),
(1, 365),
(1, 366),
(1, 367),
(1, 368),
(1, 369),
(1, 370),
(1, 371),
(1, 372),
(1, 373),
(1, 374),
(1, 375),
(1, 376),
(1, 377),
(1, 378),
(1, 379),
(1, 380),
(1, 381),
(1, 382),
(1, 383),
(1, 384),
(1, 385),
(1, 386),
(1, 387),
(1, 388),
(1, 389),
(1, 390),
(1, 391),
(1, 392),
(1, 393),
(1, 394),
(1, 395),
(1, 396),
(1, 397),
(1, 398),
(1, 399),
(1, 400),
(1, 401),
(1, 402),
(1, 403),
(1, 404),
(1, 405),
(1, 406),
(1, 407),
(1, 408),
(1, 409),
(1, 410),
(1, 411),
(1, 412),
(1, 413),
(1, 414),
(1, 415),
(1, 416),
(1, 417),
(1, 418),
(1, 419),
(1, 420),
(1, 421),
(1, 422),
(1, 423),
(1, 424),
(1, 425),
(1, 426),
(1, 427),
(1, 428),
(1, 429),
(1, 430),
(1, 431),
(1, 432),
(1, 433),
(1, 434),
(1, 435),
(1, 436),
(1, 437),
(1, 438),
(1, 439),
(1, 440),
(1, 441),
(1, 442),
(1, 443),
(1, 444),
(1, 445),
(1, 446),
(1, 447),
(1, 448),
(1, 449),
(1, 450),
(1, 451),
(1, 452),
(1, 453),
(1, 454),
(1, 455),
(1, 456),
(1, 457),
(1, 458),
(1, 459),
(1, 460),
(1, 461),
(1, 462),
(1, 463),
(1, 464),
(1, 465),
(1, 466),
(1, 467),
(1, 468),
(1, 493),
(1, 494),
(1, 495),
(1, 496),
(1, 561),
(1, 562),
(1, 563),
(1, 564),
(1, 609),
(1, 610),
(1, 611),
(1, 612),
(1, 613),
(1, 614),
(1, 615),
(1, 616),
(1, 617),
(1, 618),
(1, 619),
(1, 620),
(1, 721),
(1, 722),
(1, 723),
(1, 724),
(1, 725),
(1, 726),
(1, 727),
(1, 728),
(1, 737),
(1, 738),
(1, 739),
(1, 740),
(1, 749),
(1, 750),
(1, 751),
(1, 752),
(1, 753),
(1, 754),
(1, 755),
(1, 756),
(1, 761),
(1, 762),
(1, 763),
(1, 764),
(1, 765),
(1, 766),
(1, 767),
(1, 768),
(1, 773),
(1, 774),
(1, 775),
(1, 776),
(1, 781),
(1, 782),
(1, 783),
(1, 784),
(1, 785),
(1, 786),
(1, 787),
(1, 788),
(2, 9),
(2, 10),
(2, 11),
(2, 12),
(2, 33),
(2, 34),
(2, 35),
(2, 36),
(2, 45),
(2, 46),
(2, 47),
(2, 48),
(2, 49),
(2, 50),
(2, 51),
(2, 52),
(2, 85),
(2, 86),
(2, 87),
(2, 88),
(2, 129),
(2, 130),
(2, 131),
(2, 132),
(2, 189),
(2, 190),
(2, 191),
(2, 192),
(2, 209),
(2, 210),
(2, 211),
(2, 212),
(2, 217),
(2, 218),
(2, 219),
(2, 220),
(2, 229),
(2, 230),
(2, 231),
(2, 232),
(2, 242),
(2, 243),
(2, 249),
(2, 250),
(2, 251),
(2, 252),
(2, 269),
(2, 270),
(2, 271),
(2, 272),
(2, 273),
(2, 274),
(2, 275),
(2, 276),
(2, 309),
(2, 310),
(2, 311),
(2, 312),
(2, 325),
(2, 326),
(2, 327),
(2, 328),
(2, 337),
(2, 338),
(2, 339),
(2, 340),
(2, 349),
(2, 350),
(2, 351),
(2, 352),
(2, 373),
(2, 374),
(2, 375),
(2, 376),
(2, 389),
(2, 390),
(2, 391),
(2, 392),
(2, 397),
(2, 398),
(2, 399),
(2, 400),
(2, 401),
(2, 402),
(2, 403),
(2, 404),
(2, 425),
(2, 426),
(2, 427),
(2, 428),
(2, 433),
(2, 434),
(2, 435),
(2, 436),
(2, 449),
(2, 450),
(2, 451),
(2, 452),
(2, 453),
(2, 454),
(2, 455),
(2, 456),
(3, 45),
(3, 46),
(3, 47),
(3, 48),
(3, 49),
(3, 50),
(3, 51),
(3, 52),
(3, 125),
(3, 126),
(3, 127),
(3, 128),
(3, 141),
(3, 142),
(3, 143),
(3, 144),
(3, 225),
(3, 226),
(3, 227),
(3, 228),
(3, 265),
(3, 266),
(3, 267),
(3, 268),
(3, 309),
(3, 310),
(3, 311),
(3, 312),
(3, 329),
(3, 330),
(3, 331),
(3, 332),
(3, 429),
(3, 430),
(3, 431),
(3, 432),
(3, 445),
(3, 446),
(3, 447),
(3, 448),
(3, 449),
(3, 450),
(3, 451),
(3, 452),
(3, 453),
(3, 454),
(3, 455),
(3, 456),
(3, 457),
(3, 458),
(3, 459),
(3, 460),
(4, 0),
(4, 9),
(4, 10),
(4, 11),
(4, 12),
(4, 17),
(4, 18),
(4, 19),
(4, 20),
(4, 41),
(4, 42),
(4, 43),
(4, 44),
(4, 45),
(4, 46),
(4, 47),
(4, 48),
(4, 49),
(4, 50),
(4, 51),
(4, 52),
(4, 129),
(4, 130),
(4, 131),
(4, 132),
(4, 154),
(4, 181),
(4, 182),
(4, 183),
(4, 184),
(4, 189),
(4, 190),
(4, 191),
(4, 192),
(4, 209),
(4, 210),
(4, 211),
(4, 212),
(4, 217),
(4, 218),
(4, 219),
(4, 220),
(4, 229),
(4, 230),
(4, 231),
(4, 232),
(4, 237),
(4, 238),
(4, 239),
(4, 240),
(4, 242),
(4, 243),
(4, 249),
(4, 250),
(4, 251),
(4, 252),
(4, 266),
(4, 309),
(4, 310),
(4, 311),
(4, 312),
(4, 317),
(4, 318),
(4, 319),
(4, 320),
(4, 330),
(4, 349),
(4, 350),
(4, 351),
(4, 352),
(4, 401),
(4, 402),
(4, 403),
(4, 404),
(4, 437),
(4, 438),
(4, 439),
(4, 440),
(4, 445),
(4, 446),
(4, 447),
(4, 448),
(4, 453),
(4, 454),
(4, 455),
(4, 456),
(4, 457),
(4, 458),
(4, 459),
(4, 460);

-- --------------------------------------------------------

--
-- Structure de la table `pscha_accessory`
--

CREATE TABLE `pscha_accessory` (
  `id_product_1` int(10) UNSIGNED NOT NULL,
  `id_product_2` int(10) UNSIGNED NOT NULL
) ENGINE=InnoDB DEFAULT CHARSET=utf8;

-- --------------------------------------------------------

--
-- Structure de la table `pscha_address`
--

CREATE TABLE `pscha_address` (
  `id_address` int(10) UNSIGNED NOT NULL,
  `id_country` int(10) UNSIGNED NOT NULL,
  `id_state` int(10) UNSIGNED DEFAULT NULL,
  `id_customer` int(10) UNSIGNED NOT NULL DEFAULT '0',
  `id_manufacturer` int(10) UNSIGNED NOT NULL DEFAULT '0',
  `id_supplier` int(10) UNSIGNED NOT NULL DEFAULT '0',
  `id_warehouse` int(10) UNSIGNED NOT NULL DEFAULT '0',
  `alias` varchar(32) NOT NULL,
  `company` varchar(255) DEFAULT NULL,
  `lastname` varchar(255) NOT NULL,
  `firstname` varchar(255) NOT NULL,
  `address1` varchar(128) NOT NULL,
  `address2` varchar(128) DEFAULT NULL,
  `postcode` varchar(12) DEFAULT NULL,
  `city` varchar(64) NOT NULL,
  `other` text,
  `phone` varchar(32) DEFAULT NULL,
  `phone_mobile` varchar(32) DEFAULT NULL,
  `vat_number` varchar(32) DEFAULT NULL,
  `dni` varchar(16) DEFAULT NULL,
  `date_add` datetime NOT NULL,
  `date_upd` datetime NOT NULL,
  `active` tinyint(1) UNSIGNED NOT NULL DEFAULT '1',
  `deleted` tinyint(1) UNSIGNED NOT NULL DEFAULT '0'
) ENGINE=InnoDB DEFAULT CHARSET=utf8;

--
-- Déchargement des données de la table `pscha_address`
--

INSERT INTO `pscha_address` (`id_address`, `id_country`, `id_state`, `id_customer`, `id_manufacturer`, `id_supplier`, `id_warehouse`, `alias`, `company`, `lastname`, `firstname`, `address1`, `address2`, `postcode`, `city`, `other`, `phone`, `phone_mobile`, `vat_number`, `dni`, `date_add`, `date_upd`, `active`, `deleted`) VALUES
(1, 8, 0, 1, 0, 0, 0, 'Anonymous', 'Anonymous', 'Anonymous', 'Anonymous', 'Anonymous', '', '00000', 'Anonymous', '', '0000000000', '0000000000', '0000', '0000', '2020-03-25 18:29:49', '2020-03-25 18:29:49', 1, 0),
(2, 8, 0, 2, 0, 0, 0, 'Mon adresse', 'My Company', 'DOE', 'John', '16, Main street', '2nd floor', '75002', 'Paris ', '', '0102030405', '', '', '', '2020-03-25 18:30:22', '2020-03-25 18:30:22', 1, 0),
(3, 21, 35, 0, 0, 0, 0, 'supplier', 'Fashion', 'supplier', 'supplier', '767 Fifth Ave.', '', '10153', 'New York', '', '(212) 336-1440', '', '', '', '2020-03-25 18:30:22', '2020-03-25 18:30:22', 1, 0),
(4, 21, 35, 0, 1, 0, 0, 'manufacturer', 'Fashion', 'manufacturer', 'manufacturer', '767 Fifth Ave.', '', '10154', 'New York', '', '(212) 336-1666', '', '', '', '2020-03-25 18:30:22', '2020-03-25 18:30:22', 1, 0),
(5, 21, 12, 2, 0, 0, 0, 'My address', 'My Company', 'DOE', 'John', '16, Main street', '2nd floor', '33133', 'Miami', '', '0102030405', '', '', '', '2020-03-25 18:30:22', '2020-03-25 18:30:22', 1, 0);

-- --------------------------------------------------------

--
-- Structure de la table `pscha_address_format`
--

CREATE TABLE `pscha_address_format` (
  `id_country` int(10) UNSIGNED NOT NULL,
  `format` varchar(255) NOT NULL DEFAULT ''
) ENGINE=InnoDB DEFAULT CHARSET=utf8;

--
-- Déchargement des données de la table `pscha_address_format`
--

INSERT INTO `pscha_address_format` (`id_country`, `format`) VALUES
(1, 'firstname lastname\ncompany\nvat_number\naddress1\naddress2\npostcode city\nCountry:name\nphone'),
(2, 'firstname lastname\ncompany\nvat_number\naddress1\naddress2\npostcode city\nCountry:name\nphone'),
(3, 'firstname lastname\ncompany\nvat_number\naddress1\naddress2\npostcode city\nCountry:name\nphone'),
(4, 'firstname lastname\ncompany\naddress1\naddress2\ncity State:name postcode\nCountry:name\nphone'),
(5, 'firstname lastname\ncompany\nvat_number\naddress1\naddress2\npostcode city\nCountry:name\nphone'),
(6, 'firstname lastname\ncompany\nvat_number\naddress1\naddress2\npostcode city\nCountry:name\nphone'),
(7, 'firstname lastname\ncompany\nvat_number\naddress1\naddress2\npostcode city\nCountry:name\nphone'),
(8, 'firstname lastname\ncompany\nvat_number\naddress1\naddress2\npostcode city\nCountry:name\nphone'),
(9, 'firstname lastname\ncompany\nvat_number\naddress1\naddress2\npostcode city\nCountry:name\nphone'),
(10, 'firstname lastname\ncompany\nvat_number\naddress1\naddress2\npostcode city\nState:name\nCountry:name\nphone'),
(11, 'firstname lastname\ncompany\nvat_number\naddress1\naddress2\npostcode city\nState:name\nCountry:name\nphone'),
(12, 'firstname lastname\ncompany\nvat_number\naddress1\naddress2\npostcode city\nCountry:name\nphone'),
(13, 'firstname lastname\ncompany\nvat_number\naddress1\naddress2\npostcode city\nCountry:name\nphone'),
(14, 'firstname lastname\ncompany\nvat_number\naddress1\naddress2\npostcode city\nCountry:name\nphone'),
(15, 'firstname lastname\ncompany\nvat_number\naddress1\naddress2\npostcode city\nCountry:name\nphone'),
(16, 'firstname lastname\ncompany\nvat_number\naddress1\naddress2\npostcode city\nCountry:name\nphone'),
(17, 'firstname lastname\ncompany\nvat_number\naddress1\naddress2\ncity\npostcode\nCountry:name\nphone'),
(18, 'firstname lastname\ncompany\nvat_number\naddress1\naddress2\npostcode city\nCountry:name\nphone'),
(19, 'firstname lastname\ncompany\nvat_number\naddress1\naddress2\npostcode city\nCountry:name\nphone'),
(20, 'firstname lastname\ncompany\nvat_number\naddress1\naddress2\npostcode city\nCountry:name\nphone'),
(21, 'firstname lastname\ncompany\naddress1 address2\ncity, State:name postcode\nCountry:name\nphone'),
(22, 'firstname lastname\ncompany\nvat_number\naddress1\naddress2\npostcode city\nCountry:name\nphone'),
(23, 'firstname lastname\ncompany\nvat_number\naddress1\naddress2\npostcode city\nCountry:name\nphone'),
(24, 'firstname lastname\ncompany\nvat_number\naddress1\naddress2\ncity State:iso_code postcode\nCountry:name\nphone'),
(25, 'firstname lastname\ncompany\nvat_number\naddress1\naddress2\npostcode city\nCountry:name\nphone'),
(26, 'firstname lastname\ncompany\nvat_number\naddress1\naddress2\npostcode city\nCountry:name\nphone'),
(27, 'firstname lastname\ncompany\nvat_number\naddress1\naddress2\npostcode city\nCountry:name\nphone'),
(28, 'firstname lastname\ncompany\nvat_number\naddress1\naddress2\npostcode city\nCountry:name\nphone'),
(29, 'firstname lastname\ncompany\nvat_number\naddress1\naddress2\npostcode city\nCountry:name\nphone'),
(30, 'firstname lastname\ncompany\nvat_number\naddress1\naddress2\npostcode city\nCountry:name\nphone'),
(31, 'firstname lastname\ncompany\nvat_number\naddress1\naddress2\npostcode city\nCountry:name\nphone'),
(32, 'firstname lastname\ncompany\nvat_number\naddress1\naddress2\npostcode city\nCountry:name\nphone'),
(33, 'firstname lastname\ncompany\nvat_number\naddress1\naddress2\npostcode city\nCountry:name\nphone'),
(34, 'firstname lastname\ncompany\nvat_number\naddress1\naddress2\npostcode city\nCountry:name\nphone'),
(35, 'firstname lastname\ncompany\nvat_number\naddress1\naddress2\npostcode city\nCountry:name\nphone'),
(36, 'firstname lastname\ncompany\nvat_number\naddress1\naddress2\npostcode city\nCountry:name\nphone'),
(37, 'firstname lastname\ncompany\nvat_number\naddress1\naddress2\npostcode city\nCountry:name\nphone'),
(38, 'firstname lastname\ncompany\nvat_number\naddress1\naddress2\npostcode city\nCountry:name\nphone'),
(39, 'firstname lastname\ncompany\nvat_number\naddress1\naddress2\npostcode city\nCountry:name\nphone'),
(40, 'firstname lastname\ncompany\nvat_number\naddress1\naddress2\npostcode city\nCountry:name\nphone'),
(41, 'firstname lastname\ncompany\nvat_number\naddress1\naddress2\npostcode city\nCountry:name\nphone'),
(42, 'firstname lastname\ncompany\nvat_number\naddress1\naddress2\npostcode city\nCountry:name\nphone'),
(43, 'firstname lastname\ncompany\nvat_number\naddress1\naddress2\npostcode city\nCountry:name\nphone'),
(44, 'firstname lastname\ncompany\nvat_number\naddress1\naddress2\npostcode city\nState:name\nCountry:name\nphone'),
(45, 'firstname lastname\ncompany\nvat_number\naddress1\naddress2\npostcode city\nCountry:name\nphone'),
(46, 'firstname lastname\ncompany\nvat_number\naddress1\naddress2\npostcode city\nCountry:name\nphone'),
(47, 'firstname lastname\ncompany\nvat_number\naddress1\naddress2\npostcode city\nCountry:name\nphone'),
(48, 'firstname lastname\ncompany\nvat_number\naddress1\naddress2\npostcode city\nCountry:name\nphone'),
(49, 'firstname lastname\ncompany\nvat_number\naddress1\naddress2\npostcode city\nCountry:name\nphone'),
(50, 'firstname lastname\ncompany\nvat_number\naddress1\naddress2\npostcode city\nCountry:name\nphone'),
(51, 'firstname lastname\ncompany\nvat_number\naddress1\naddress2\npostcode city\nCountry:name\nphone'),
(52, 'firstname lastname\ncompany\nvat_number\naddress1\naddress2\npostcode city\nCountry:name\nphone'),
(53, 'firstname lastname\ncompany\nvat_number\naddress1\naddress2\npostcode city\nCountry:name\nphone'),
(54, 'firstname lastname\ncompany\nvat_number\naddress1\naddress2\npostcode city\nCountry:name\nphone'),
(55, 'firstname lastname\ncompany\nvat_number\naddress1\naddress2\npostcode city\nCountry:name\nphone'),
(56, 'firstname lastname\ncompany\nvat_number\naddress1\naddress2\npostcode city\nCountry:name\nphone'),
(57, 'firstname lastname\ncompany\nvat_number\naddress1\naddress2\npostcode city\nCountry:name\nphone'),
(58, 'firstname lastname\ncompany\nvat_number\naddress1\naddress2\npostcode city\nCountry:name\nphone'),
(59, 'firstname lastname\ncompany\nvat_number\naddress1\naddress2\npostcode city\nCountry:name\nphone'),
(60, 'firstname lastname\ncompany\nvat_number\naddress1\naddress2\npostcode city\nCountry:name\nphone'),
(61, 'firstname lastname\ncompany\nvat_number\naddress1\naddress2\npostcode city\nCountry:name\nphone'),
(62, 'firstname lastname\ncompany\nvat_number\naddress1\naddress2\npostcode city\nCountry:name\nphone'),
(63, 'firstname lastname\ncompany\nvat_number\naddress1\naddress2\npostcode city\nCountry:name\nphone'),
(64, 'firstname lastname\ncompany\nvat_number\naddress1\naddress2\npostcode city\nCountry:name\nphone'),
(65, 'firstname lastname\ncompany\nvat_number\naddress1\naddress2\npostcode city\nCountry:name\nphone'),
(66, 'firstname lastname\ncompany\nvat_number\naddress1\naddress2\npostcode city\nCountry:name\nphone'),
(67, 'firstname lastname\ncompany\nvat_number\naddress1\naddress2\npostcode city\nCountry:name\nphone'),
(68, 'firstname lastname\ncompany\nvat_number\naddress1\naddress2\npostcode city\nCountry:name\nphone'),
(69, 'firstname lastname\ncompany\nvat_number\naddress1\naddress2\npostcode city\nCountry:name\nphone'),
(70, 'firstname lastname\ncompany\nvat_number\naddress1\naddress2\npostcode city\nCountry:name\nphone'),
(71, 'firstname lastname\ncompany\nvat_number\naddress1\naddress2\npostcode city\nCountry:name\nphone'),
(72, 'firstname lastname\ncompany\nvat_number\naddress1\naddress2\npostcode city\nCountry:name\nphone'),
(73, 'firstname lastname\ncompany\nvat_number\naddress1\naddress2\npostcode city\nCountry:name\nphone'),
(74, 'firstname lastname\ncompany\nvat_number\naddress1\naddress2\npostcode city\nCountry:name\nphone'),
(75, 'firstname lastname\ncompany\nvat_number\naddress1\naddress2\npostcode city\nCountry:name\nphone'),
(76, 'firstname lastname\ncompany\nvat_number\naddress1\naddress2\npostcode city\nCountry:name\nphone'),
(77, 'firstname lastname\ncompany\nvat_number\naddress1\naddress2\npostcode city\nCountry:name\nphone'),
(78, 'firstname lastname\ncompany\nvat_number\naddress1\naddress2\npostcode city\nCountry:name\nphone'),
(79, 'firstname lastname\ncompany\nvat_number\naddress1\naddress2\npostcode city\nCountry:name\nphone'),
(80, 'firstname lastname\ncompany\nvat_number\naddress1\naddress2\npostcode city\nCountry:name\nphone'),
(81, 'firstname lastname\ncompany\nvat_number\naddress1\naddress2\npostcode city\nCountry:name\nphone'),
(82, 'firstname lastname\ncompany\nvat_number\naddress1\naddress2\npostcode city\nCountry:name\nphone'),
(83, 'firstname lastname\ncompany\nvat_number\naddress1\naddress2\npostcode city\nCountry:name\nphone'),
(84, 'firstname lastname\ncompany\nvat_number\naddress1\naddress2\npostcode city\nCountry:name\nphone'),
(85, 'firstname lastname\ncompany\nvat_number\naddress1\naddress2\npostcode city\nCountry:name\nphone'),
(86, 'firstname lastname\ncompany\nvat_number\naddress1\naddress2\npostcode city\nCountry:name\nphone'),
(87, 'firstname lastname\ncompany\nvat_number\naddress1\naddress2\npostcode city\nCountry:name\nphone'),
(88, 'firstname lastname\ncompany\nvat_number\naddress1\naddress2\npostcode city\nCountry:name\nphone'),
(89, 'firstname lastname\ncompany\nvat_number\naddress1\naddress2\npostcode city\nCountry:name\nphone'),
(90, 'firstname lastname\ncompany\nvat_number\naddress1\naddress2\npostcode city\nCountry:name\nphone'),
(91, 'firstname lastname\ncompany\nvat_number\naddress1\naddress2\npostcode city\nCountry:name\nphone'),
(92, 'firstname lastname\ncompany\nvat_number\naddress1\naddress2\npostcode city\nCountry:name\nphone'),
(93, 'firstname lastname\ncompany\nvat_number\naddress1\naddress2\npostcode city\nCountry:name\nphone'),
(94, 'firstname lastname\ncompany\nvat_number\naddress1\naddress2\npostcode city\nCountry:name\nphone'),
(95, 'firstname lastname\ncompany\nvat_number\naddress1\naddress2\npostcode city\nCountry:name\nphone'),
(96, 'firstname lastname\ncompany\nvat_number\naddress1\naddress2\npostcode city\nCountry:name\nphone'),
(97, 'firstname lastname\ncompany\nvat_number\naddress1\naddress2\npostcode city\nCountry:name\nphone'),
(98, 'firstname lastname\ncompany\nvat_number\naddress1\naddress2\npostcode city\nCountry:name\nphone'),
(99, 'firstname lastname\ncompany\nvat_number\naddress1\naddress2\npostcode city\nCountry:name\nphone'),
(100, 'firstname lastname\ncompany\nvat_number\naddress1\naddress2\npostcode city\nCountry:name\nphone'),
(101, 'firstname lastname\ncompany\nvat_number\naddress1\naddress2\npostcode city\nCountry:name\nphone'),
(102, 'firstname lastname\ncompany\nvat_number\naddress1\naddress2\npostcode city\nCountry:name\nphone'),
(103, 'firstname lastname\ncompany\nvat_number\naddress1\naddress2\npostcode city\nCountry:name\nphone'),
(104, 'firstname lastname\ncompany\nvat_number\naddress1\naddress2\npostcode city\nCountry:name\nphone'),
(105, 'firstname lastname\ncompany\nvat_number\naddress1\naddress2\npostcode city\nCountry:name\nphone'),
(106, 'firstname lastname\ncompany\nvat_number\naddress1\naddress2\npostcode city\nCountry:name\nphone'),
(107, 'firstname lastname\ncompany\nvat_number\naddress1\naddress2\npostcode city\nCountry:name\nphone'),
(108, 'firstname lastname\ncompany\nvat_number\naddress1\naddress2\npostcode city\nCountry:name\nphone'),
(109, 'firstname lastname\ncompany\nvat_number\naddress1\naddress2\npostcode city\nCountry:name\nphone'),
(110, 'firstname lastname\ncompany\nvat_number\naddress1\naddress2\ncity\npostcode\nState:name\nCountry:name\nphone'),
(111, 'firstname lastname\ncompany\nvat_number\naddress1\naddress2\npostcode city\nState:name\nCountry:name\nphone'),
(112, 'firstname lastname\ncompany\nvat_number\naddress1\naddress2\npostcode city\nCountry:name\nphone'),
(113, 'firstname lastname\ncompany\nvat_number\naddress1\naddress2\npostcode city\nCountry:name\nphone'),
(114, 'firstname lastname\ncompany\nvat_number\naddress1\naddress2\npostcode city\nCountry:name\nphone'),
(115, 'firstname lastname\ncompany\nvat_number\naddress1\naddress2\npostcode city\nCountry:name\nphone'),
(116, 'firstname lastname\ncompany\nvat_number\naddress1\naddress2\npostcode city\nCountry:name\nphone'),
(117, 'firstname lastname\ncompany\nvat_number\naddress1\naddress2\npostcode city\nCountry:name\nphone'),
(118, 'firstname lastname\ncompany\nvat_number\naddress1\naddress2\npostcode city\nCountry:name\nphone'),
(119, 'firstname lastname\ncompany\nvat_number\naddress1\naddress2\npostcode city\nCountry:name\nphone'),
(120, 'firstname lastname\ncompany\nvat_number\naddress1\naddress2\npostcode city\nCountry:name\nphone'),
(121, 'firstname lastname\ncompany\nvat_number\naddress1\naddress2\npostcode city\nCountry:name\nphone'),
(122, 'firstname lastname\ncompany\nvat_number\naddress1\naddress2\npostcode city\nCountry:name\nphone'),
(123, 'firstname lastname\ncompany\nvat_number\naddress1\naddress2\npostcode city\nCountry:name\nphone'),
(124, 'firstname lastname\ncompany\nvat_number\naddress1\naddress2\npostcode city\nCountry:name\nphone'),
(125, 'firstname lastname\ncompany\nvat_number\naddress1\naddress2\npostcode city\nCountry:name\nphone'),
(126, 'firstname lastname\ncompany\nvat_number\naddress1\naddress2\npostcode city\nCountry:name\nphone'),
(127, 'firstname lastname\ncompany\nvat_number\naddress1\naddress2\npostcode city\nCountry:name\nphone'),
(128, 'firstname lastname\ncompany\nvat_number\naddress1\naddress2\npostcode city\nCountry:name\nphone'),
(129, 'firstname lastname\ncompany\nvat_number\naddress1\naddress2\npostcode city\nCountry:name\nphone'),
(130, 'firstname lastname\ncompany\nvat_number\naddress1\naddress2\npostcode city\nCountry:name\nphone'),
(131, 'firstname lastname\ncompany\nvat_number\naddress1\naddress2\npostcode city\nCountry:name\nphone'),
(132, 'firstname lastname\ncompany\nvat_number\naddress1\naddress2\npostcode city\nCountry:name\nphone'),
(133, 'firstname lastname\ncompany\nvat_number\naddress1\naddress2\npostcode city\nCountry:name\nphone'),
(134, 'firstname lastname\ncompany\nvat_number\naddress1\naddress2\npostcode city\nCountry:name\nphone'),
(135, 'firstname lastname\ncompany\nvat_number\naddress1\naddress2\npostcode city\nCountry:name\nphone'),
(136, 'firstname lastname\ncompany\nvat_number\naddress1\naddress2\npostcode city\nCountry:name\nphone'),
(137, 'firstname lastname\ncompany\nvat_number\naddress1\naddress2\npostcode city\nCountry:name\nphone'),
(138, 'firstname lastname\ncompany\nvat_number\naddress1\naddress2\npostcode city\nCountry:name\nphone'),
(139, 'firstname lastname\ncompany\nvat_number\naddress1\naddress2\npostcode city\nCountry:name\nphone'),
(140, 'firstname lastname\ncompany\nvat_number\naddress1\naddress2\npostcode city\nCountry:name\nphone'),
(141, 'firstname lastname\ncompany\nvat_number\naddress1\naddress2\npostcode city\nCountry:name\nphone'),
(142, 'firstname lastname\ncompany\nvat_number\naddress1\naddress2\npostcode city\nCountry:name\nphone'),
(143, 'firstname lastname\ncompany\nvat_number\naddress1\naddress2\npostcode city\nCountry:name\nphone'),
(144, 'firstname lastname\ncompany\nvat_number\naddress1\naddress2\npostcode city\nCountry:name\nphone'),
(145, 'firstname lastname\ncompany\nvat_number\naddress1\naddress2\npostcode city\nState:name\nCountry:name\nphone'),
(146, 'firstname lastname\ncompany\nvat_number\naddress1\naddress2\npostcode city\nCountry:name\nphone'),
(147, 'firstname lastname\ncompany\nvat_number\naddress1\naddress2\npostcode city\nCountry:name\nphone'),
(148, 'firstname lastname\ncompany\nvat_number\naddress1\naddress2\npostcode city\nCountry:name\nphone'),
(149, 'firstname lastname\ncompany\nvat_number\naddress1\naddress2\npostcode city\nCountry:name\nphone'),
(150, 'firstname lastname\ncompany\nvat_number\naddress1\naddress2\npostcode city\nCountry:name\nphone'),
(151, 'firstname lastname\ncompany\nvat_number\naddress1\naddress2\npostcode city\nCountry:name\nphone'),
(152, 'firstname lastname\ncompany\nvat_number\naddress1\naddress2\npostcode city\nCountry:name\nphone'),
(153, 'firstname lastname\ncompany\nvat_number\naddress1\naddress2\npostcode city\nCountry:name\nphone'),
(154, 'firstname lastname\ncompany\nvat_number\naddress1\naddress2\npostcode city\nCountry:name\nphone'),
(155, 'firstname lastname\ncompany\nvat_number\naddress1\naddress2\npostcode city\nCountry:name\nphone'),
(156, 'firstname lastname\ncompany\nvat_number\naddress1\naddress2\npostcode city\nCountry:name\nphone'),
(157, 'firstname lastname\ncompany\nvat_number\naddress1\naddress2\npostcode city\nCountry:name\nphone'),
(158, 'firstname lastname\ncompany\nvat_number\naddress1\naddress2\npostcode city\nCountry:name\nphone'),
(159, 'firstname lastname\ncompany\nvat_number\naddress1\naddress2\npostcode city\nCountry:name\nphone'),
(160, 'firstname lastname\ncompany\nvat_number\naddress1\naddress2\npostcode city\nCountry:name\nphone'),
(161, 'firstname lastname\ncompany\nvat_number\naddress1\naddress2\npostcode city\nCountry:name\nphone'),
(162, 'firstname lastname\ncompany\nvat_number\naddress1\naddress2\npostcode city\nCountry:name\nphone'),
(163, 'firstname lastname\ncompany\nvat_number\naddress1\naddress2\npostcode city\nCountry:name\nphone'),
(164, 'firstname lastname\ncompany\nvat_number\naddress1\naddress2\npostcode city\nCountry:name\nphone'),
(165, 'firstname lastname\ncompany\nvat_number\naddress1\naddress2\npostcode city\nCountry:name\nphone'),
(166, 'firstname lastname\ncompany\nvat_number\naddress1\naddress2\npostcode city\nCountry:name\nphone'),
(167, 'firstname lastname\ncompany\nvat_number\naddress1\naddress2\npostcode city\nCountry:name\nphone'),
(168, 'firstname lastname\ncompany\nvat_number\naddress1\naddress2\npostcode city\nCountry:name\nphone'),
(169, 'firstname lastname\ncompany\nvat_number\naddress1\naddress2\npostcode city\nCountry:name\nphone'),
(170, 'firstname lastname\ncompany\nvat_number\naddress1\naddress2\npostcode city\nCountry:name\nphone'),
(171, 'firstname lastname\ncompany\nvat_number\naddress1\naddress2\npostcode city\nCountry:name\nphone'),
(172, 'firstname lastname\ncompany\nvat_number\naddress1\naddress2\npostcode city\nCountry:name\nphone'),
(173, 'firstname lastname\ncompany\nvat_number\naddress1\naddress2\npostcode city\nCountry:name\nphone'),
(174, 'firstname lastname\ncompany\nvat_number\naddress1\naddress2\npostcode city\nCountry:name\nphone'),
(175, 'firstname lastname\ncompany\nvat_number\naddress1\naddress2\npostcode city\nCountry:name\nphone'),
(176, 'firstname lastname\ncompany\nvat_number\naddress1\naddress2\npostcode city\nCountry:name\nphone'),
(177, 'firstname lastname\ncompany\nvat_number\naddress1\naddress2\npostcode city\nCountry:name\nphone'),
(178, 'firstname lastname\ncompany\nvat_number\naddress1\naddress2\npostcode city\nCountry:name\nphone'),
(179, 'firstname lastname\ncompany\nvat_number\naddress1\naddress2\npostcode city\nCountry:name\nphone'),
(180, 'firstname lastname\ncompany\nvat_number\naddress1\naddress2\npostcode city\nCountry:name\nphone'),
(181, 'firstname lastname\ncompany\nvat_number\naddress1\naddress2\npostcode city\nCountry:name\nphone'),
(182, 'firstname lastname\ncompany\nvat_number\naddress1\naddress2\npostcode city\nCountry:name\nphone'),
(183, 'firstname lastname\ncompany\nvat_number\naddress1\naddress2\npostcode city\nCountry:name\nphone'),
(184, 'firstname lastname\ncompany\nvat_number\naddress1\naddress2\npostcode city\nCountry:name\nphone'),
(185, 'firstname lastname\ncompany\nvat_number\naddress1\naddress2\npostcode city\nCountry:name\nphone'),
(186, 'firstname lastname\ncompany\nvat_number\naddress1\naddress2\npostcode city\nCountry:name\nphone'),
(187, 'firstname lastname\ncompany\nvat_number\naddress1\naddress2\npostcode city\nCountry:name\nphone'),
(188, 'firstname lastname\ncompany\nvat_number\naddress1\naddress2\npostcode city\nCountry:name\nphone'),
(189, 'firstname lastname\ncompany\nvat_number\naddress1\naddress2\npostcode city\nCountry:name\nphone'),
(190, 'firstname lastname\ncompany\nvat_number\naddress1\naddress2\npostcode city\nCountry:name\nphone'),
(191, 'firstname lastname\ncompany\nvat_number\naddress1\naddress2\npostcode city\nCountry:name\nphone'),
(192, 'firstname lastname\ncompany\nvat_number\naddress1\naddress2\npostcode city\nCountry:name\nphone'),
(193, 'firstname lastname\ncompany\nvat_number\naddress1\naddress2\npostcode city\nCountry:name\nphone'),
(194, 'firstname lastname\ncompany\nvat_number\naddress1\naddress2\npostcode city\nCountry:name\nphone'),
(195, 'firstname lastname\ncompany\nvat_number\naddress1\naddress2\npostcode city\nCountry:name\nphone'),
(196, 'firstname lastname\ncompany\nvat_number\naddress1\naddress2\npostcode city\nCountry:name\nphone'),
(197, 'firstname lastname\ncompany\nvat_number\naddress1\naddress2\npostcode city\nCountry:name\nphone'),
(198, 'firstname lastname\ncompany\nvat_number\naddress1\naddress2\npostcode city\nCountry:name\nphone'),
(199, 'firstname lastname\ncompany\nvat_number\naddress1\naddress2\npostcode city\nCountry:name\nphone'),
(200, 'firstname lastname\ncompany\nvat_number\naddress1\naddress2\npostcode city\nCountry:name\nphone'),
(201, 'firstname lastname\ncompany\nvat_number\naddress1\naddress2\npostcode city\nCountry:name\nphone'),
(202, 'firstname lastname\ncompany\nvat_number\naddress1\naddress2\npostcode city\nCountry:name\nphone'),
(203, 'firstname lastname\ncompany\nvat_number\naddress1\naddress2\npostcode city\nCountry:name\nphone'),
(204, 'firstname lastname\ncompany\nvat_number\naddress1\naddress2\npostcode city\nCountry:name\nphone'),
(205, 'firstname lastname\ncompany\nvat_number\naddress1\naddress2\npostcode city\nCountry:name\nphone'),
(206, 'firstname lastname\ncompany\nvat_number\naddress1\naddress2\npostcode city\nCountry:name\nphone'),
(207, 'firstname lastname\ncompany\nvat_number\naddress1\naddress2\npostcode city\nCountry:name\nphone'),
(208, 'firstname lastname\ncompany\nvat_number\naddress1\naddress2\npostcode city\nCountry:name\nphone'),
(209, 'firstname lastname\ncompany\nvat_number\naddress1\naddress2\npostcode city\nCountry:name\nphone'),
(210, 'firstname lastname\ncompany\nvat_number\naddress1\naddress2\npostcode city\nCountry:name\nphone'),
(211, 'firstname lastname\ncompany\nvat_number\naddress1\naddress2\npostcode city\nCountry:name\nphone'),
(212, 'firstname lastname\ncompany\nvat_number\naddress1\naddress2\npostcode city\nCountry:name\nphone'),
(213, 'firstname lastname\ncompany\nvat_number\naddress1\naddress2\npostcode city\nCountry:name\nphone'),
(214, 'firstname lastname\ncompany\nvat_number\naddress1\naddress2\npostcode city\nCountry:name\nphone'),
(215, 'firstname lastname\ncompany\nvat_number\naddress1\naddress2\npostcode city\nCountry:name\nphone'),
(216, 'firstname lastname\ncompany\nvat_number\naddress1\naddress2\npostcode city\nCountry:name\nphone'),
(217, 'firstname lastname\ncompany\nvat_number\naddress1\naddress2\npostcode city\nCountry:name\nphone'),
(218, 'firstname lastname\ncompany\nvat_number\naddress1\naddress2\npostcode city\nCountry:name\nphone'),
(219, 'firstname lastname\ncompany\nvat_number\naddress1\naddress2\npostcode city\nCountry:name\nphone'),
(220, 'firstname lastname\ncompany\nvat_number\naddress1\naddress2\npostcode city\nCountry:name\nphone'),
(221, 'firstname lastname\ncompany\nvat_number\naddress1\naddress2\npostcode city\nCountry:name\nphone'),
(222, 'firstname lastname\ncompany\nvat_number\naddress1\naddress2\npostcode city\nCountry:name\nphone'),
(223, 'firstname lastname\ncompany\nvat_number\naddress1\naddress2\npostcode city\nCountry:name\nphone'),
(224, 'firstname lastname\ncompany\nvat_number\naddress1\naddress2\npostcode city\nCountry:name\nphone'),
(225, 'firstname lastname\ncompany\nvat_number\naddress1\naddress2\npostcode city\nCountry:name\nphone'),
(226, 'firstname lastname\ncompany\nvat_number\naddress1\naddress2\npostcode city\nCountry:name\nphone'),
(227, 'firstname lastname\ncompany\nvat_number\naddress1\naddress2\npostcode city\nCountry:name\nphone'),
(228, 'firstname lastname\ncompany\nvat_number\naddress1\naddress2\npostcode city\nCountry:name\nphone'),
(229, 'firstname lastname\ncompany\nvat_number\naddress1\naddress2\npostcode city\nCountry:name\nphone'),
(230, 'firstname lastname\ncompany\nvat_number\naddress1\naddress2\npostcode city\nCountry:name\nphone'),
(231, 'firstname lastname\ncompany\nvat_number\naddress1\naddress2\npostcode city\nCountry:name\nphone'),
(232, 'firstname lastname\ncompany\nvat_number\naddress1\naddress2\npostcode city\nCountry:name\nphone'),
(233, 'firstname lastname\ncompany\nvat_number\naddress1\naddress2\npostcode city\nCountry:name\nphone'),
(234, 'firstname lastname\ncompany\nvat_number\naddress1\naddress2\npostcode city\nCountry:name\nphone'),
(235, 'firstname lastname\ncompany\nvat_number\naddress1\naddress2\npostcode city\nCountry:name\nphone'),
(236, 'firstname lastname\ncompany\nvat_number\naddress1\naddress2\npostcode city\nCountry:name\nphone'),
(237, 'firstname lastname\ncompany\nvat_number\naddress1\naddress2\npostcode city\nCountry:name\nphone'),
(238, 'firstname lastname\ncompany\nvat_number\naddress1\naddress2\npostcode city\nCountry:name\nphone'),
(239, 'firstname lastname\ncompany\nvat_number\naddress1\naddress2\npostcode city\nCountry:name\nphone'),
(240, 'firstname lastname\ncompany\nvat_number\naddress1\naddress2\npostcode city\nCountry:name\nphone'),
(241, 'firstname lastname\ncompany\nvat_number\naddress1\naddress2\npostcode city\nCountry:name\nphone'),
(242, 'firstname lastname\ncompany\nvat_number\naddress1\naddress2\npostcode city\nCountry:name\nphone'),
(243, 'firstname lastname\ncompany\nvat_number\naddress1\naddress2\npostcode city\nCountry:name\nphone'),
(244, 'firstname lastname\ncompany\nvat_number\naddress1\naddress2\npostcode city\nCountry:name\nphone');

-- --------------------------------------------------------

--
-- Structure de la table `pscha_admin_filter`
--

CREATE TABLE `pscha_admin_filter` (
  `id` int(11) NOT NULL,
  `employee` int(11) NOT NULL,
  `shop` int(11) NOT NULL,
  `controller` varchar(60) COLLATE utf8_unicode_ci NOT NULL,
  `action` varchar(100) COLLATE utf8_unicode_ci NOT NULL,
  `filter` longtext COLLATE utf8_unicode_ci NOT NULL,
  `filter_id` varchar(255) COLLATE utf8_unicode_ci NOT NULL
) ENGINE=InnoDB DEFAULT CHARSET=utf8 COLLATE=utf8_unicode_ci;

--
-- Déchargement des données de la table `pscha_admin_filter`
--

INSERT INTO `pscha_admin_filter` (`id`, `employee`, `shop`, `controller`, `action`, `filter`, `filter_id`) VALUES
(1, 1, 1, 'ProductController', 'catalogAction', '{\"filter_category\":\"\",\"filter_column_id_product\":\"\",\"filter_column_name\":\"\",\"filter_column_reference\":\"\",\"filter_column_name_category\":\"\",\"filter_column_price\":\"\",\"filter_column_sav_quantity\":\"\",\"filter_column_active\":\"\",\"last_offset\":\"0\",\"last_limit\":\"20\",\"last_orderBy\":\"id_product\",\"last_sortOrder\":\"desc\"}', '');

-- --------------------------------------------------------

--
-- Structure de la table `pscha_advice`
--

CREATE TABLE `pscha_advice` (
  `id_advice` int(11) NOT NULL,
  `id_ps_advice` int(11) NOT NULL,
  `id_tab` int(11) NOT NULL,
  `ids_tab` text,
  `validated` tinyint(1) UNSIGNED NOT NULL DEFAULT '0',
  `hide` tinyint(1) NOT NULL DEFAULT '0',
  `location` enum('after','before') NOT NULL,
  `selector` varchar(255) DEFAULT NULL,
  `start_day` int(11) NOT NULL DEFAULT '0',
  `stop_day` int(11) NOT NULL DEFAULT '0',
  `weight` int(11) DEFAULT '1'
) ENGINE=InnoDB DEFAULT CHARSET=utf8;

--
-- Déchargement des données de la table `pscha_advice`
--

INSERT INTO `pscha_advice` (`id_advice`, `id_ps_advice`, `id_tab`, `ids_tab`, `validated`, `hide`, `location`, `selector`, `start_day`, `stop_day`, `weight`) VALUES
(14, 822, 1, NULL, 1, 0, 'after', '#dashtrends', 0, 0, 1),
(15, 830, 1, NULL, 1, 0, 'after', '#dashtrends', 0, 0, 1),
(16, 728, 1, NULL, 1, 0, 'after', '#dashtrends', 0, 0, 1),
(17, 805, 1, NULL, 1, 0, 'after', '#dashtrends', 0, 0, 1),
(18, 853, 1, NULL, 1, 0, 'after', '#dashtrends', 0, 0, 1),
(19, 811, 1, NULL, 1, 0, 'after', '#dashtrends', 0, 0, 1),
(20, 674, 1, NULL, 1, 0, 'after', '#dashtrends', 0, 0, 1),
(21, 765, 1, NULL, 1, 0, 'after', '#dashtrends', 0, 0, 1),
(22, 828, 1, NULL, 1, 0, 'after', '.dash_news', 0, 0, 1),
(23, 823, 1, NULL, 1, 0, 'after', '.dash_news', 0, 0, 1),
(24, 694, 1, NULL, 1, 0, 'after', '.dash_news', 0, 0, 1),
(25, 515, 1, NULL, 1, 0, 'after', '.dash_news', 0, 0, 1),
(26, 518, 1, NULL, 1, 0, 'after', '.dash_news', 0, 0, 1);

-- --------------------------------------------------------

--
-- Structure de la table `pscha_advice_lang`
--

CREATE TABLE `pscha_advice_lang` (
  `id_advice` int(11) NOT NULL,
  `id_lang` int(11) NOT NULL,
  `html` text
) ENGINE=InnoDB DEFAULT CHARSET=utf8;

--
-- Déchargement des données de la table `pscha_advice_lang`
--

INSERT INTO `pscha_advice_lang` (`id_advice`, `id_lang`, `html`) VALUES
(14, 1, '<div id=\"wrap_id_advice_822\">\n            <div class=\"col-lg-6\">\n              <section id=\"\" class=\"panel panel-advice\" style=\"position: relative; padding: 10px; min-height: 75px;\">\n                <a href=\"#\" id=\"822\" class=\"close_link gamification_premium_close\" style=\"display: none; position: absolute; top: 10px; right: 10px;\">\n                  <i class=\"icon-remove\"></i>\n                </a>\n                <span class=\"gamification-close-confirmation hide\">\n                  Etes vous sur ?\n                  <button class=\"btn btn-default btn-sm\" data-advice=\"delete\">\n                    <i class=\"icon-trash\"></i>Supprimer\n                  </button>\n                  <button class=\"btn btn-default btn-sm\" data-advice=\"cancel\">Annuler</button>\n                </span>\n                <a class=\"preactivationLink row\" rel=\"amzpayments\" href=\"{link}AdminModules{/link}&install=amzpayments&module_name=amzpayments&redirectconfig\" style=\"display: table; margin: 0; text-decoration: none;\">\n                  <img src=\"https://storage.googleapis.com/production-gamification-assets/premium/amzpayments3.png\" class=\"advice-img img-thumbnail\">\n                  <img src=\"https://gamification.prestashop.com/api/getAdviceImg/822.png\" class=\"hide\">\n                  <p class=\"advice-description\" style=\"padding: 0 20px; display: table-cell; vertical-align: middle;\">Une expérience de paiement optimisée pour augmenter le taux de conversion.</p>\n                </a>\n              </section>\n            </div>\n            <script>\n              $(document).ready( function () {\n                var link = $(\'#wrap_id_advice_822 .preactivationLink\')[0].href;\n                link = encodeURIComponent(link);\n                var newUrl = \'https://gamification.prestashop.com/get_advice_link.php?id_advice=822&url=\'+link;\n                $(\'#wrap_id_advice_822 .preactivationLink\')[0].href = newUrl;\n              });\n            </script>\n          </div>'),
(15, 1, '<div id=\"wrap_id_advice_830\">\n            <div class=\"col-lg-6\">\n              <section id=\"\" class=\"panel panel-advice\" style=\"position: relative; padding: 10px; min-height: 75px;\">\n                <a href=\"#\" id=\"830\" class=\"close_link gamification_premium_close\" style=\"display: none; position: absolute; top: 10px; right: 10px;\">\n                  <i class=\"icon-remove\"></i>\n                </a>\n                <span class=\"gamification-close-confirmation hide\">\n                  Etes vous sur ?\n                  <button class=\"btn btn-default btn-sm\" data-advice=\"delete\">\n                    <i class=\"icon-trash\"></i>Supprimer\n                  </button>\n                  <button class=\"btn btn-default btn-sm\" data-advice=\"cancel\">Annuler</button>\n                </span>\n                <a class=\"preactivationLink row\" rel=\"cleverreach\" href=\"{link}AdminModules{/link}&install=cleverreach&module_name=cleverreach&redirectconfig\" style=\"display: table; margin: 0; text-decoration: none;\">\n                  <img src=\"https://storage.googleapis.com/production-gamification-assets/premium/cleverreach.png\" class=\"advice-img img-thumbnail\">\n                  <img src=\"https://gamification.prestashop.com/api/getAdviceImg/830.png\" class=\"hide\">\n                  <p class=\"advice-description\" style=\"padding: 0 20px; display: table-cell; vertical-align: middle;\">L´option intelligente. Cliquez maintenant & testez gratuitement.<br/></p>\n                </a>\n              </section>\n            </div>\n            <script>\n              $(document).ready( function () {\n                var link = $(\'#wrap_id_advice_830 .preactivationLink\')[0].href;\n                link = encodeURIComponent(link);\n                var newUrl = \'https://gamification.prestashop.com/get_advice_link.php?id_advice=830&url=\'+link;\n                $(\'#wrap_id_advice_830 .preactivationLink\')[0].href = newUrl;\n              });\n            </script>\n          </div>'),
(16, 1, '<div id=\"wrap_id_advice_728\">\n            <div class=\"col-lg-6\">\n              <section id=\"\" class=\"panel panel-advice\" style=\"position: relative; padding: 10px; min-height: 75px;\">\n                <a href=\"#\" id=\"728\" class=\"close_link gamification_premium_close\" style=\"display: none; position: absolute; top: 10px; right: 10px;\">\n                  <i class=\"icon-remove\"></i>\n                </a>\n                <span class=\"gamification-close-confirmation hide\">\n                  Etes vous sur ?\n                  <button class=\"btn btn-default btn-sm\" data-advice=\"delete\">\n                    <i class=\"icon-trash\"></i>Supprimer\n                  </button>\n                  <button class=\"btn btn-default btn-sm\" data-advice=\"cancel\">Annuler</button>\n                </span>\n                <a class=\"preactivationLink row\" rel=\"hipay_professional\" href=\"{link}AdminModules{/link}&install=hipay_professional&module_name=hipay_professional&redirectconfig\" style=\"display: table; margin: 0; text-decoration: none;\">\n                  <img src=\"https://storage.googleapis.com/production-gamification-assets/premium/hipay3_fr.png\" class=\"advice-img img-thumbnail\">\n                  <img src=\"https://gamification.prestashop.com/api/getAdviceImg/728.png\" class=\"hide\">\n                  <p class=\"advice-description\" style=\"padding: 0 20px; display: table-cell; vertical-align: middle;\">Des paiements simples avec un système anti-fraude intégré<br/></p>\n                </a>\n              </section>\n            </div>\n            <script>\n              $(document).ready( function () {\n                var link = $(\'#wrap_id_advice_728 .preactivationLink\')[0].href;\n                link = encodeURIComponent(link);\n                var newUrl = \'https://gamification.prestashop.com/get_advice_link.php?id_advice=728&url=\'+link;\n                $(\'#wrap_id_advice_728 .preactivationLink\')[0].href = newUrl;\n              });\n            </script>\n          </div>'),
(17, 1, '<div id=\"wrap_id_advice_805\">\n            <div class=\"col-lg-6\">\n              <section id=\"\" class=\"panel panel-advice\" style=\"position: relative; padding: 10px; min-height: 75px;\">\n                <a href=\"#\" id=\"805\" class=\"close_link gamification_premium_close\" style=\"display: none; position: absolute; top: 10px; right: 10px;\">\n                  <i class=\"icon-remove\"></i>\n                </a>\n                <span class=\"gamification-close-confirmation hide\">\n                  Etes vous sur ?\n                  <button class=\"btn btn-default btn-sm\" data-advice=\"delete\">\n                    <i class=\"icon-trash\"></i>Supprimer\n                  </button>\n                  <button class=\"btn btn-default btn-sm\" data-advice=\"cancel\">Annuler</button>\n                </span>\n                <a class=\"preactivationLink row\" rel=\"iziflux\" href=\"{link}AdminModules{/link}&install=iziflux&module_name=iziflux&redirectconfig\" style=\"display: table; margin: 0; text-decoration: none;\">\n                  <img src=\"https://storage.googleapis.com/production-gamification-assets/premium/iziflux.png\" class=\"advice-img img-thumbnail\">\n                  <img src=\"https://gamification.prestashop.com/api/getAdviceImg/805.png\" class=\"hide\">\n                  <p class=\"advice-description\" style=\"padding: 0 20px; display: table-cell; vertical-align: middle;\">Vendez sur les marketplaces et boostez votre CA, 2 mois d\'essai gratuit. Configurez maintenant<br/></p>\n                </a>\n              </section>\n            </div>\n            <script>\n              $(document).ready( function () {\n                var link = $(\'#wrap_id_advice_805 .preactivationLink\')[0].href;\n                link = encodeURIComponent(link);\n                var newUrl = \'https://gamification.prestashop.com/get_advice_link.php?id_advice=805&url=\'+link;\n                $(\'#wrap_id_advice_805 .preactivationLink\')[0].href = newUrl;\n              });\n            </script>\n          </div>'),
(18, 1, '<div id=\"wrap_id_advice_853\">\n            <div class=\"col-lg-6\">\n              <section id=\"\" class=\"panel panel-advice\" style=\"position: relative; padding: 10px; min-height: 75px;\">\n                <a href=\"#\" id=\"853\" class=\"close_link gamification_premium_close\" style=\"display: none; position: absolute; top: 10px; right: 10px;\">\n                  <i class=\"icon-remove\"></i>\n                </a>\n                <span class=\"gamification-close-confirmation hide\">\n                  Etes vous sur ?\n                  <button class=\"btn btn-default btn-sm\" data-advice=\"delete\">\n                    <i class=\"icon-trash\"></i>Supprimer\n                  </button>\n                  <button class=\"btn btn-default btn-sm\" data-advice=\"cancel\">Annuler</button>\n                </span>\n                <a class=\"preactivationLink row\" rel=\"mailchimp\" href=\"{link}AdminModules{/link}&install=mailchimp&module_name=mailchimp&redirectconfig\" style=\"display: table; margin: 0; text-decoration: none;\">\n                  <img src=\"https://storage.googleapis.com/production-gamification-assets/premium/mailchimp.png\" class=\"advice-img img-thumbnail\">\n                  <img src=\"https://gamification.prestashop.com/api/getAdviceImg/853.png\" class=\"hide\">\n                  <p class=\"advice-description\" style=\"padding: 0 20px; display: table-cell; vertical-align: middle;\">Augmentez vos ventes et connectez vos clients avec les outils de MailChimp. Configure now</p>\n                </a>\n              </section>\n            </div>\n            <script>\n              $(document).ready( function () {\n                var link = $(\'#wrap_id_advice_853 .preactivationLink\')[0].href;\n                link = encodeURIComponent(link);\n                var newUrl = \'https://gamification.prestashop.com/get_advice_link.php?id_advice=853&url=\'+link;\n                $(\'#wrap_id_advice_853 .preactivationLink\')[0].href = newUrl;\n              });\n            </script>\n          </div>'),
(19, 1, '<div id=\"wrap_id_advice_811\">\n            <div class=\"col-lg-6\">\n              <section id=\"\" class=\"panel panel-advice\" style=\"position: relative; padding: 10px; min-height: 75px;\">\n                <a href=\"#\" id=\"811\" class=\"close_link gamification_premium_close\" style=\"display: none; position: absolute; top: 10px; right: 10px;\">\n                  <i class=\"icon-remove\"></i>\n                </a>\n                <span class=\"gamification-close-confirmation hide\">\n                  Etes vous sur ?\n                  <button class=\"btn btn-default btn-sm\" data-advice=\"delete\">\n                    <i class=\"icon-trash\"></i>Supprimer\n                  </button>\n                  <button class=\"btn btn-default btn-sm\" data-advice=\"cancel\">Annuler</button>\n                </span>\n                <a class=\"preactivationLink row\" rel=\"payplug\" href=\"{link}AdminModules{/link}&install=payplug&module_name=payplug&redirectconfig\" style=\"display: table; margin: 0; text-decoration: none;\">\n                  <img src=\"https://storage.googleapis.com/production-gamification-assets/premium/payplug2.png?1533227796351\" class=\"advice-img img-thumbnail\">\n                  <img src=\"https://gamification.prestashop.com/api/getAdviceImg/811.png\" class=\"hide\">\n                  <p class=\"advice-description\" style=\"padding: 0 20px; display: table-cell; vertical-align: middle;\">Solution de paiement en ligne qui combine simplicité et accompagnement pour booster vos ventes</p>\n                </a>\n              </section>\n            </div>\n            <script>\n              $(document).ready( function () {\n                var link = $(\'#wrap_id_advice_811 .preactivationLink\')[0].href;\n                link = encodeURIComponent(link);\n                var newUrl = \'https://gamification.prestashop.com/get_advice_link.php?id_advice=811&url=\'+link;\n                $(\'#wrap_id_advice_811 .preactivationLink\')[0].href = newUrl;\n              });\n            </script>\n          </div>'),
(20, 1, '<div id=\"wrap_id_advice_674\">\n            <div class=\"col-lg-6\">\n              <section id=\"\" class=\"panel panel-advice\" style=\"position: relative; padding: 10px; min-height: 75px;\">\n                <a href=\"#\" id=\"674\" class=\"close_link gamification_premium_close\" style=\"display: none; position: absolute; top: 10px; right: 10px;\">\n                  <i class=\"icon-remove\"></i>\n                </a>\n                <span class=\"gamification-close-confirmation hide\">\n                  Etes vous sur ?\n                  <button class=\"btn btn-default btn-sm\" data-advice=\"delete\">\n                    <i class=\"icon-trash\"></i>Supprimer\n                  </button>\n                  <button class=\"btn btn-default btn-sm\" data-advice=\"cancel\">Annuler</button>\n                </span>\n                <a class=\"preactivationLink row\" rel=\"sendinblue\" href=\"{link}AdminModules{/link}&install=sendinblue&module_name=sendinblue&redirectconfig\" style=\"display: table; margin: 0; text-decoration: none;\">\n                  <img src=\"https://storage.googleapis.com/production-gamification-assets/premium/sendinblue.png\" class=\"advice-img img-thumbnail\">\n                  <img src=\"https://gamification.prestashop.com/api/getAdviceImg/674.png\" class=\"hide\">\n                  <p class=\"advice-description\" style=\"padding: 0 20px; display: table-cell; vertical-align: middle;\">Gérez facilement vos campagnes mails, newsletter, SMS sur une seule plateforme<br/></p>\n                </a>\n              </section>\n            </div>\n            <script>\n              $(document).ready( function () {\n                var link = $(\'#wrap_id_advice_674 .preactivationLink\')[0].href;\n                link = encodeURIComponent(link);\n                var newUrl = \'https://gamification.prestashop.com/get_advice_link.php?id_advice=674&url=\'+link;\n                $(\'#wrap_id_advice_674 .preactivationLink\')[0].href = newUrl;\n              });\n            </script>\n          </div>'),
(21, 1, '<div id=\"wrap_id_advice_765\">\n            <div class=\"col-lg-6\">\n              <section id=\"\" class=\"panel panel-advice\" style=\"position: relative; padding: 10px; min-height: 75px;\">\n                <a href=\"#\" id=\"765\" class=\"close_link gamification_premium_close\" style=\"display: none; position: absolute; top: 10px; right: 10px;\">\n                  <i class=\"icon-remove\"></i>\n                </a>\n                <span class=\"gamification-close-confirmation hide\">\n                  Etes vous sur ?\n                  <button class=\"btn btn-default btn-sm\" data-advice=\"delete\">\n                    <i class=\"icon-trash\"></i>Supprimer\n                  </button>\n                  <button class=\"btn btn-default btn-sm\" data-advice=\"cancel\">Annuler</button>\n                </span>\n                <a class=\"preactivationLink row\" rel=\"skrill\" href=\"{link}AdminModules{/link}&install=skrill&module_name=skrill&redirectconfig\" style=\"display: table; margin: 0; text-decoration: none;\">\n                  <img src=\"https://storage.googleapis.com/production-gamification-assets/premium/skrill.png?1580726177957\" class=\"advice-img img-thumbnail\">\n                  <img src=\"https://gamification.prestashop.com/api/getAdviceImg/765.png\" class=\"hide\">\n                  <p class=\"advice-description\" style=\"padding: 0 20px; display: table-cell; vertical-align: middle;\">Inscrivez-vous à Skrill pour des paiements transfrontaliers rapides et sûrs</p>\n                </a>\n              </section>\n            </div>\n            <script>\n              $(document).ready( function () {\n                var link = $(\'#wrap_id_advice_765 .preactivationLink\')[0].href;\n                link = encodeURIComponent(link);\n                var newUrl = \'https://gamification.prestashop.com/get_advice_link.php?id_advice=765&url=\'+link;\n                $(\'#wrap_id_advice_765 .preactivationLink\')[0].href = newUrl;\n              });\n            </script>\n          </div>'),
(22, 1, ' <div id=\"wrap_id_advice_828\"> <section id=\"0_adroll\" class=\"panel\" style=\"display:none\"> <header class=\"panel-heading\"> <span class=\"icon-lightbulb\"></span> Conseil du jour </header> <div class=\"panel-body\" style=\"padding:0\"> <img class=\"img-responsive\" src=\"https://storage.googleapis.com/production-gamification-assets/tips/adroll.png\" style=\"float:right; margin-left: 5px;\"> <img src=\"https://gamification.prestashop.com/api/getAdviceImg/828.png\"/> <p> <b>Saviez-vous que plus de 40% des consommateurs commencent leur shopping de Noël dès le mois d\'octobre ?</b> </p> <p> Utilisez AdRoll pour recibler les visiteurs sur l\'ensemble du Web, des appareils mobiles et de Facebook et réduire l\'abandon des paniers d\'achat. Commencer à cibler vos clients dès aujourd\'hui en 1 clic ! </p> <span class=\"text-right\" style=\"float:right\"> <a class=\"btn btn-default\" target=\"_blank\" href=\"https://gamification.prestashop.com/get_advice_link.php?id_advice=828&url=https://addons.prestashop.com/fr/remarketing-paniers-abandonnes/26551-adroll-product-recommendations-cart-abandonment.html%3Futm_source%3Dback-office%26utm_medium%3Dtipoftheday%26utm_campaign%3Dpartenariats%26utm_content%3Dadroll\"> Envie d\'en savoir plus ? </a> </span> </div> </section><script> $(document).ready( function () { $(\'#\'+rand(0)+\'_adroll\').show(); }); function rand(nbr){ return Math.floor(Math.random()*(nbr+1)); } </script> </div>'),
(23, 1, ' <div id=\"wrap_id_advice_823\"> <section id=\"0_amzpayments\" class=\"panel\" style=\"display:none\"> <header class=\"panel-heading\"> <span class=\"icon-lightbulb\"></span> Conseil du jour </header> <div class=\"panel-body\" style=\"padding:0\"> <img class=\"img-responsive\" src=\"https://storage.googleapis.com/production-gamification-assets/tips/amzpayments.png\" style=\"float:right; margin-left: 5px;\"> <img src=\"https://gamification.prestashop.com/api/getAdviceImg/823.png\"/> <p> <b>Savez-vous que vous pouvez augmenter votre taux de conversion de 35% en optimisant l\'expérience de paiement?</b> </p> <p> Notre solution de paiement permet à vos acheteurs d\'utiliser leur compte Amazon pour payer sur votre site. Inscrivez-vous dès maintenant à Amazon Pay et aidez votre site à mieux convertir. </p> <span class=\"text-right\" style=\"float:right\"> <a class=\"btn btn-default\" target=\"_blank\" href=\"https://gamification.prestashop.com/get_advice_link.php?id_advice=823&url=https://pay.amazon.com/fr/signup?ld=spexfrapa-Tip-ba-pre&ref=ms_fr_ap_np_sp_tipp_b1_xx_ba_pre%3Futm_source%3Dback-office%26utm_medium%3Dtipoftheday%26utm_campaign%3Dpartenariats%26utm_content%3Damzpayments\"> En savoir plus </a> </span> </div> </section><script> $(document).ready( function () { $(\'#\'+rand(0)+\'_amzpayments\').show(); }); function rand(nbr){ return Math.floor(Math.random()*(nbr+1)); } </script> </div>'),
(24, 1, ' <div id=\"wrap_id_advice_694\"> <section id=\"0_cdiscount\" class=\"panel\" style=\"display:none\"> <header class=\"panel-heading\"> <span class=\"icon-lightbulb\"></span> Conseil du jour </header> <div class=\"panel-body\" style=\"padding:0\"> <img class=\"img-responsive\" src=\"https://storage.googleapis.com/production-gamification-assets/tips/cdiscount.png?1557835996070\" style=\"float:right; margin-left: 5px;\"> <img src=\"https://gamification.prestashop.com/api/getAdviceImg/694.png\"/> <p> <b>Augmentez votre volume de vente rapidement avec le Cdiscount Fulfilment !</b> </p> <p> Confiez-nous le stockage et la livraison de vos produits.\nCela vous permet de vous concentrer sur votre cœur de métier : la conception de nouveaux produits ou encore la relation client. </p> <span class=\"text-right\" style=\"float:right\"> <a class=\"btn btn-default\" target=\"_blank\" href=\"https://gamification.prestashop.com/get_advice_link.php?id_advice=694&url=https://addons.prestashop.com/fr/marketplace/26525-cdiscount-flux-officiel.html%3Futm_source%3Dback-office%26utm_medium%3Dtipoftheday%26utm_campaign%3Dpartenariats%26utm_content%3Dcdiscount\"> Commencez maintenant! </a> </span> </div> </section><script> $(document).ready( function () { $(\'#\'+rand(0)+\'_cdiscount\').show(); }); function rand(nbr){ return Math.floor(Math.random()*(nbr+1)); } </script> </div>'),
(25, 1, ' <div id=\"wrap_id_advice_515\"> <section id=\"0_ogone\" class=\"panel\" style=\"display:none\"> <header class=\"panel-heading\"> <span class=\"icon-lightbulb\"></span> Conseil du jour </header> <div class=\"panel-body\" style=\"padding:0\"> <img class=\"img-responsive\" src=\"https://storage.googleapis.com/production-gamification-assets/tips/ogone.png\" style=\"float:right; margin-left: 5px;\"> <img src=\"https://gamification.prestashop.com/api/getAdviceImg/515.png\"/> <p> <b>Accélérez vos ventes au-delà de vos frontières !</b> </p> <p> Des moyens de paiement locaux sont la clé de votre conversion à l’international: 30 à 70% des consommateurs en utilisent pour leurs achats en ligne. Ingenico vous permet de proposer 150 solutions à vos clients en un seul contrat ! </p> <span class=\"text-right\" style=\"float:right\"> <a class=\"btn btn-default\" target=\"_blank\" href=\"https://gamification.prestashop.com/get_advice_link.php?id_advice=515&url=http://addons.prestashop.com/fr/modules-paiement-prestashop/1798-ogone.html%3Futm_source%3Dback-office%26utm_medium%3Dtipoftheday%26utm_campaign%3Dpartenariats%26utm_content%3Dogone\"> Envie d\'en savoir plus ? </a> </span> </div> </section><script> $(document).ready( function () { $(\'#\'+rand(0)+\'_ogone\').show(); }); function rand(nbr){ return Math.floor(Math.random()*(nbr+1)); } </script> </div>'),
(26, 1, ' <div id=\"wrap_id_advice_518\"> <section id=\"0_paypal\" class=\"panel\" style=\"display:none\"> <header class=\"panel-heading\"> <span class=\"icon-lightbulb\"></span> Conseil du jour </header> <div class=\"panel-body\" style=\"padding:0\"> <img class=\"img-responsive\" src=\"https://storage.googleapis.com/production-gamification-assets/tips/paypal.png\" style=\"float:right; margin-left: 5px;\"> <img src=\"https://gamification.prestashop.com/api/getAdviceImg/518.png\"/> <p> <b>Mettez vos moyens de paiement en avant</b> </p> <p> Vos clients doivent savoir qu\'ils peuvent utiliser le moyen de paiement qui leur convient dès la home page. </p> <span class=\"text-right\" style=\"float:right\"> <a class=\"btn btn-default\" target=\"_blank\" href=\"https://gamification.prestashop.com/get_advice_link.php?id_advice=518&url=http://addons.prestashop.com/fr/modules-paiement-prestashop/1748-paypal.html%3Futm_source%3Dback-office%26utm_medium%3Dtipoftheday%26utm_campaign%3Dpartenariats%26utm_content%3Dpaypal\"> Envie d\'en savoir plus ? </a> </span> </div> </section><section id=\"1_paypal\" class=\"panel\" style=\"display:none\"> <header class=\"panel-heading\"> <span class=\"icon-lightbulb\"></span> Conseil du jour </header> <div class=\"panel-body\" style=\"padding:0\"> <img class=\"img-responsive\" src=\"https://storage.googleapis.com/production-gamification-assets/tips/paypal.png\" style=\"float:right; margin-left: 5px;\"> <img src=\"https://gamification.prestashop.com/api/getAdviceImg/518.png\"/> <p> <b>Proposez un maximum de moyens de paiement</b> </p> <p> Plus vous proposez de moyens de paiement, plus vous faites de ventes. Avec PayPal, proposez 7 moyens de paiement en installant un seul module. </p> <span class=\"text-right\" style=\"float:right\"> <a class=\"btn btn-default\" target=\"_blank\" href=\"https://gamification.prestashop.com/get_advice_link.php?id_advice=518&url=http://addons.prestashop.com/fr/modules-paiement-prestashop/1748-paypal.html%3Futm_source%3Dback-office%26utm_medium%3Dtipoftheday%26utm_campaign%3Dpartenariats%26utm_content%3Dpaypal\"> Envie d\'en savoir plus ? </a> </span> </div> </section><section id=\"2_paypal\" class=\"panel\" style=\"display:none\"> <header class=\"panel-heading\"> <span class=\"icon-lightbulb\"></span> Conseil du jour </header> <div class=\"panel-body\" style=\"padding:0\"> <img class=\"img-responsive\" src=\"https://storage.googleapis.com/production-gamification-assets/tips/paypal.png\" style=\"float:right; margin-left: 5px;\"> <img src=\"https://gamification.prestashop.com/api/getAdviceImg/518.png\"/> <p> <b>Suivez l\'évolution de votre activité en direct</b> </p> <p> PayPal vous envoie une notification par email pour chaque transaction réalisée sur votre site. </p> <span class=\"text-right\" style=\"float:right\"> <a class=\"btn btn-default\" target=\"_blank\" href=\"https://gamification.prestashop.com/get_advice_link.php?id_advice=518&url=http://addons.prestashop.com/fr/modules-paiement-prestashop/1748-paypal.html%3Futm_source%3Dback-office%26utm_medium%3Dtipoftheday%26utm_campaign%3Dpartenariats%26utm_content%3Dpaypal\"> Envie d\'en savoir plus ? </a> </span> </div> </section><section id=\"3_paypal\" class=\"panel\" style=\"display:none\"> <header class=\"panel-heading\"> <span class=\"icon-lightbulb\"></span> Conseil du jour </header> <div class=\"panel-body\" style=\"padding:0\"> <img class=\"img-responsive\" src=\"https://storage.googleapis.com/production-gamification-assets/tips/paypal.png\" style=\"float:right; margin-left: 5px;\"> <img src=\"https://gamification.prestashop.com/api/getAdviceImg/518.png\"/> <p> <b>Proposez des moyens de paiement gratuits* à vos clients</b> </p> <p> N\'imposez pas de frais supplémentaires à vos acheteurs. Avec le module PayPal, ils bénéficient de toutes les garanties de sécurité sans surcoût*.*En Euros, dans l\'Espace Economique Européen </p> <span class=\"text-right\" style=\"float:right\"> <a class=\"btn btn-default\" target=\"_blank\" href=\"https://gamification.prestashop.com/get_advice_link.php?id_advice=518&url=http://addons.prestashop.com/fr/modules-paiement-prestashop/1748-paypal.html%3Futm_source%3Dback-office%26utm_medium%3Dtipoftheday%26utm_campaign%3Dpartenariats%26utm_content%3Dpaypal\"> Envie d\'en savoir plus ? </a> </span> </div> </section><section id=\"4_paypal\" class=\"panel\" style=\"display:none\"> <header class=\"panel-heading\"> <span class=\"icon-lightbulb\"></span> Conseil du jour </header> <div class=\"panel-body\" style=\"padding:0\"> <img class=\"img-responsive\" src=\"https://storage.googleapis.com/production-gamification-assets/tips/paypal.png\" style=\"float:right; margin-left: 5px;\"> <img src=\"https://gamification.prestashop.com/api/getAdviceImg/518.png\"/> <p> <b>Offrez à vos clients la garantie Livré ou remboursé*</b> </p> <p> Avec PayPal, vos acheteurs sont livrés ou remboursés*. N\'hésitez pas à en faire un argument commercial pour votre site. </p> <span class=\"text-right\" style=\"float:right\"> <a class=\"btn btn-default\" target=\"_blank\" href=\"https://gamification.prestashop.com/get_advice_link.php?id_advice=518&url=http://addons.prestashop.com/fr/modules-paiement-prestashop/1748-paypal.html%3Futm_source%3Dback-office%26utm_medium%3Dtipoftheday%26utm_campaign%3Dpartenariats%26utm_content%3Dpaypal\"> Envie d\'en savoir plus ? </a> </span> </div> </section><section id=\"5_paypal\" class=\"panel\" style=\"display:none\"> <header class=\"panel-heading\"> <span class=\"icon-lightbulb\"></span> Conseil du jour </header> <div class=\"panel-body\" style=\"padding:0\"> <img class=\"img-responsive\" src=\"https://storage.googleapis.com/production-gamification-assets/tips/paypal.png\" style=\"float:right; margin-left: 5px;\"> <img src=\"https://gamification.prestashop.com/api/getAdviceImg/518.png\"/> <p> <b>Attirez de nouveaux clients</b> </p> <p> En France, 1 cyber acheteur sur 3 possède un compte PayPal*. Ne passez pas à côté de ces clients potentiels.Source : Etude réalisée par Northstar en mars 2013 auprès de 1914 acheteurs PayPal en France </p> <span class=\"text-right\" style=\"float:right\"> <a class=\"btn btn-default\" target=\"_blank\" href=\"https://gamification.prestashop.com/get_advice_link.php?id_advice=518&url=http://addons.prestashop.com/fr/modules-paiement-prestashop/1748-paypal.html%3Futm_source%3Dback-office%26utm_medium%3Dtipoftheday%26utm_campaign%3Dpartenariats%26utm_content%3Dpaypal\"> Envie d\'en savoir plus ? </a> </span> </div> </section><section id=\"6_paypal\" class=\"panel\" style=\"display:none\"> <header class=\"panel-heading\"> <span class=\"icon-lightbulb\"></span> Conseil du jour </header> <div class=\"panel-body\" style=\"padding:0\"> <img class=\"img-responsive\" src=\"https://storage.googleapis.com/production-gamification-assets/tips/paypal.png\" style=\"float:right; margin-left: 5px;\"> <img src=\"https://gamification.prestashop.com/api/getAdviceImg/518.png\"/> <p> <b>Ne faites pas l\'impasse sur la carte bancaire</b> </p> <p> 79%* des internautes paient avec une carte bancaire. Avec PayPal, acceptez les paiements par carte Visa ou Mastercard.*Journal Du Net, Mars 2013 </p> <span class=\"text-right\" style=\"float:right\"> <a class=\"btn btn-default\" target=\"_blank\" href=\"https://gamification.prestashop.com/get_advice_link.php?id_advice=518&url=http://addons.prestashop.com/fr/modules-paiement-prestashop/1748-paypal.html%3Futm_source%3Dback-office%26utm_medium%3Dtipoftheday%26utm_campaign%3Dpartenariats%26utm_content%3Dpaypal\"> Envie d\'en savoir plus ? </a> </span> </div> </section><section id=\"7_paypal\" class=\"panel\" style=\"display:none\"> <header class=\"panel-heading\"> <span class=\"icon-lightbulb\"></span> Conseil du jour </header> <div class=\"panel-body\" style=\"padding:0\"> <img class=\"img-responsive\" src=\"https://storage.googleapis.com/production-gamification-assets/tips/paypal.png\" style=\"float:right; margin-left: 5px;\"> <img src=\"https://gamification.prestashop.com/api/getAdviceImg/518.png\"/> <p> <b>Développez votre activité à l\'international</b> </p> <p> Avec PayPal vous êtes déjà présent dans 190 pays et vous pouvez accepter des paiements dans 24 devises différentes ! </p> <span class=\"text-right\" style=\"float:right\"> <a class=\"btn btn-default\" target=\"_blank\" href=\"https://gamification.prestashop.com/get_advice_link.php?id_advice=518&url=http://addons.prestashop.com/fr/modules-paiement-prestashop/1748-paypal.html%3Futm_source%3Dback-office%26utm_medium%3Dtipoftheday%26utm_campaign%3Dpartenariats%26utm_content%3Dpaypal\"> Envie d\'en savoir plus ? </a> </span> </div> </section><section id=\"8_paypal\" class=\"panel\" style=\"display:none\"> <header class=\"panel-heading\"> <span class=\"icon-lightbulb\"></span> Conseil du jour </header> <div class=\"panel-body\" style=\"padding:0\"> <img class=\"img-responsive\" src=\"https://storage.googleapis.com/production-gamification-assets/tips/paypal.png\" style=\"float:right; margin-left: 5px;\"> <img src=\"https://gamification.prestashop.com/api/getAdviceImg/518.png\"/> <p> <b>Ne limitez pas votre activité au marché français, pensez à vos voisins...</b> </p> <p> Vendre en Italie, en Espagne, en Belgique... C\'est aussi simple que de vendre en France avec PayPal.*Journal Du Net, Mars 2013 </p> <span class=\"text-right\" style=\"float:right\"> <a class=\"btn btn-default\" target=\"_blank\" href=\"https://gamification.prestashop.com/get_advice_link.php?id_advice=518&url=http://addons.prestashop.com/fr/modules-paiement-prestashop/1748-paypal.html%3Futm_source%3Dback-office%26utm_medium%3Dtipoftheday%26utm_campaign%3Dpartenariats%26utm_content%3Dpaypal\"> Envie d\'en savoir plus ? </a> </span> </div> </section><section id=\"9_paypal\" class=\"panel\" style=\"display:none\"> <header class=\"panel-heading\"> <span class=\"icon-lightbulb\"></span> Conseil du jour </header> <div class=\"panel-body\" style=\"padding:0\"> <img class=\"img-responsive\" src=\"https://storage.googleapis.com/production-gamification-assets/tips/paypal.png\" style=\"float:right; margin-left: 5px;\"> <img src=\"https://gamification.prestashop.com/api/getAdviceImg/518.png\"/> <p> <b>Ne passez pas à côté de l’opportunité du mobile</b> </p> <p> +267% de progression du m-commerce en 2 ans ! PayPal et PrestaShop vous proposent ce thème gratuit optimisé pour le paiement via mobile. </p> <span class=\"text-right\" style=\"float:right\"> <a class=\"btn btn-default\" target=\"_blank\" href=\"https://gamification.prestashop.com/get_advice_link.php?id_advice=518&url=http://addons.prestashop.com/fr/modules-paiement-prestashop/1748-paypal.html%3Futm_source%3Dback-office%26utm_medium%3Dtipoftheday%26utm_campaign%3Dpartenariats%26utm_content%3Dpaypal\"> Envie d\'en savoir plus ? </a> </span> </div> </section><section id=\"10_paypal\" class=\"panel\" style=\"display:none\"> <header class=\"panel-heading\"> <span class=\"icon-lightbulb\"></span> Conseil du jour </header> <div class=\"panel-body\" style=\"padding:0\"> <img class=\"img-responsive\" src=\"https://storage.googleapis.com/production-gamification-assets/tips/paypal.png\" style=\"float:right; margin-left: 5px;\"> <img src=\"https://gamification.prestashop.com/api/getAdviceImg/518.png\"/> <p> <b>Adoptez une approche multi-canal</b> </p> <p> Votre boutique est accessible à n’importe quel moment et vous vous adaptez donc aux contraintes de vos clients : découvrez le thème mobile gratuit optimisé pour PrestaShop. </p> <span class=\"text-right\" style=\"float:right\"> <a class=\"btn btn-default\" target=\"_blank\" href=\"https://gamification.prestashop.com/get_advice_link.php?id_advice=518&url=http://addons.prestashop.com/fr/modules-paiement-prestashop/1748-paypal.html%3Futm_source%3Dback-office%26utm_medium%3Dtipoftheday%26utm_campaign%3Dpartenariats%26utm_content%3Dpaypal\"> Envie d\'en savoir plus ? </a> </span> </div> </section><script> $(document).ready( function () { $(\'#\'+rand(10)+\'_paypal\').show(); }); function rand(nbr){ return Math.floor(Math.random()*(nbr+1)); } </script> </div>');

-- --------------------------------------------------------

--
-- Structure de la table `pscha_alias`
--

CREATE TABLE `pscha_alias` (
  `id_alias` int(10) UNSIGNED NOT NULL,
  `alias` varchar(255) NOT NULL,
  `search` varchar(255) NOT NULL,
  `active` tinyint(1) NOT NULL DEFAULT '1'
) ENGINE=InnoDB DEFAULT CHARSET=utf8;

--
-- Déchargement des données de la table `pscha_alias`
--

INSERT INTO `pscha_alias` (`id_alias`, `alias`, `search`, `active`) VALUES
(1, 'bloose', 'blouse', 1),
(2, 'blues', 'blouse', 1);

-- --------------------------------------------------------

--
-- Structure de la table `pscha_attachment`
--

CREATE TABLE `pscha_attachment` (
  `id_attachment` int(10) UNSIGNED NOT NULL,
  `file` varchar(40) NOT NULL,
  `file_name` varchar(128) NOT NULL,
  `file_size` bigint(10) UNSIGNED NOT NULL DEFAULT '0',
  `mime` varchar(128) NOT NULL
) ENGINE=InnoDB DEFAULT CHARSET=utf8;

-- --------------------------------------------------------

--
-- Structure de la table `pscha_attachment_lang`
--

CREATE TABLE `pscha_attachment_lang` (
  `id_attachment` int(10) UNSIGNED NOT NULL,
  `id_lang` int(10) UNSIGNED NOT NULL,
  `name` varchar(32) DEFAULT NULL,
  `description` text
) ENGINE=InnoDB DEFAULT CHARSET=utf8;

-- --------------------------------------------------------

--
-- Structure de la table `pscha_attribute`
--

CREATE TABLE `pscha_attribute` (
  `id_attribute` int(11) NOT NULL,
  `id_attribute_group` int(11) NOT NULL,
  `color` varchar(32) COLLATE utf8_unicode_ci NOT NULL,
  `position` int(11) NOT NULL
) ENGINE=InnoDB DEFAULT CHARSET=utf8 COLLATE=utf8_unicode_ci;

--
-- Déchargement des données de la table `pscha_attribute`
--

INSERT INTO `pscha_attribute` (`id_attribute`, `id_attribute_group`, `color`, `position`) VALUES
(1, 1, '', 0),
(2, 1, '', 1),
(3, 1, '', 2),
(4, 1, '', 3),
(5, 2, '#AAB2BD', 0),
(6, 2, '#CFC4A6', 1),
(7, 2, '#f5f5dc', 2),
(8, 2, '#ffffff', 3),
(9, 2, '#faebd7', 4),
(10, 2, '#E84C3D', 5),
(11, 2, '#434A54', 6),
(12, 2, '#C19A6B', 7),
(13, 2, '#F39C11', 8),
(14, 2, '#5D9CEC', 9),
(15, 2, '#A0D468', 10),
(16, 2, '#F1C40F', 11),
(17, 2, '#964B00', 12),
(18, 2, '#FCCACD', 13),
(19, 3, '', 0),
(20, 3, '', 1),
(21, 3, '', 2),
(22, 4, '', 0),
(23, 4, '', 1),
(24, 4, '', 2),
(25, 4, '', 3);

-- --------------------------------------------------------

--
-- Structure de la table `pscha_attribute_group`
--

CREATE TABLE `pscha_attribute_group` (
  `id_attribute_group` int(11) NOT NULL,
  `is_color_group` tinyint(1) NOT NULL,
  `group_type` varchar(255) COLLATE utf8_unicode_ci NOT NULL,
  `position` int(11) NOT NULL
) ENGINE=InnoDB DEFAULT CHARSET=utf8 COLLATE=utf8_unicode_ci;

--
-- Déchargement des données de la table `pscha_attribute_group`
--

INSERT INTO `pscha_attribute_group` (`id_attribute_group`, `is_color_group`, `group_type`, `position`) VALUES
(1, 0, 'select', 0),
(2, 1, 'color', 1),
(3, 0, 'select', 2),
(4, 0, 'select', 3);

-- --------------------------------------------------------

--
-- Structure de la table `pscha_attribute_group_lang`
--

CREATE TABLE `pscha_attribute_group_lang` (
  `id_attribute_group` int(11) NOT NULL,
  `id_lang` int(11) NOT NULL,
  `name` varchar(128) COLLATE utf8_unicode_ci NOT NULL,
  `public_name` varchar(64) COLLATE utf8_unicode_ci NOT NULL
) ENGINE=InnoDB DEFAULT CHARSET=utf8 COLLATE=utf8_unicode_ci;

--
-- Déchargement des données de la table `pscha_attribute_group_lang`
--

INSERT INTO `pscha_attribute_group_lang` (`id_attribute_group`, `id_lang`, `name`, `public_name`) VALUES
(1, 1, 'Taille', 'Taille'),
(2, 1, 'Couleur', 'Couleur'),
(3, 1, 'Dimension', 'Dimension'),
(4, 1, 'Type de papier', 'Type de papier');

-- --------------------------------------------------------

--
-- Structure de la table `pscha_attribute_group_shop`
--

CREATE TABLE `pscha_attribute_group_shop` (
  `id_attribute_group` int(11) NOT NULL,
  `id_shop` int(11) NOT NULL
) ENGINE=InnoDB DEFAULT CHARSET=utf8 COLLATE=utf8_unicode_ci;

--
-- Déchargement des données de la table `pscha_attribute_group_shop`
--

INSERT INTO `pscha_attribute_group_shop` (`id_attribute_group`, `id_shop`) VALUES
(1, 1),
(2, 1),
(3, 1),
(4, 1);

-- --------------------------------------------------------

--
-- Structure de la table `pscha_attribute_impact`
--

CREATE TABLE `pscha_attribute_impact` (
  `id_attribute_impact` int(10) UNSIGNED NOT NULL,
  `id_product` int(11) UNSIGNED NOT NULL,
  `id_attribute` int(11) UNSIGNED NOT NULL,
  `weight` decimal(20,6) NOT NULL,
  `price` decimal(17,2) NOT NULL
) ENGINE=InnoDB DEFAULT CHARSET=utf8;

-- --------------------------------------------------------

--
-- Structure de la table `pscha_attribute_lang`
--

CREATE TABLE `pscha_attribute_lang` (
  `id_attribute` int(11) NOT NULL,
  `id_lang` int(11) NOT NULL,
  `name` varchar(128) COLLATE utf8_unicode_ci NOT NULL
) ENGINE=InnoDB DEFAULT CHARSET=utf8 COLLATE=utf8_unicode_ci;

--
-- Déchargement des données de la table `pscha_attribute_lang`
--

INSERT INTO `pscha_attribute_lang` (`id_attribute`, `id_lang`, `name`) VALUES
(1, 1, 'S'),
(2, 1, 'M'),
(3, 1, 'L'),
(4, 1, 'XL'),
(5, 1, 'Gris'),
(6, 1, 'Taupe'),
(7, 1, 'Beige'),
(8, 1, 'Blanc'),
(9, 1, 'Blanc cassé'),
(10, 1, 'Rouge'),
(11, 1, 'Noir'),
(12, 1, 'Camel'),
(13, 1, 'Orange'),
(14, 1, 'Bleu'),
(15, 1, 'Vert'),
(16, 1, 'Jaune'),
(17, 1, 'Marron'),
(18, 1, 'Rose'),
(19, 1, '40x60cm'),
(20, 1, '60x90cm'),
(21, 1, '80x120cm'),
(22, 1, 'Ligné'),
(23, 1, 'Vierge'),
(24, 1, 'Quadrillé'),
(25, 1, 'Pointillés');

-- --------------------------------------------------------

--
-- Structure de la table `pscha_attribute_shop`
--

CREATE TABLE `pscha_attribute_shop` (
  `id_attribute` int(11) NOT NULL,
  `id_shop` int(11) NOT NULL
) ENGINE=InnoDB DEFAULT CHARSET=utf8 COLLATE=utf8_unicode_ci;

--
-- Déchargement des données de la table `pscha_attribute_shop`
--

INSERT INTO `pscha_attribute_shop` (`id_attribute`, `id_shop`) VALUES
(1, 1),
(2, 1),
(3, 1),
(4, 1),
(5, 1),
(6, 1),
(7, 1),
(8, 1),
(9, 1),
(10, 1),
(11, 1),
(12, 1),
(13, 1),
(14, 1),
(15, 1),
(16, 1),
(17, 1),
(18, 1),
(19, 1),
(20, 1),
(21, 1),
(22, 1),
(23, 1),
(24, 1),
(25, 1);

-- --------------------------------------------------------

--
-- Structure de la table `pscha_authorization_role`
--

CREATE TABLE `pscha_authorization_role` (
  `id_authorization_role` int(10) UNSIGNED NOT NULL,
  `slug` varchar(255) NOT NULL
) ENGINE=InnoDB DEFAULT CHARSET=utf8;

--
-- Déchargement des données de la table `pscha_authorization_role`
--

INSERT INTO `pscha_authorization_role` (`id_authorization_role`, `slug`) VALUES
(789, 'ROLE_MOD_MODULE_BLOCKREASSURANCE_CREATE'),
(792, 'ROLE_MOD_MODULE_BLOCKREASSURANCE_DELETE'),
(790, 'ROLE_MOD_MODULE_BLOCKREASSURANCE_READ'),
(791, 'ROLE_MOD_MODULE_BLOCKREASSURANCE_UPDATE'),
(481, 'ROLE_MOD_MODULE_CONTACTFORM_CREATE'),
(484, 'ROLE_MOD_MODULE_CONTACTFORM_DELETE'),
(482, 'ROLE_MOD_MODULE_CONTACTFORM_READ'),
(483, 'ROLE_MOD_MODULE_CONTACTFORM_UPDATE'),
(485, 'ROLE_MOD_MODULE_DASHACTIVITY_CREATE'),
(488, 'ROLE_MOD_MODULE_DASHACTIVITY_DELETE'),
(486, 'ROLE_MOD_MODULE_DASHACTIVITY_READ'),
(487, 'ROLE_MOD_MODULE_DASHACTIVITY_UPDATE'),
(497, 'ROLE_MOD_MODULE_DASHGOALS_CREATE'),
(500, 'ROLE_MOD_MODULE_DASHGOALS_DELETE'),
(498, 'ROLE_MOD_MODULE_DASHGOALS_READ'),
(499, 'ROLE_MOD_MODULE_DASHGOALS_UPDATE'),
(501, 'ROLE_MOD_MODULE_DASHPRODUCTS_CREATE'),
(504, 'ROLE_MOD_MODULE_DASHPRODUCTS_DELETE'),
(502, 'ROLE_MOD_MODULE_DASHPRODUCTS_READ'),
(503, 'ROLE_MOD_MODULE_DASHPRODUCTS_UPDATE'),
(489, 'ROLE_MOD_MODULE_DASHTRENDS_CREATE'),
(492, 'ROLE_MOD_MODULE_DASHTRENDS_DELETE'),
(490, 'ROLE_MOD_MODULE_DASHTRENDS_READ'),
(491, 'ROLE_MOD_MODULE_DASHTRENDS_UPDATE'),
(733, 'ROLE_MOD_MODULE_EMARKETING_CREATE'),
(736, 'ROLE_MOD_MODULE_EMARKETING_DELETE'),
(734, 'ROLE_MOD_MODULE_EMARKETING_READ'),
(735, 'ROLE_MOD_MODULE_EMARKETING_UPDATE'),
(729, 'ROLE_MOD_MODULE_GAMIFICATION_CREATE'),
(732, 'ROLE_MOD_MODULE_GAMIFICATION_DELETE'),
(730, 'ROLE_MOD_MODULE_GAMIFICATION_READ'),
(731, 'ROLE_MOD_MODULE_GAMIFICATION_UPDATE'),
(505, 'ROLE_MOD_MODULE_GRAPHNVD3_CREATE'),
(508, 'ROLE_MOD_MODULE_GRAPHNVD3_DELETE'),
(506, 'ROLE_MOD_MODULE_GRAPHNVD3_READ'),
(507, 'ROLE_MOD_MODULE_GRAPHNVD3_UPDATE'),
(509, 'ROLE_MOD_MODULE_GRIDHTML_CREATE'),
(512, 'ROLE_MOD_MODULE_GRIDHTML_DELETE'),
(510, 'ROLE_MOD_MODULE_GRIDHTML_READ'),
(511, 'ROLE_MOD_MODULE_GRIDHTML_UPDATE'),
(513, 'ROLE_MOD_MODULE_GSITEMAP_CREATE'),
(516, 'ROLE_MOD_MODULE_GSITEMAP_DELETE'),
(514, 'ROLE_MOD_MODULE_GSITEMAP_READ'),
(515, 'ROLE_MOD_MODULE_GSITEMAP_UPDATE'),
(625, 'ROLE_MOD_MODULE_PAGESNOTFOUND_CREATE'),
(628, 'ROLE_MOD_MODULE_PAGESNOTFOUND_DELETE'),
(626, 'ROLE_MOD_MODULE_PAGESNOTFOUND_READ'),
(627, 'ROLE_MOD_MODULE_PAGESNOTFOUND_UPDATE'),
(741, 'ROLE_MOD_MODULE_PSADDONSCONNECT_CREATE'),
(744, 'ROLE_MOD_MODULE_PSADDONSCONNECT_DELETE'),
(742, 'ROLE_MOD_MODULE_PSADDONSCONNECT_READ'),
(743, 'ROLE_MOD_MODULE_PSADDONSCONNECT_UPDATE'),
(745, 'ROLE_MOD_MODULE_PSGDPR_CREATE'),
(748, 'ROLE_MOD_MODULE_PSGDPR_DELETE'),
(746, 'ROLE_MOD_MODULE_PSGDPR_READ'),
(747, 'ROLE_MOD_MODULE_PSGDPR_UPDATE'),
(517, 'ROLE_MOD_MODULE_PS_BANNER_CREATE'),
(520, 'ROLE_MOD_MODULE_PS_BANNER_DELETE'),
(518, 'ROLE_MOD_MODULE_PS_BANNER_READ'),
(519, 'ROLE_MOD_MODULE_PS_BANNER_UPDATE'),
(769, 'ROLE_MOD_MODULE_PS_BUYBUTTONLITE_CREATE'),
(772, 'ROLE_MOD_MODULE_PS_BUYBUTTONLITE_DELETE'),
(770, 'ROLE_MOD_MODULE_PS_BUYBUTTONLITE_READ'),
(771, 'ROLE_MOD_MODULE_PS_BUYBUTTONLITE_UPDATE'),
(521, 'ROLE_MOD_MODULE_PS_CATEGORYTREE_CREATE'),
(524, 'ROLE_MOD_MODULE_PS_CATEGORYTREE_DELETE'),
(522, 'ROLE_MOD_MODULE_PS_CATEGORYTREE_READ'),
(523, 'ROLE_MOD_MODULE_PS_CATEGORYTREE_UPDATE'),
(777, 'ROLE_MOD_MODULE_PS_CHECKOUT_CREATE'),
(780, 'ROLE_MOD_MODULE_PS_CHECKOUT_DELETE'),
(778, 'ROLE_MOD_MODULE_PS_CHECKOUT_READ'),
(779, 'ROLE_MOD_MODULE_PS_CHECKOUT_UPDATE'),
(525, 'ROLE_MOD_MODULE_PS_CHECKPAYMENT_CREATE'),
(528, 'ROLE_MOD_MODULE_PS_CHECKPAYMENT_DELETE'),
(526, 'ROLE_MOD_MODULE_PS_CHECKPAYMENT_READ'),
(527, 'ROLE_MOD_MODULE_PS_CHECKPAYMENT_UPDATE'),
(529, 'ROLE_MOD_MODULE_PS_CONTACTINFO_CREATE'),
(532, 'ROLE_MOD_MODULE_PS_CONTACTINFO_DELETE'),
(530, 'ROLE_MOD_MODULE_PS_CONTACTINFO_READ'),
(531, 'ROLE_MOD_MODULE_PS_CONTACTINFO_UPDATE'),
(533, 'ROLE_MOD_MODULE_PS_CURRENCYSELECTOR_CREATE'),
(536, 'ROLE_MOD_MODULE_PS_CURRENCYSELECTOR_DELETE'),
(534, 'ROLE_MOD_MODULE_PS_CURRENCYSELECTOR_READ'),
(535, 'ROLE_MOD_MODULE_PS_CURRENCYSELECTOR_UPDATE'),
(537, 'ROLE_MOD_MODULE_PS_CUSTOMERACCOUNTLINKS_CREATE'),
(540, 'ROLE_MOD_MODULE_PS_CUSTOMERACCOUNTLINKS_DELETE'),
(538, 'ROLE_MOD_MODULE_PS_CUSTOMERACCOUNTLINKS_READ'),
(539, 'ROLE_MOD_MODULE_PS_CUSTOMERACCOUNTLINKS_UPDATE'),
(541, 'ROLE_MOD_MODULE_PS_CUSTOMERSIGNIN_CREATE'),
(544, 'ROLE_MOD_MODULE_PS_CUSTOMERSIGNIN_DELETE'),
(542, 'ROLE_MOD_MODULE_PS_CUSTOMERSIGNIN_READ'),
(543, 'ROLE_MOD_MODULE_PS_CUSTOMERSIGNIN_UPDATE'),
(545, 'ROLE_MOD_MODULE_PS_CUSTOMTEXT_CREATE'),
(548, 'ROLE_MOD_MODULE_PS_CUSTOMTEXT_DELETE'),
(546, 'ROLE_MOD_MODULE_PS_CUSTOMTEXT_READ'),
(547, 'ROLE_MOD_MODULE_PS_CUSTOMTEXT_UPDATE'),
(549, 'ROLE_MOD_MODULE_PS_EMAILSUBSCRIPTION_CREATE'),
(552, 'ROLE_MOD_MODULE_PS_EMAILSUBSCRIPTION_DELETE'),
(550, 'ROLE_MOD_MODULE_PS_EMAILSUBSCRIPTION_READ'),
(551, 'ROLE_MOD_MODULE_PS_EMAILSUBSCRIPTION_UPDATE'),
(793, 'ROLE_MOD_MODULE_PS_FACETEDSEARCH_CREATE'),
(796, 'ROLE_MOD_MODULE_PS_FACETEDSEARCH_DELETE'),
(794, 'ROLE_MOD_MODULE_PS_FACETEDSEARCH_READ'),
(795, 'ROLE_MOD_MODULE_PS_FACETEDSEARCH_UPDATE'),
(557, 'ROLE_MOD_MODULE_PS_FAVICONNOTIFICATIONBO_CREATE'),
(560, 'ROLE_MOD_MODULE_PS_FAVICONNOTIFICATIONBO_DELETE'),
(558, 'ROLE_MOD_MODULE_PS_FAVICONNOTIFICATIONBO_READ'),
(559, 'ROLE_MOD_MODULE_PS_FAVICONNOTIFICATIONBO_UPDATE'),
(565, 'ROLE_MOD_MODULE_PS_FEATUREDPRODUCTS_CREATE'),
(568, 'ROLE_MOD_MODULE_PS_FEATUREDPRODUCTS_DELETE'),
(566, 'ROLE_MOD_MODULE_PS_FEATUREDPRODUCTS_READ'),
(567, 'ROLE_MOD_MODULE_PS_FEATUREDPRODUCTS_UPDATE'),
(569, 'ROLE_MOD_MODULE_PS_IMAGESLIDER_CREATE'),
(572, 'ROLE_MOD_MODULE_PS_IMAGESLIDER_DELETE'),
(570, 'ROLE_MOD_MODULE_PS_IMAGESLIDER_READ'),
(571, 'ROLE_MOD_MODULE_PS_IMAGESLIDER_UPDATE'),
(573, 'ROLE_MOD_MODULE_PS_LANGUAGESELECTOR_CREATE'),
(576, 'ROLE_MOD_MODULE_PS_LANGUAGESELECTOR_DELETE'),
(574, 'ROLE_MOD_MODULE_PS_LANGUAGESELECTOR_READ'),
(575, 'ROLE_MOD_MODULE_PS_LANGUAGESELECTOR_UPDATE'),
(581, 'ROLE_MOD_MODULE_PS_LINKLIST_CREATE'),
(584, 'ROLE_MOD_MODULE_PS_LINKLIST_DELETE'),
(582, 'ROLE_MOD_MODULE_PS_LINKLIST_READ'),
(583, 'ROLE_MOD_MODULE_PS_LINKLIST_UPDATE'),
(585, 'ROLE_MOD_MODULE_PS_MAINMENU_CREATE'),
(588, 'ROLE_MOD_MODULE_PS_MAINMENU_DELETE'),
(586, 'ROLE_MOD_MODULE_PS_MAINMENU_READ'),
(587, 'ROLE_MOD_MODULE_PS_MAINMENU_UPDATE'),
(757, 'ROLE_MOD_MODULE_PS_MBO_CREATE'),
(760, 'ROLE_MOD_MODULE_PS_MBO_DELETE'),
(758, 'ROLE_MOD_MODULE_PS_MBO_READ'),
(759, 'ROLE_MOD_MODULE_PS_MBO_UPDATE'),
(589, 'ROLE_MOD_MODULE_PS_SEARCHBAR_CREATE'),
(592, 'ROLE_MOD_MODULE_PS_SEARCHBAR_DELETE'),
(590, 'ROLE_MOD_MODULE_PS_SEARCHBAR_READ'),
(591, 'ROLE_MOD_MODULE_PS_SEARCHBAR_UPDATE'),
(593, 'ROLE_MOD_MODULE_PS_SHAREBUTTONS_CREATE'),
(596, 'ROLE_MOD_MODULE_PS_SHAREBUTTONS_DELETE'),
(594, 'ROLE_MOD_MODULE_PS_SHAREBUTTONS_READ'),
(595, 'ROLE_MOD_MODULE_PS_SHAREBUTTONS_UPDATE'),
(597, 'ROLE_MOD_MODULE_PS_SHOPPINGCART_CREATE'),
(600, 'ROLE_MOD_MODULE_PS_SHOPPINGCART_DELETE'),
(598, 'ROLE_MOD_MODULE_PS_SHOPPINGCART_READ'),
(599, 'ROLE_MOD_MODULE_PS_SHOPPINGCART_UPDATE'),
(601, 'ROLE_MOD_MODULE_PS_SOCIALFOLLOW_CREATE'),
(604, 'ROLE_MOD_MODULE_PS_SOCIALFOLLOW_DELETE'),
(602, 'ROLE_MOD_MODULE_PS_SOCIALFOLLOW_READ'),
(603, 'ROLE_MOD_MODULE_PS_SOCIALFOLLOW_UPDATE'),
(605, 'ROLE_MOD_MODULE_PS_THEMECUSTO_CREATE'),
(608, 'ROLE_MOD_MODULE_PS_THEMECUSTO_DELETE'),
(606, 'ROLE_MOD_MODULE_PS_THEMECUSTO_READ'),
(607, 'ROLE_MOD_MODULE_PS_THEMECUSTO_UPDATE'),
(621, 'ROLE_MOD_MODULE_PS_WIREPAYMENT_CREATE'),
(624, 'ROLE_MOD_MODULE_PS_WIREPAYMENT_DELETE'),
(622, 'ROLE_MOD_MODULE_PS_WIREPAYMENT_READ'),
(623, 'ROLE_MOD_MODULE_PS_WIREPAYMENT_UPDATE'),
(629, 'ROLE_MOD_MODULE_SEKEYWORDS_CREATE'),
(632, 'ROLE_MOD_MODULE_SEKEYWORDS_DELETE'),
(630, 'ROLE_MOD_MODULE_SEKEYWORDS_READ'),
(631, 'ROLE_MOD_MODULE_SEKEYWORDS_UPDATE'),
(633, 'ROLE_MOD_MODULE_STATSBESTCATEGORIES_CREATE'),
(636, 'ROLE_MOD_MODULE_STATSBESTCATEGORIES_DELETE'),
(634, 'ROLE_MOD_MODULE_STATSBESTCATEGORIES_READ'),
(635, 'ROLE_MOD_MODULE_STATSBESTCATEGORIES_UPDATE'),
(637, 'ROLE_MOD_MODULE_STATSBESTCUSTOMERS_CREATE'),
(640, 'ROLE_MOD_MODULE_STATSBESTCUSTOMERS_DELETE'),
(638, 'ROLE_MOD_MODULE_STATSBESTCUSTOMERS_READ'),
(639, 'ROLE_MOD_MODULE_STATSBESTCUSTOMERS_UPDATE'),
(641, 'ROLE_MOD_MODULE_STATSBESTPRODUCTS_CREATE'),
(644, 'ROLE_MOD_MODULE_STATSBESTPRODUCTS_DELETE'),
(642, 'ROLE_MOD_MODULE_STATSBESTPRODUCTS_READ'),
(643, 'ROLE_MOD_MODULE_STATSBESTPRODUCTS_UPDATE'),
(645, 'ROLE_MOD_MODULE_STATSBESTSUPPLIERS_CREATE'),
(648, 'ROLE_MOD_MODULE_STATSBESTSUPPLIERS_DELETE'),
(646, 'ROLE_MOD_MODULE_STATSBESTSUPPLIERS_READ'),
(647, 'ROLE_MOD_MODULE_STATSBESTSUPPLIERS_UPDATE'),
(649, 'ROLE_MOD_MODULE_STATSBESTVOUCHERS_CREATE'),
(652, 'ROLE_MOD_MODULE_STATSBESTVOUCHERS_DELETE'),
(650, 'ROLE_MOD_MODULE_STATSBESTVOUCHERS_READ'),
(651, 'ROLE_MOD_MODULE_STATSBESTVOUCHERS_UPDATE'),
(653, 'ROLE_MOD_MODULE_STATSCARRIER_CREATE'),
(656, 'ROLE_MOD_MODULE_STATSCARRIER_DELETE'),
(654, 'ROLE_MOD_MODULE_STATSCARRIER_READ'),
(655, 'ROLE_MOD_MODULE_STATSCARRIER_UPDATE'),
(657, 'ROLE_MOD_MODULE_STATSCATALOG_CREATE'),
(660, 'ROLE_MOD_MODULE_STATSCATALOG_DELETE'),
(658, 'ROLE_MOD_MODULE_STATSCATALOG_READ'),
(659, 'ROLE_MOD_MODULE_STATSCATALOG_UPDATE'),
(661, 'ROLE_MOD_MODULE_STATSCHECKUP_CREATE'),
(664, 'ROLE_MOD_MODULE_STATSCHECKUP_DELETE'),
(662, 'ROLE_MOD_MODULE_STATSCHECKUP_READ'),
(663, 'ROLE_MOD_MODULE_STATSCHECKUP_UPDATE'),
(665, 'ROLE_MOD_MODULE_STATSDATA_CREATE'),
(668, 'ROLE_MOD_MODULE_STATSDATA_DELETE'),
(666, 'ROLE_MOD_MODULE_STATSDATA_READ'),
(667, 'ROLE_MOD_MODULE_STATSDATA_UPDATE'),
(669, 'ROLE_MOD_MODULE_STATSEQUIPMENT_CREATE'),
(672, 'ROLE_MOD_MODULE_STATSEQUIPMENT_DELETE'),
(670, 'ROLE_MOD_MODULE_STATSEQUIPMENT_READ'),
(671, 'ROLE_MOD_MODULE_STATSEQUIPMENT_UPDATE'),
(673, 'ROLE_MOD_MODULE_STATSFORECAST_CREATE'),
(676, 'ROLE_MOD_MODULE_STATSFORECAST_DELETE'),
(674, 'ROLE_MOD_MODULE_STATSFORECAST_READ'),
(675, 'ROLE_MOD_MODULE_STATSFORECAST_UPDATE'),
(677, 'ROLE_MOD_MODULE_STATSLIVE_CREATE'),
(680, 'ROLE_MOD_MODULE_STATSLIVE_DELETE'),
(678, 'ROLE_MOD_MODULE_STATSLIVE_READ'),
(679, 'ROLE_MOD_MODULE_STATSLIVE_UPDATE'),
(681, 'ROLE_MOD_MODULE_STATSNEWSLETTER_CREATE'),
(684, 'ROLE_MOD_MODULE_STATSNEWSLETTER_DELETE'),
(682, 'ROLE_MOD_MODULE_STATSNEWSLETTER_READ'),
(683, 'ROLE_MOD_MODULE_STATSNEWSLETTER_UPDATE'),
(685, 'ROLE_MOD_MODULE_STATSORIGIN_CREATE'),
(688, 'ROLE_MOD_MODULE_STATSORIGIN_DELETE'),
(686, 'ROLE_MOD_MODULE_STATSORIGIN_READ'),
(687, 'ROLE_MOD_MODULE_STATSORIGIN_UPDATE'),
(689, 'ROLE_MOD_MODULE_STATSPERSONALINFOS_CREATE'),
(692, 'ROLE_MOD_MODULE_STATSPERSONALINFOS_DELETE'),
(690, 'ROLE_MOD_MODULE_STATSPERSONALINFOS_READ'),
(691, 'ROLE_MOD_MODULE_STATSPERSONALINFOS_UPDATE'),
(693, 'ROLE_MOD_MODULE_STATSPRODUCT_CREATE'),
(696, 'ROLE_MOD_MODULE_STATSPRODUCT_DELETE'),
(694, 'ROLE_MOD_MODULE_STATSPRODUCT_READ'),
(695, 'ROLE_MOD_MODULE_STATSPRODUCT_UPDATE'),
(697, 'ROLE_MOD_MODULE_STATSREGISTRATIONS_CREATE'),
(700, 'ROLE_MOD_MODULE_STATSREGISTRATIONS_DELETE'),
(698, 'ROLE_MOD_MODULE_STATSREGISTRATIONS_READ'),
(699, 'ROLE_MOD_MODULE_STATSREGISTRATIONS_UPDATE'),
(701, 'ROLE_MOD_MODULE_STATSSALES_CREATE'),
(704, 'ROLE_MOD_MODULE_STATSSALES_DELETE'),
(702, 'ROLE_MOD_MODULE_STATSSALES_READ'),
(703, 'ROLE_MOD_MODULE_STATSSALES_UPDATE'),
(705, 'ROLE_MOD_MODULE_STATSSEARCH_CREATE'),
(708, 'ROLE_MOD_MODULE_STATSSEARCH_DELETE'),
(706, 'ROLE_MOD_MODULE_STATSSEARCH_READ'),
(707, 'ROLE_MOD_MODULE_STATSSEARCH_UPDATE'),
(709, 'ROLE_MOD_MODULE_STATSSTOCK_CREATE'),
(712, 'ROLE_MOD_MODULE_STATSSTOCK_DELETE'),
(710, 'ROLE_MOD_MODULE_STATSSTOCK_READ'),
(711, 'ROLE_MOD_MODULE_STATSSTOCK_UPDATE'),
(713, 'ROLE_MOD_MODULE_STATSVISITS_CREATE'),
(716, 'ROLE_MOD_MODULE_STATSVISITS_DELETE'),
(714, 'ROLE_MOD_MODULE_STATSVISITS_READ'),
(715, 'ROLE_MOD_MODULE_STATSVISITS_UPDATE'),
(717, 'ROLE_MOD_MODULE_WELCOME_CREATE'),
(720, 'ROLE_MOD_MODULE_WELCOME_DELETE'),
(718, 'ROLE_MOD_MODULE_WELCOME_READ'),
(719, 'ROLE_MOD_MODULE_WELCOME_UPDATE'),
(1, 'ROLE_MOD_TAB_ADMINACCESS_CREATE'),
(4, 'ROLE_MOD_TAB_ADMINACCESS_DELETE'),
(2, 'ROLE_MOD_TAB_ADMINACCESS_READ'),
(3, 'ROLE_MOD_TAB_ADMINACCESS_UPDATE'),
(5, 'ROLE_MOD_TAB_ADMINADDONSCATALOG_CREATE'),
(8, 'ROLE_MOD_TAB_ADMINADDONSCATALOG_DELETE'),
(6, 'ROLE_MOD_TAB_ADMINADDONSCATALOG_READ'),
(7, 'ROLE_MOD_TAB_ADMINADDONSCATALOG_UPDATE'),
(9, 'ROLE_MOD_TAB_ADMINADDRESSES_CREATE'),
(12, 'ROLE_MOD_TAB_ADMINADDRESSES_DELETE'),
(10, 'ROLE_MOD_TAB_ADMINADDRESSES_READ'),
(11, 'ROLE_MOD_TAB_ADMINADDRESSES_UPDATE'),
(13, 'ROLE_MOD_TAB_ADMINADMINPREFERENCES_CREATE'),
(16, 'ROLE_MOD_TAB_ADMINADMINPREFERENCES_DELETE'),
(14, 'ROLE_MOD_TAB_ADMINADMINPREFERENCES_READ'),
(15, 'ROLE_MOD_TAB_ADMINADMINPREFERENCES_UPDATE'),
(17, 'ROLE_MOD_TAB_ADMINADVANCEDPARAMETERS_CREATE'),
(20, 'ROLE_MOD_TAB_ADMINADVANCEDPARAMETERS_DELETE'),
(18, 'ROLE_MOD_TAB_ADMINADVANCEDPARAMETERS_READ'),
(19, 'ROLE_MOD_TAB_ADMINADVANCEDPARAMETERS_UPDATE'),
(561, 'ROLE_MOD_TAB_ADMINAJAXFAVICONBO_CREATE'),
(564, 'ROLE_MOD_TAB_ADMINAJAXFAVICONBO_DELETE'),
(562, 'ROLE_MOD_TAB_ADMINAJAXFAVICONBO_READ'),
(563, 'ROLE_MOD_TAB_ADMINAJAXFAVICONBO_UPDATE'),
(781, 'ROLE_MOD_TAB_ADMINAJAXPRESTASHOPCHECKOUT_CREATE'),
(784, 'ROLE_MOD_TAB_ADMINAJAXPRESTASHOPCHECKOUT_DELETE'),
(782, 'ROLE_MOD_TAB_ADMINAJAXPRESTASHOPCHECKOUT_READ'),
(783, 'ROLE_MOD_TAB_ADMINAJAXPRESTASHOPCHECKOUT_UPDATE'),
(749, 'ROLE_MOD_TAB_ADMINAJAXPSGDPR_CREATE'),
(752, 'ROLE_MOD_TAB_ADMINAJAXPSGDPR_DELETE'),
(750, 'ROLE_MOD_TAB_ADMINAJAXPSGDPR_READ'),
(751, 'ROLE_MOD_TAB_ADMINAJAXPSGDPR_UPDATE'),
(773, 'ROLE_MOD_TAB_ADMINAJAXPS_BUYBUTTONLITE_CREATE'),
(776, 'ROLE_MOD_TAB_ADMINAJAXPS_BUYBUTTONLITE_DELETE'),
(774, 'ROLE_MOD_TAB_ADMINAJAXPS_BUYBUTTONLITE_READ'),
(775, 'ROLE_MOD_TAB_ADMINAJAXPS_BUYBUTTONLITE_UPDATE'),
(21, 'ROLE_MOD_TAB_ADMINATTACHMENTS_CREATE'),
(24, 'ROLE_MOD_TAB_ADMINATTACHMENTS_DELETE'),
(22, 'ROLE_MOD_TAB_ADMINATTACHMENTS_READ'),
(23, 'ROLE_MOD_TAB_ADMINATTACHMENTS_UPDATE'),
(25, 'ROLE_MOD_TAB_ADMINATTRIBUTESGROUPS_CREATE'),
(28, 'ROLE_MOD_TAB_ADMINATTRIBUTESGROUPS_DELETE'),
(26, 'ROLE_MOD_TAB_ADMINATTRIBUTESGROUPS_READ'),
(27, 'ROLE_MOD_TAB_ADMINATTRIBUTESGROUPS_UPDATE'),
(29, 'ROLE_MOD_TAB_ADMINBACKUP_CREATE'),
(32, 'ROLE_MOD_TAB_ADMINBACKUP_DELETE'),
(30, 'ROLE_MOD_TAB_ADMINBACKUP_READ'),
(31, 'ROLE_MOD_TAB_ADMINBACKUP_UPDATE'),
(33, 'ROLE_MOD_TAB_ADMINCARRIERS_CREATE'),
(36, 'ROLE_MOD_TAB_ADMINCARRIERS_DELETE'),
(34, 'ROLE_MOD_TAB_ADMINCARRIERS_READ'),
(35, 'ROLE_MOD_TAB_ADMINCARRIERS_UPDATE'),
(37, 'ROLE_MOD_TAB_ADMINCARTRULES_CREATE'),
(40, 'ROLE_MOD_TAB_ADMINCARTRULES_DELETE'),
(38, 'ROLE_MOD_TAB_ADMINCARTRULES_READ'),
(39, 'ROLE_MOD_TAB_ADMINCARTRULES_UPDATE'),
(41, 'ROLE_MOD_TAB_ADMINCARTS_CREATE'),
(44, 'ROLE_MOD_TAB_ADMINCARTS_DELETE'),
(42, 'ROLE_MOD_TAB_ADMINCARTS_READ'),
(43, 'ROLE_MOD_TAB_ADMINCARTS_UPDATE'),
(45, 'ROLE_MOD_TAB_ADMINCATALOG_CREATE'),
(48, 'ROLE_MOD_TAB_ADMINCATALOG_DELETE'),
(46, 'ROLE_MOD_TAB_ADMINCATALOG_READ'),
(47, 'ROLE_MOD_TAB_ADMINCATALOG_UPDATE'),
(49, 'ROLE_MOD_TAB_ADMINCATEGORIES_CREATE'),
(52, 'ROLE_MOD_TAB_ADMINCATEGORIES_DELETE'),
(50, 'ROLE_MOD_TAB_ADMINCATEGORIES_READ'),
(51, 'ROLE_MOD_TAB_ADMINCATEGORIES_UPDATE'),
(53, 'ROLE_MOD_TAB_ADMINCMSCONTENT_CREATE'),
(56, 'ROLE_MOD_TAB_ADMINCMSCONTENT_DELETE'),
(54, 'ROLE_MOD_TAB_ADMINCMSCONTENT_READ'),
(55, 'ROLE_MOD_TAB_ADMINCMSCONTENT_UPDATE'),
(57, 'ROLE_MOD_TAB_ADMINCONTACTS_CREATE'),
(60, 'ROLE_MOD_TAB_ADMINCONTACTS_DELETE'),
(58, 'ROLE_MOD_TAB_ADMINCONTACTS_READ'),
(59, 'ROLE_MOD_TAB_ADMINCONTACTS_UPDATE'),
(61, 'ROLE_MOD_TAB_ADMINCOUNTRIES_CREATE'),
(64, 'ROLE_MOD_TAB_ADMINCOUNTRIES_DELETE'),
(62, 'ROLE_MOD_TAB_ADMINCOUNTRIES_READ'),
(63, 'ROLE_MOD_TAB_ADMINCOUNTRIES_UPDATE'),
(65, 'ROLE_MOD_TAB_ADMINCURRENCIES_CREATE'),
(68, 'ROLE_MOD_TAB_ADMINCURRENCIES_DELETE'),
(66, 'ROLE_MOD_TAB_ADMINCURRENCIES_READ'),
(67, 'ROLE_MOD_TAB_ADMINCURRENCIES_UPDATE'),
(69, 'ROLE_MOD_TAB_ADMINCUSTOMERPREFERENCES_CREATE'),
(72, 'ROLE_MOD_TAB_ADMINCUSTOMERPREFERENCES_DELETE'),
(70, 'ROLE_MOD_TAB_ADMINCUSTOMERPREFERENCES_READ'),
(71, 'ROLE_MOD_TAB_ADMINCUSTOMERPREFERENCES_UPDATE'),
(73, 'ROLE_MOD_TAB_ADMINCUSTOMERS_CREATE'),
(76, 'ROLE_MOD_TAB_ADMINCUSTOMERS_DELETE'),
(74, 'ROLE_MOD_TAB_ADMINCUSTOMERS_READ'),
(75, 'ROLE_MOD_TAB_ADMINCUSTOMERS_UPDATE'),
(77, 'ROLE_MOD_TAB_ADMINCUSTOMERTHREADS_CREATE'),
(80, 'ROLE_MOD_TAB_ADMINCUSTOMERTHREADS_DELETE'),
(78, 'ROLE_MOD_TAB_ADMINCUSTOMERTHREADS_READ'),
(79, 'ROLE_MOD_TAB_ADMINCUSTOMERTHREADS_UPDATE'),
(81, 'ROLE_MOD_TAB_ADMINDASHBOARD_CREATE'),
(84, 'ROLE_MOD_TAB_ADMINDASHBOARD_DELETE'),
(82, 'ROLE_MOD_TAB_ADMINDASHBOARD_READ'),
(83, 'ROLE_MOD_TAB_ADMINDASHBOARD_UPDATE'),
(493, 'ROLE_MOD_TAB_ADMINDASHGOALS_CREATE'),
(496, 'ROLE_MOD_TAB_ADMINDASHGOALS_DELETE'),
(494, 'ROLE_MOD_TAB_ADMINDASHGOALS_READ'),
(495, 'ROLE_MOD_TAB_ADMINDASHGOALS_UPDATE'),
(85, 'ROLE_MOD_TAB_ADMINDELIVERYSLIP_CREATE'),
(88, 'ROLE_MOD_TAB_ADMINDELIVERYSLIP_DELETE'),
(86, 'ROLE_MOD_TAB_ADMINDELIVERYSLIP_READ'),
(87, 'ROLE_MOD_TAB_ADMINDELIVERYSLIP_UPDATE'),
(753, 'ROLE_MOD_TAB_ADMINDOWNLOADINVOICESPSGDPR_CREATE'),
(756, 'ROLE_MOD_TAB_ADMINDOWNLOADINVOICESPSGDPR_DELETE'),
(754, 'ROLE_MOD_TAB_ADMINDOWNLOADINVOICESPSGDPR_READ'),
(755, 'ROLE_MOD_TAB_ADMINDOWNLOADINVOICESPSGDPR_UPDATE'),
(89, 'ROLE_MOD_TAB_ADMINEMAILS_CREATE'),
(92, 'ROLE_MOD_TAB_ADMINEMAILS_DELETE'),
(90, 'ROLE_MOD_TAB_ADMINEMAILS_READ'),
(91, 'ROLE_MOD_TAB_ADMINEMAILS_UPDATE'),
(737, 'ROLE_MOD_TAB_ADMINEMARKETING_CREATE'),
(740, 'ROLE_MOD_TAB_ADMINEMARKETING_DELETE'),
(738, 'ROLE_MOD_TAB_ADMINEMARKETING_READ'),
(739, 'ROLE_MOD_TAB_ADMINEMARKETING_UPDATE'),
(93, 'ROLE_MOD_TAB_ADMINEMPLOYEES_CREATE'),
(96, 'ROLE_MOD_TAB_ADMINEMPLOYEES_DELETE'),
(94, 'ROLE_MOD_TAB_ADMINEMPLOYEES_READ'),
(95, 'ROLE_MOD_TAB_ADMINEMPLOYEES_UPDATE'),
(97, 'ROLE_MOD_TAB_ADMINFEATURES_CREATE'),
(100, 'ROLE_MOD_TAB_ADMINFEATURES_DELETE'),
(98, 'ROLE_MOD_TAB_ADMINFEATURES_READ'),
(99, 'ROLE_MOD_TAB_ADMINFEATURES_UPDATE'),
(725, 'ROLE_MOD_TAB_ADMINGAMIFICATION_CREATE'),
(728, 'ROLE_MOD_TAB_ADMINGAMIFICATION_DELETE'),
(726, 'ROLE_MOD_TAB_ADMINGAMIFICATION_READ'),
(727, 'ROLE_MOD_TAB_ADMINGAMIFICATION_UPDATE'),
(101, 'ROLE_MOD_TAB_ADMINGENDERS_CREATE'),
(104, 'ROLE_MOD_TAB_ADMINGENDERS_DELETE'),
(102, 'ROLE_MOD_TAB_ADMINGENDERS_READ'),
(103, 'ROLE_MOD_TAB_ADMINGENDERS_UPDATE'),
(105, 'ROLE_MOD_TAB_ADMINGEOLOCATION_CREATE'),
(108, 'ROLE_MOD_TAB_ADMINGEOLOCATION_DELETE'),
(106, 'ROLE_MOD_TAB_ADMINGEOLOCATION_READ'),
(107, 'ROLE_MOD_TAB_ADMINGEOLOCATION_UPDATE'),
(109, 'ROLE_MOD_TAB_ADMINGROUPS_CREATE'),
(112, 'ROLE_MOD_TAB_ADMINGROUPS_DELETE'),
(110, 'ROLE_MOD_TAB_ADMINGROUPS_READ'),
(111, 'ROLE_MOD_TAB_ADMINGROUPS_UPDATE'),
(113, 'ROLE_MOD_TAB_ADMINIMAGES_CREATE'),
(116, 'ROLE_MOD_TAB_ADMINIMAGES_DELETE'),
(114, 'ROLE_MOD_TAB_ADMINIMAGES_READ'),
(115, 'ROLE_MOD_TAB_ADMINIMAGES_UPDATE'),
(117, 'ROLE_MOD_TAB_ADMINIMPORT_CREATE'),
(120, 'ROLE_MOD_TAB_ADMINIMPORT_DELETE'),
(118, 'ROLE_MOD_TAB_ADMINIMPORT_READ'),
(119, 'ROLE_MOD_TAB_ADMINIMPORT_UPDATE'),
(121, 'ROLE_MOD_TAB_ADMININFORMATION_CREATE'),
(124, 'ROLE_MOD_TAB_ADMININFORMATION_DELETE'),
(122, 'ROLE_MOD_TAB_ADMININFORMATION_READ'),
(123, 'ROLE_MOD_TAB_ADMININFORMATION_UPDATE'),
(125, 'ROLE_MOD_TAB_ADMININTERNATIONAL_CREATE'),
(128, 'ROLE_MOD_TAB_ADMININTERNATIONAL_DELETE'),
(126, 'ROLE_MOD_TAB_ADMININTERNATIONAL_READ'),
(127, 'ROLE_MOD_TAB_ADMININTERNATIONAL_UPDATE'),
(129, 'ROLE_MOD_TAB_ADMININVOICES_CREATE'),
(132, 'ROLE_MOD_TAB_ADMININVOICES_DELETE'),
(130, 'ROLE_MOD_TAB_ADMININVOICES_READ'),
(131, 'ROLE_MOD_TAB_ADMININVOICES_UPDATE'),
(133, 'ROLE_MOD_TAB_ADMINLANGUAGES_CREATE'),
(136, 'ROLE_MOD_TAB_ADMINLANGUAGES_DELETE'),
(134, 'ROLE_MOD_TAB_ADMINLANGUAGES_READ'),
(135, 'ROLE_MOD_TAB_ADMINLANGUAGES_UPDATE'),
(137, 'ROLE_MOD_TAB_ADMINLINKWIDGET_CREATE'),
(140, 'ROLE_MOD_TAB_ADMINLINKWIDGET_DELETE'),
(138, 'ROLE_MOD_TAB_ADMINLINKWIDGET_READ'),
(139, 'ROLE_MOD_TAB_ADMINLINKWIDGET_UPDATE'),
(141, 'ROLE_MOD_TAB_ADMINLOCALIZATION_CREATE'),
(144, 'ROLE_MOD_TAB_ADMINLOCALIZATION_DELETE'),
(142, 'ROLE_MOD_TAB_ADMINLOCALIZATION_READ'),
(143, 'ROLE_MOD_TAB_ADMINLOCALIZATION_UPDATE'),
(145, 'ROLE_MOD_TAB_ADMINLOGS_CREATE'),
(148, 'ROLE_MOD_TAB_ADMINLOGS_DELETE'),
(146, 'ROLE_MOD_TAB_ADMINLOGS_READ'),
(147, 'ROLE_MOD_TAB_ADMINLOGS_UPDATE'),
(465, 'ROLE_MOD_TAB_ADMINMAILTHEME_CREATE'),
(468, 'ROLE_MOD_TAB_ADMINMAILTHEME_DELETE'),
(466, 'ROLE_MOD_TAB_ADMINMAILTHEME_READ'),
(467, 'ROLE_MOD_TAB_ADMINMAILTHEME_UPDATE'),
(149, 'ROLE_MOD_TAB_ADMINMAINTENANCE_CREATE'),
(152, 'ROLE_MOD_TAB_ADMINMAINTENANCE_DELETE'),
(150, 'ROLE_MOD_TAB_ADMINMAINTENANCE_READ'),
(151, 'ROLE_MOD_TAB_ADMINMAINTENANCE_UPDATE'),
(153, 'ROLE_MOD_TAB_ADMINMANUFACTURERS_CREATE'),
(156, 'ROLE_MOD_TAB_ADMINMANUFACTURERS_DELETE'),
(154, 'ROLE_MOD_TAB_ADMINMANUFACTURERS_READ'),
(155, 'ROLE_MOD_TAB_ADMINMANUFACTURERS_UPDATE'),
(157, 'ROLE_MOD_TAB_ADMINMETA_CREATE'),
(160, 'ROLE_MOD_TAB_ADMINMETA_DELETE'),
(158, 'ROLE_MOD_TAB_ADMINMETA_READ'),
(159, 'ROLE_MOD_TAB_ADMINMETA_UPDATE'),
(473, 'ROLE_MOD_TAB_ADMINMODULESCATALOG_CREATE'),
(476, 'ROLE_MOD_TAB_ADMINMODULESCATALOG_DELETE'),
(474, 'ROLE_MOD_TAB_ADMINMODULESCATALOG_READ'),
(475, 'ROLE_MOD_TAB_ADMINMODULESCATALOG_UPDATE'),
(469, 'ROLE_MOD_TAB_ADMINMODULESMANAGE_CREATE'),
(472, 'ROLE_MOD_TAB_ADMINMODULESMANAGE_DELETE'),
(470, 'ROLE_MOD_TAB_ADMINMODULESMANAGE_READ'),
(471, 'ROLE_MOD_TAB_ADMINMODULESMANAGE_UPDATE'),
(173, 'ROLE_MOD_TAB_ADMINMODULESNOTIFICATIONS_CREATE'),
(176, 'ROLE_MOD_TAB_ADMINMODULESNOTIFICATIONS_DELETE'),
(174, 'ROLE_MOD_TAB_ADMINMODULESNOTIFICATIONS_READ'),
(175, 'ROLE_MOD_TAB_ADMINMODULESNOTIFICATIONS_UPDATE'),
(165, 'ROLE_MOD_TAB_ADMINMODULESPOSITIONS_CREATE'),
(168, 'ROLE_MOD_TAB_ADMINMODULESPOSITIONS_DELETE'),
(166, 'ROLE_MOD_TAB_ADMINMODULESPOSITIONS_READ'),
(167, 'ROLE_MOD_TAB_ADMINMODULESPOSITIONS_UPDATE'),
(177, 'ROLE_MOD_TAB_ADMINMODULESSF_CREATE'),
(180, 'ROLE_MOD_TAB_ADMINMODULESSF_DELETE'),
(178, 'ROLE_MOD_TAB_ADMINMODULESSF_READ'),
(179, 'ROLE_MOD_TAB_ADMINMODULESSF_UPDATE'),
(169, 'ROLE_MOD_TAB_ADMINMODULESUPDATES_CREATE'),
(172, 'ROLE_MOD_TAB_ADMINMODULESUPDATES_DELETE'),
(170, 'ROLE_MOD_TAB_ADMINMODULESUPDATES_READ'),
(171, 'ROLE_MOD_TAB_ADMINMODULESUPDATES_UPDATE'),
(161, 'ROLE_MOD_TAB_ADMINMODULES_CREATE'),
(164, 'ROLE_MOD_TAB_ADMINMODULES_DELETE'),
(162, 'ROLE_MOD_TAB_ADMINMODULES_READ'),
(163, 'ROLE_MOD_TAB_ADMINMODULES_UPDATE'),
(181, 'ROLE_MOD_TAB_ADMINORDERMESSAGE_CREATE'),
(184, 'ROLE_MOD_TAB_ADMINORDERMESSAGE_DELETE'),
(182, 'ROLE_MOD_TAB_ADMINORDERMESSAGE_READ'),
(183, 'ROLE_MOD_TAB_ADMINORDERMESSAGE_UPDATE'),
(185, 'ROLE_MOD_TAB_ADMINORDERPREFERENCES_CREATE'),
(188, 'ROLE_MOD_TAB_ADMINORDERPREFERENCES_DELETE'),
(186, 'ROLE_MOD_TAB_ADMINORDERPREFERENCES_READ'),
(187, 'ROLE_MOD_TAB_ADMINORDERPREFERENCES_UPDATE'),
(189, 'ROLE_MOD_TAB_ADMINORDERS_CREATE'),
(192, 'ROLE_MOD_TAB_ADMINORDERS_DELETE'),
(190, 'ROLE_MOD_TAB_ADMINORDERS_READ'),
(191, 'ROLE_MOD_TAB_ADMINORDERS_UPDATE'),
(193, 'ROLE_MOD_TAB_ADMINOUTSTANDING_CREATE'),
(196, 'ROLE_MOD_TAB_ADMINOUTSTANDING_DELETE'),
(194, 'ROLE_MOD_TAB_ADMINOUTSTANDING_READ'),
(195, 'ROLE_MOD_TAB_ADMINOUTSTANDING_UPDATE'),
(197, 'ROLE_MOD_TAB_ADMINPARENTATTRIBUTESGROUPS_CREATE'),
(200, 'ROLE_MOD_TAB_ADMINPARENTATTRIBUTESGROUPS_DELETE'),
(198, 'ROLE_MOD_TAB_ADMINPARENTATTRIBUTESGROUPS_READ'),
(199, 'ROLE_MOD_TAB_ADMINPARENTATTRIBUTESGROUPS_UPDATE'),
(201, 'ROLE_MOD_TAB_ADMINPARENTCARTRULES_CREATE'),
(204, 'ROLE_MOD_TAB_ADMINPARENTCARTRULES_DELETE'),
(202, 'ROLE_MOD_TAB_ADMINPARENTCARTRULES_READ'),
(203, 'ROLE_MOD_TAB_ADMINPARENTCARTRULES_UPDATE'),
(205, 'ROLE_MOD_TAB_ADMINPARENTCOUNTRIES_CREATE'),
(208, 'ROLE_MOD_TAB_ADMINPARENTCOUNTRIES_DELETE'),
(206, 'ROLE_MOD_TAB_ADMINPARENTCOUNTRIES_READ'),
(207, 'ROLE_MOD_TAB_ADMINPARENTCOUNTRIES_UPDATE'),
(213, 'ROLE_MOD_TAB_ADMINPARENTCUSTOMERPREFERENCES_CREATE'),
(216, 'ROLE_MOD_TAB_ADMINPARENTCUSTOMERPREFERENCES_DELETE'),
(214, 'ROLE_MOD_TAB_ADMINPARENTCUSTOMERPREFERENCES_READ'),
(215, 'ROLE_MOD_TAB_ADMINPARENTCUSTOMERPREFERENCES_UPDATE'),
(217, 'ROLE_MOD_TAB_ADMINPARENTCUSTOMERTHREADS_CREATE'),
(220, 'ROLE_MOD_TAB_ADMINPARENTCUSTOMERTHREADS_DELETE'),
(218, 'ROLE_MOD_TAB_ADMINPARENTCUSTOMERTHREADS_READ'),
(219, 'ROLE_MOD_TAB_ADMINPARENTCUSTOMERTHREADS_UPDATE'),
(209, 'ROLE_MOD_TAB_ADMINPARENTCUSTOMER_CREATE'),
(212, 'ROLE_MOD_TAB_ADMINPARENTCUSTOMER_DELETE'),
(210, 'ROLE_MOD_TAB_ADMINPARENTCUSTOMER_READ'),
(211, 'ROLE_MOD_TAB_ADMINPARENTCUSTOMER_UPDATE'),
(221, 'ROLE_MOD_TAB_ADMINPARENTEMPLOYEES_CREATE'),
(224, 'ROLE_MOD_TAB_ADMINPARENTEMPLOYEES_DELETE'),
(222, 'ROLE_MOD_TAB_ADMINPARENTEMPLOYEES_READ'),
(223, 'ROLE_MOD_TAB_ADMINPARENTEMPLOYEES_UPDATE'),
(225, 'ROLE_MOD_TAB_ADMINPARENTLOCALIZATION_CREATE'),
(228, 'ROLE_MOD_TAB_ADMINPARENTLOCALIZATION_DELETE'),
(226, 'ROLE_MOD_TAB_ADMINPARENTLOCALIZATION_READ'),
(227, 'ROLE_MOD_TAB_ADMINPARENTLOCALIZATION_UPDATE'),
(461, 'ROLE_MOD_TAB_ADMINPARENTMAILTHEME_CREATE'),
(464, 'ROLE_MOD_TAB_ADMINPARENTMAILTHEME_DELETE'),
(462, 'ROLE_MOD_TAB_ADMINPARENTMAILTHEME_READ'),
(463, 'ROLE_MOD_TAB_ADMINPARENTMAILTHEME_UPDATE'),
(229, 'ROLE_MOD_TAB_ADMINPARENTMANUFACTURERS_CREATE'),
(232, 'ROLE_MOD_TAB_ADMINPARENTMANUFACTURERS_DELETE'),
(230, 'ROLE_MOD_TAB_ADMINPARENTMANUFACTURERS_READ'),
(231, 'ROLE_MOD_TAB_ADMINPARENTMANUFACTURERS_UPDATE'),
(237, 'ROLE_MOD_TAB_ADMINPARENTMETA_CREATE'),
(240, 'ROLE_MOD_TAB_ADMINPARENTMETA_DELETE'),
(238, 'ROLE_MOD_TAB_ADMINPARENTMETA_READ'),
(239, 'ROLE_MOD_TAB_ADMINPARENTMETA_UPDATE'),
(477, 'ROLE_MOD_TAB_ADMINPARENTMODULESCATALOG_CREATE'),
(480, 'ROLE_MOD_TAB_ADMINPARENTMODULESCATALOG_DELETE'),
(478, 'ROLE_MOD_TAB_ADMINPARENTMODULESCATALOG_READ'),
(479, 'ROLE_MOD_TAB_ADMINPARENTMODULESCATALOG_UPDATE'),
(233, 'ROLE_MOD_TAB_ADMINPARENTMODULESSF_CREATE'),
(236, 'ROLE_MOD_TAB_ADMINPARENTMODULESSF_DELETE'),
(234, 'ROLE_MOD_TAB_ADMINPARENTMODULESSF_READ'),
(235, 'ROLE_MOD_TAB_ADMINPARENTMODULESSF_UPDATE'),
(241, 'ROLE_MOD_TAB_ADMINPARENTMODULES_CREATE'),
(244, 'ROLE_MOD_TAB_ADMINPARENTMODULES_DELETE'),
(242, 'ROLE_MOD_TAB_ADMINPARENTMODULES_READ'),
(243, 'ROLE_MOD_TAB_ADMINPARENTMODULES_UPDATE'),
(245, 'ROLE_MOD_TAB_ADMINPARENTORDERPREFERENCES_CREATE'),
(248, 'ROLE_MOD_TAB_ADMINPARENTORDERPREFERENCES_DELETE'),
(246, 'ROLE_MOD_TAB_ADMINPARENTORDERPREFERENCES_READ'),
(247, 'ROLE_MOD_TAB_ADMINPARENTORDERPREFERENCES_UPDATE'),
(249, 'ROLE_MOD_TAB_ADMINPARENTORDERS_CREATE'),
(252, 'ROLE_MOD_TAB_ADMINPARENTORDERS_DELETE'),
(250, 'ROLE_MOD_TAB_ADMINPARENTORDERS_READ'),
(251, 'ROLE_MOD_TAB_ADMINPARENTORDERS_UPDATE'),
(253, 'ROLE_MOD_TAB_ADMINPARENTPAYMENT_CREATE'),
(256, 'ROLE_MOD_TAB_ADMINPARENTPAYMENT_DELETE'),
(254, 'ROLE_MOD_TAB_ADMINPARENTPAYMENT_READ'),
(255, 'ROLE_MOD_TAB_ADMINPARENTPAYMENT_UPDATE'),
(257, 'ROLE_MOD_TAB_ADMINPARENTPREFERENCES_CREATE'),
(260, 'ROLE_MOD_TAB_ADMINPARENTPREFERENCES_DELETE'),
(258, 'ROLE_MOD_TAB_ADMINPARENTPREFERENCES_READ'),
(259, 'ROLE_MOD_TAB_ADMINPARENTPREFERENCES_UPDATE'),
(261, 'ROLE_MOD_TAB_ADMINPARENTREQUESTSQL_CREATE'),
(264, 'ROLE_MOD_TAB_ADMINPARENTREQUESTSQL_DELETE'),
(262, 'ROLE_MOD_TAB_ADMINPARENTREQUESTSQL_READ'),
(263, 'ROLE_MOD_TAB_ADMINPARENTREQUESTSQL_UPDATE'),
(265, 'ROLE_MOD_TAB_ADMINPARENTSEARCHCONF_CREATE'),
(268, 'ROLE_MOD_TAB_ADMINPARENTSEARCHCONF_DELETE'),
(266, 'ROLE_MOD_TAB_ADMINPARENTSEARCHCONF_READ'),
(267, 'ROLE_MOD_TAB_ADMINPARENTSEARCHCONF_UPDATE'),
(269, 'ROLE_MOD_TAB_ADMINPARENTSHIPPING_CREATE'),
(272, 'ROLE_MOD_TAB_ADMINPARENTSHIPPING_DELETE'),
(270, 'ROLE_MOD_TAB_ADMINPARENTSHIPPING_READ'),
(271, 'ROLE_MOD_TAB_ADMINPARENTSHIPPING_UPDATE'),
(273, 'ROLE_MOD_TAB_ADMINPARENTSTOCKMANAGEMENT_CREATE'),
(276, 'ROLE_MOD_TAB_ADMINPARENTSTOCKMANAGEMENT_DELETE'),
(274, 'ROLE_MOD_TAB_ADMINPARENTSTOCKMANAGEMENT_READ'),
(275, 'ROLE_MOD_TAB_ADMINPARENTSTOCKMANAGEMENT_UPDATE'),
(277, 'ROLE_MOD_TAB_ADMINPARENTSTORES_CREATE'),
(280, 'ROLE_MOD_TAB_ADMINPARENTSTORES_DELETE'),
(278, 'ROLE_MOD_TAB_ADMINPARENTSTORES_READ'),
(279, 'ROLE_MOD_TAB_ADMINPARENTSTORES_UPDATE'),
(281, 'ROLE_MOD_TAB_ADMINPARENTTAXES_CREATE'),
(284, 'ROLE_MOD_TAB_ADMINPARENTTAXES_DELETE'),
(282, 'ROLE_MOD_TAB_ADMINPARENTTAXES_READ'),
(283, 'ROLE_MOD_TAB_ADMINPARENTTAXES_UPDATE'),
(285, 'ROLE_MOD_TAB_ADMINPARENTTHEMES_CREATE'),
(288, 'ROLE_MOD_TAB_ADMINPARENTTHEMES_DELETE'),
(286, 'ROLE_MOD_TAB_ADMINPARENTTHEMES_READ'),
(287, 'ROLE_MOD_TAB_ADMINPARENTTHEMES_UPDATE'),
(293, 'ROLE_MOD_TAB_ADMINPAYMENTPREFERENCES_CREATE'),
(296, 'ROLE_MOD_TAB_ADMINPAYMENTPREFERENCES_DELETE'),
(294, 'ROLE_MOD_TAB_ADMINPAYMENTPREFERENCES_READ'),
(295, 'ROLE_MOD_TAB_ADMINPAYMENTPREFERENCES_UPDATE'),
(289, 'ROLE_MOD_TAB_ADMINPAYMENT_CREATE'),
(292, 'ROLE_MOD_TAB_ADMINPAYMENT_DELETE'),
(290, 'ROLE_MOD_TAB_ADMINPAYMENT_READ'),
(291, 'ROLE_MOD_TAB_ADMINPAYMENT_UPDATE'),
(785, 'ROLE_MOD_TAB_ADMINPAYPALONBOARDINGPRESTASHOPCHECKOUT_CREATE'),
(788, 'ROLE_MOD_TAB_ADMINPAYPALONBOARDINGPRESTASHOPCHECKOUT_DELETE'),
(786, 'ROLE_MOD_TAB_ADMINPAYPALONBOARDINGPRESTASHOPCHECKOUT_READ'),
(787, 'ROLE_MOD_TAB_ADMINPAYPALONBOARDINGPRESTASHOPCHECKOUT_UPDATE'),
(297, 'ROLE_MOD_TAB_ADMINPERFORMANCE_CREATE'),
(300, 'ROLE_MOD_TAB_ADMINPERFORMANCE_DELETE'),
(298, 'ROLE_MOD_TAB_ADMINPERFORMANCE_READ'),
(299, 'ROLE_MOD_TAB_ADMINPERFORMANCE_UPDATE'),
(301, 'ROLE_MOD_TAB_ADMINPPREFERENCES_CREATE'),
(304, 'ROLE_MOD_TAB_ADMINPPREFERENCES_DELETE'),
(302, 'ROLE_MOD_TAB_ADMINPPREFERENCES_READ'),
(303, 'ROLE_MOD_TAB_ADMINPPREFERENCES_UPDATE'),
(305, 'ROLE_MOD_TAB_ADMINPREFERENCES_CREATE'),
(308, 'ROLE_MOD_TAB_ADMINPREFERENCES_DELETE'),
(306, 'ROLE_MOD_TAB_ADMINPREFERENCES_READ'),
(307, 'ROLE_MOD_TAB_ADMINPREFERENCES_UPDATE'),
(309, 'ROLE_MOD_TAB_ADMINPRODUCTS_CREATE'),
(312, 'ROLE_MOD_TAB_ADMINPRODUCTS_DELETE'),
(310, 'ROLE_MOD_TAB_ADMINPRODUCTS_READ'),
(311, 'ROLE_MOD_TAB_ADMINPRODUCTS_UPDATE'),
(313, 'ROLE_MOD_TAB_ADMINPROFILES_CREATE'),
(316, 'ROLE_MOD_TAB_ADMINPROFILES_DELETE'),
(314, 'ROLE_MOD_TAB_ADMINPROFILES_READ'),
(315, 'ROLE_MOD_TAB_ADMINPROFILES_UPDATE'),
(761, 'ROLE_MOD_TAB_ADMINPSMBOMODULE_CREATE'),
(764, 'ROLE_MOD_TAB_ADMINPSMBOMODULE_DELETE'),
(762, 'ROLE_MOD_TAB_ADMINPSMBOMODULE_READ'),
(763, 'ROLE_MOD_TAB_ADMINPSMBOMODULE_UPDATE'),
(765, 'ROLE_MOD_TAB_ADMINPSMBOTHEME_CREATE'),
(768, 'ROLE_MOD_TAB_ADMINPSMBOTHEME_DELETE'),
(766, 'ROLE_MOD_TAB_ADMINPSMBOTHEME_READ'),
(767, 'ROLE_MOD_TAB_ADMINPSMBOTHEME_UPDATE'),
(617, 'ROLE_MOD_TAB_ADMINPSTHEMECUSTOADVANCED_CREATE'),
(620, 'ROLE_MOD_TAB_ADMINPSTHEMECUSTOADVANCED_DELETE'),
(618, 'ROLE_MOD_TAB_ADMINPSTHEMECUSTOADVANCED_READ'),
(619, 'ROLE_MOD_TAB_ADMINPSTHEMECUSTOADVANCED_UPDATE'),
(613, 'ROLE_MOD_TAB_ADMINPSTHEMECUSTOCONFIGURATION_CREATE'),
(616, 'ROLE_MOD_TAB_ADMINPSTHEMECUSTOCONFIGURATION_DELETE'),
(614, 'ROLE_MOD_TAB_ADMINPSTHEMECUSTOCONFIGURATION_READ'),
(615, 'ROLE_MOD_TAB_ADMINPSTHEMECUSTOCONFIGURATION_UPDATE'),
(317, 'ROLE_MOD_TAB_ADMINREFERRERS_CREATE'),
(320, 'ROLE_MOD_TAB_ADMINREFERRERS_DELETE'),
(318, 'ROLE_MOD_TAB_ADMINREFERRERS_READ'),
(319, 'ROLE_MOD_TAB_ADMINREFERRERS_UPDATE'),
(321, 'ROLE_MOD_TAB_ADMINREQUESTSQL_CREATE'),
(324, 'ROLE_MOD_TAB_ADMINREQUESTSQL_DELETE'),
(322, 'ROLE_MOD_TAB_ADMINREQUESTSQL_READ'),
(323, 'ROLE_MOD_TAB_ADMINREQUESTSQL_UPDATE'),
(325, 'ROLE_MOD_TAB_ADMINRETURN_CREATE'),
(328, 'ROLE_MOD_TAB_ADMINRETURN_DELETE'),
(326, 'ROLE_MOD_TAB_ADMINRETURN_READ'),
(327, 'ROLE_MOD_TAB_ADMINRETURN_UPDATE'),
(329, 'ROLE_MOD_TAB_ADMINSEARCHCONF_CREATE'),
(332, 'ROLE_MOD_TAB_ADMINSEARCHCONF_DELETE'),
(330, 'ROLE_MOD_TAB_ADMINSEARCHCONF_READ'),
(331, 'ROLE_MOD_TAB_ADMINSEARCHCONF_UPDATE'),
(333, 'ROLE_MOD_TAB_ADMINSEARCHENGINES_CREATE'),
(336, 'ROLE_MOD_TAB_ADMINSEARCHENGINES_DELETE'),
(334, 'ROLE_MOD_TAB_ADMINSEARCHENGINES_READ'),
(335, 'ROLE_MOD_TAB_ADMINSEARCHENGINES_UPDATE'),
(337, 'ROLE_MOD_TAB_ADMINSHIPPING_CREATE'),
(340, 'ROLE_MOD_TAB_ADMINSHIPPING_DELETE'),
(338, 'ROLE_MOD_TAB_ADMINSHIPPING_READ'),
(339, 'ROLE_MOD_TAB_ADMINSHIPPING_UPDATE'),
(341, 'ROLE_MOD_TAB_ADMINSHOPGROUP_CREATE'),
(344, 'ROLE_MOD_TAB_ADMINSHOPGROUP_DELETE'),
(342, 'ROLE_MOD_TAB_ADMINSHOPGROUP_READ'),
(343, 'ROLE_MOD_TAB_ADMINSHOPGROUP_UPDATE'),
(345, 'ROLE_MOD_TAB_ADMINSHOPURL_CREATE'),
(348, 'ROLE_MOD_TAB_ADMINSHOPURL_DELETE'),
(346, 'ROLE_MOD_TAB_ADMINSHOPURL_READ'),
(347, 'ROLE_MOD_TAB_ADMINSHOPURL_UPDATE'),
(349, 'ROLE_MOD_TAB_ADMINSLIP_CREATE'),
(352, 'ROLE_MOD_TAB_ADMINSLIP_DELETE'),
(350, 'ROLE_MOD_TAB_ADMINSLIP_READ'),
(351, 'ROLE_MOD_TAB_ADMINSLIP_UPDATE'),
(353, 'ROLE_MOD_TAB_ADMINSPECIFICPRICERULE_CREATE'),
(356, 'ROLE_MOD_TAB_ADMINSPECIFICPRICERULE_DELETE'),
(354, 'ROLE_MOD_TAB_ADMINSPECIFICPRICERULE_READ'),
(355, 'ROLE_MOD_TAB_ADMINSPECIFICPRICERULE_UPDATE'),
(357, 'ROLE_MOD_TAB_ADMINSTATES_CREATE'),
(360, 'ROLE_MOD_TAB_ADMINSTATES_DELETE'),
(358, 'ROLE_MOD_TAB_ADMINSTATES_READ'),
(359, 'ROLE_MOD_TAB_ADMINSTATES_UPDATE'),
(361, 'ROLE_MOD_TAB_ADMINSTATS_CREATE'),
(364, 'ROLE_MOD_TAB_ADMINSTATS_DELETE'),
(362, 'ROLE_MOD_TAB_ADMINSTATS_READ'),
(363, 'ROLE_MOD_TAB_ADMINSTATS_UPDATE'),
(365, 'ROLE_MOD_TAB_ADMINSTATUSES_CREATE'),
(368, 'ROLE_MOD_TAB_ADMINSTATUSES_DELETE'),
(366, 'ROLE_MOD_TAB_ADMINSTATUSES_READ'),
(367, 'ROLE_MOD_TAB_ADMINSTATUSES_UPDATE'),
(373, 'ROLE_MOD_TAB_ADMINSTOCKCONFIGURATION_CREATE'),
(376, 'ROLE_MOD_TAB_ADMINSTOCKCONFIGURATION_DELETE'),
(374, 'ROLE_MOD_TAB_ADMINSTOCKCONFIGURATION_READ'),
(375, 'ROLE_MOD_TAB_ADMINSTOCKCONFIGURATION_UPDATE'),
(377, 'ROLE_MOD_TAB_ADMINSTOCKCOVER_CREATE'),
(380, 'ROLE_MOD_TAB_ADMINSTOCKCOVER_DELETE'),
(378, 'ROLE_MOD_TAB_ADMINSTOCKCOVER_READ'),
(379, 'ROLE_MOD_TAB_ADMINSTOCKCOVER_UPDATE'),
(381, 'ROLE_MOD_TAB_ADMINSTOCKINSTANTSTATE_CREATE'),
(384, 'ROLE_MOD_TAB_ADMINSTOCKINSTANTSTATE_DELETE'),
(382, 'ROLE_MOD_TAB_ADMINSTOCKINSTANTSTATE_READ'),
(383, 'ROLE_MOD_TAB_ADMINSTOCKINSTANTSTATE_UPDATE'),
(385, 'ROLE_MOD_TAB_ADMINSTOCKMANAGEMENT_CREATE'),
(388, 'ROLE_MOD_TAB_ADMINSTOCKMANAGEMENT_DELETE'),
(386, 'ROLE_MOD_TAB_ADMINSTOCKMANAGEMENT_READ'),
(387, 'ROLE_MOD_TAB_ADMINSTOCKMANAGEMENT_UPDATE'),
(389, 'ROLE_MOD_TAB_ADMINSTOCKMVT_CREATE'),
(392, 'ROLE_MOD_TAB_ADMINSTOCKMVT_DELETE'),
(390, 'ROLE_MOD_TAB_ADMINSTOCKMVT_READ'),
(391, 'ROLE_MOD_TAB_ADMINSTOCKMVT_UPDATE'),
(369, 'ROLE_MOD_TAB_ADMINSTOCK_CREATE'),
(372, 'ROLE_MOD_TAB_ADMINSTOCK_DELETE'),
(370, 'ROLE_MOD_TAB_ADMINSTOCK_READ'),
(371, 'ROLE_MOD_TAB_ADMINSTOCK_UPDATE'),
(393, 'ROLE_MOD_TAB_ADMINSTORES_CREATE'),
(396, 'ROLE_MOD_TAB_ADMINSTORES_DELETE'),
(394, 'ROLE_MOD_TAB_ADMINSTORES_READ'),
(395, 'ROLE_MOD_TAB_ADMINSTORES_UPDATE'),
(397, 'ROLE_MOD_TAB_ADMINSUPPLIERS_CREATE'),
(400, 'ROLE_MOD_TAB_ADMINSUPPLIERS_DELETE'),
(398, 'ROLE_MOD_TAB_ADMINSUPPLIERS_READ'),
(399, 'ROLE_MOD_TAB_ADMINSUPPLIERS_UPDATE'),
(401, 'ROLE_MOD_TAB_ADMINSUPPLYORDERS_CREATE'),
(404, 'ROLE_MOD_TAB_ADMINSUPPLYORDERS_DELETE'),
(402, 'ROLE_MOD_TAB_ADMINSUPPLYORDERS_READ'),
(403, 'ROLE_MOD_TAB_ADMINSUPPLYORDERS_UPDATE'),
(405, 'ROLE_MOD_TAB_ADMINTAGS_CREATE'),
(408, 'ROLE_MOD_TAB_ADMINTAGS_DELETE'),
(406, 'ROLE_MOD_TAB_ADMINTAGS_READ'),
(407, 'ROLE_MOD_TAB_ADMINTAGS_UPDATE'),
(409, 'ROLE_MOD_TAB_ADMINTAXES_CREATE'),
(412, 'ROLE_MOD_TAB_ADMINTAXES_DELETE'),
(410, 'ROLE_MOD_TAB_ADMINTAXES_READ'),
(411, 'ROLE_MOD_TAB_ADMINTAXES_UPDATE'),
(413, 'ROLE_MOD_TAB_ADMINTAXRULESGROUP_CREATE'),
(416, 'ROLE_MOD_TAB_ADMINTAXRULESGROUP_DELETE'),
(414, 'ROLE_MOD_TAB_ADMINTAXRULESGROUP_READ'),
(415, 'ROLE_MOD_TAB_ADMINTAXRULESGROUP_UPDATE'),
(421, 'ROLE_MOD_TAB_ADMINTHEMESCATALOG_CREATE'),
(424, 'ROLE_MOD_TAB_ADMINTHEMESCATALOG_DELETE'),
(422, 'ROLE_MOD_TAB_ADMINTHEMESCATALOG_READ'),
(423, 'ROLE_MOD_TAB_ADMINTHEMESCATALOG_UPDATE'),
(609, 'ROLE_MOD_TAB_ADMINTHEMESPARENT_CREATE'),
(612, 'ROLE_MOD_TAB_ADMINTHEMESPARENT_DELETE'),
(610, 'ROLE_MOD_TAB_ADMINTHEMESPARENT_READ'),
(611, 'ROLE_MOD_TAB_ADMINTHEMESPARENT_UPDATE'),
(417, 'ROLE_MOD_TAB_ADMINTHEMES_CREATE'),
(420, 'ROLE_MOD_TAB_ADMINTHEMES_DELETE'),
(418, 'ROLE_MOD_TAB_ADMINTHEMES_READ'),
(419, 'ROLE_MOD_TAB_ADMINTHEMES_UPDATE'),
(425, 'ROLE_MOD_TAB_ADMINTRACKING_CREATE'),
(428, 'ROLE_MOD_TAB_ADMINTRACKING_DELETE'),
(426, 'ROLE_MOD_TAB_ADMINTRACKING_READ'),
(427, 'ROLE_MOD_TAB_ADMINTRACKING_UPDATE'),
(429, 'ROLE_MOD_TAB_ADMINTRANSLATIONS_CREATE'),
(432, 'ROLE_MOD_TAB_ADMINTRANSLATIONS_DELETE'),
(430, 'ROLE_MOD_TAB_ADMINTRANSLATIONS_READ'),
(431, 'ROLE_MOD_TAB_ADMINTRANSLATIONS_UPDATE'),
(433, 'ROLE_MOD_TAB_ADMINWAREHOUSES_CREATE'),
(436, 'ROLE_MOD_TAB_ADMINWAREHOUSES_DELETE'),
(434, 'ROLE_MOD_TAB_ADMINWAREHOUSES_READ'),
(435, 'ROLE_MOD_TAB_ADMINWAREHOUSES_UPDATE'),
(437, 'ROLE_MOD_TAB_ADMINWEBSERVICE_CREATE'),
(440, 'ROLE_MOD_TAB_ADMINWEBSERVICE_DELETE'),
(438, 'ROLE_MOD_TAB_ADMINWEBSERVICE_READ'),
(439, 'ROLE_MOD_TAB_ADMINWEBSERVICE_UPDATE'),
(721, 'ROLE_MOD_TAB_ADMINWELCOME_CREATE'),
(724, 'ROLE_MOD_TAB_ADMINWELCOME_DELETE'),
(722, 'ROLE_MOD_TAB_ADMINWELCOME_READ'),
(723, 'ROLE_MOD_TAB_ADMINWELCOME_UPDATE'),
(441, 'ROLE_MOD_TAB_ADMINZONES_CREATE'),
(444, 'ROLE_MOD_TAB_ADMINZONES_DELETE'),
(442, 'ROLE_MOD_TAB_ADMINZONES_READ'),
(443, 'ROLE_MOD_TAB_ADMINZONES_UPDATE'),
(445, 'ROLE_MOD_TAB_CONFIGURE_CREATE'),
(448, 'ROLE_MOD_TAB_CONFIGURE_DELETE'),
(446, 'ROLE_MOD_TAB_CONFIGURE_READ'),
(447, 'ROLE_MOD_TAB_CONFIGURE_UPDATE'),
(449, 'ROLE_MOD_TAB_IMPROVE_CREATE'),
(452, 'ROLE_MOD_TAB_IMPROVE_DELETE'),
(450, 'ROLE_MOD_TAB_IMPROVE_READ'),
(451, 'ROLE_MOD_TAB_IMPROVE_UPDATE'),
(453, 'ROLE_MOD_TAB_SELL_CREATE'),
(456, 'ROLE_MOD_TAB_SELL_DELETE'),
(454, 'ROLE_MOD_TAB_SELL_READ'),
(455, 'ROLE_MOD_TAB_SELL_UPDATE'),
(457, 'ROLE_MOD_TAB_SHOPPARAMETERS_CREATE'),
(460, 'ROLE_MOD_TAB_SHOPPARAMETERS_DELETE'),
(458, 'ROLE_MOD_TAB_SHOPPARAMETERS_READ'),
(459, 'ROLE_MOD_TAB_SHOPPARAMETERS_UPDATE');

-- --------------------------------------------------------

--
-- Structure de la table `pscha_badge`
--

CREATE TABLE `pscha_badge` (
  `id_badge` int(11) NOT NULL,
  `id_ps_badge` int(11) NOT NULL,
  `type` varchar(32) NOT NULL,
  `id_group` int(11) NOT NULL,
  `group_position` int(11) NOT NULL,
  `scoring` int(11) NOT NULL,
  `awb` int(11) DEFAULT '0',
  `validated` tinyint(1) UNSIGNED NOT NULL DEFAULT '0'
) ENGINE=InnoDB DEFAULT CHARSET=utf8;

--
-- Déchargement des données de la table `pscha_badge`
--

INSERT INTO `pscha_badge` (`id_badge`, `id_ps_badge`, `type`, `id_group`, `group_position`, `scoring`, `awb`, `validated`) VALUES
(1, 159, 'feature', 41, 1, 5, 1, 0),
(2, 160, 'feature', 41, 2, 10, 1, 0),
(3, 161, 'feature', 41, 3, 15, 1, 0),
(4, 162, 'feature', 41, 4, 20, 1, 0),
(5, 163, 'feature', 41, 1, 5, 1, 0),
(6, 164, 'feature', 41, 2, 10, 1, 0),
(7, 165, 'feature', 41, 3, 15, 1, 0),
(8, 166, 'feature', 41, 4, 20, 1, 0),
(9, 195, 'feature', 41, 1, 5, 1, 0),
(10, 196, 'feature', 41, 2, 10, 1, 0),
(11, 229, 'feature', 41, 1, 5, 1, 0),
(12, 230, 'feature', 41, 2, 10, 1, 0),
(13, 231, 'feature', 41, 3, 15, 1, 0),
(14, 232, 'feature', 41, 4, 20, 1, 0),
(15, 233, 'feature', 41, 1, 5, 1, 0),
(16, 234, 'feature', 41, 2, 10, 1, 0),
(17, 235, 'feature', 41, 3, 15, 1, 0),
(18, 236, 'feature', 41, 4, 20, 1, 0),
(19, 241, 'feature', 41, 1, 5, 1, 0),
(20, 242, 'feature', 41, 2, 10, 1, 0),
(21, 243, 'feature', 41, 3, 15, 1, 0),
(22, 244, 'feature', 41, 4, 20, 1, 0),
(23, 249, 'feature', 41, 1, 5, 1, 0),
(24, 250, 'feature', 41, 2, 10, 1, 0),
(25, 251, 'feature', 41, 3, 15, 1, 0),
(26, 252, 'feature', 41, 4, 20, 1, 0),
(27, 253, 'feature', 41, 1, 5, 1, 0),
(28, 254, 'feature', 41, 2, 10, 1, 0),
(29, 255, 'feature', 41, 3, 15, 1, 0),
(30, 256, 'feature', 41, 4, 20, 1, 0),
(31, 261, 'feature', 41, 1, 5, 1, 0),
(32, 262, 'feature', 41, 2, 10, 1, 0),
(33, 269, 'feature', 41, 1, 5, 1, 0),
(34, 270, 'feature', 41, 2, 10, 1, 0),
(35, 271, 'feature', 41, 3, 15, 1, 0),
(36, 272, 'feature', 41, 4, 20, 1, 0),
(37, 273, 'feature', 41, 1, 5, 1, 0),
(38, 274, 'feature', 41, 2, 10, 1, 0),
(39, 275, 'feature', 41, 3, 15, 1, 0),
(40, 276, 'feature', 41, 4, 20, 1, 0),
(41, 277, 'feature', 41, 1, 5, 1, 0),
(42, 278, 'feature', 41, 2, 10, 1, 0),
(43, 279, 'feature', 41, 3, 15, 1, 0),
(44, 280, 'feature', 41, 4, 20, 1, 0),
(45, 281, 'feature', 41, 1, 5, 1, 0),
(46, 282, 'feature', 41, 2, 10, 1, 0),
(47, 283, 'feature', 41, 3, 15, 1, 0),
(48, 284, 'feature', 41, 4, 20, 1, 0),
(49, 285, 'feature', 41, 1, 5, 1, 0),
(50, 286, 'feature', 41, 2, 10, 1, 0),
(51, 287, 'feature', 41, 3, 15, 1, 0),
(52, 288, 'feature', 41, 4, 20, 1, 0),
(53, 289, 'feature', 41, 1, 5, 1, 0),
(54, 290, 'feature', 41, 2, 10, 1, 0),
(55, 291, 'feature', 41, 3, 15, 1, 0),
(56, 292, 'feature', 41, 4, 20, 1, 0),
(57, 293, 'feature', 41, 1, 5, 1, 0),
(58, 294, 'feature', 41, 2, 10, 1, 0),
(59, 295, 'feature', 41, 3, 15, 1, 0),
(60, 296, 'feature', 41, 4, 20, 1, 0),
(61, 297, 'feature', 41, 1, 5, 1, 0),
(62, 298, 'feature', 41, 2, 10, 1, 0),
(63, 299, 'feature', 41, 3, 15, 1, 0),
(64, 300, 'feature', 41, 4, 20, 1, 0),
(65, 301, 'feature', 41, 1, 5, 1, 0),
(66, 302, 'feature', 41, 2, 10, 1, 0),
(67, 303, 'feature', 41, 3, 15, 1, 0),
(68, 304, 'feature', 41, 4, 20, 1, 0),
(69, 305, 'feature', 41, 1, 5, 1, 0),
(70, 306, 'feature', 41, 2, 10, 1, 0),
(71, 307, 'feature', 41, 3, 15, 1, 0),
(72, 308, 'feature', 41, 4, 20, 1, 0),
(73, 309, 'feature', 41, 1, 5, 1, 0),
(74, 310, 'feature', 41, 2, 10, 1, 0),
(75, 311, 'feature', 41, 3, 15, 1, 0),
(76, 312, 'feature', 41, 4, 20, 1, 0),
(77, 313, 'feature', 41, 1, 5, 1, 0),
(78, 314, 'feature', 41, 2, 10, 1, 0),
(79, 315, 'feature', 41, 3, 15, 1, 0),
(80, 316, 'feature', 41, 4, 20, 1, 0),
(81, 317, 'feature', 41, 1, 5, 1, 0),
(82, 318, 'feature', 41, 2, 10, 1, 0),
(83, 319, 'feature', 41, 3, 15, 1, 0),
(84, 320, 'feature', 41, 4, 20, 1, 0),
(85, 321, 'feature', 41, 1, 5, 1, 0),
(86, 322, 'feature', 41, 2, 10, 1, 0),
(87, 323, 'feature', 41, 3, 15, 1, 0),
(88, 324, 'feature', 41, 4, 20, 1, 0),
(89, 325, 'feature', 41, 1, 5, 1, 0),
(90, 326, 'feature', 41, 2, 10, 1, 0),
(91, 327, 'feature', 41, 3, 15, 1, 0),
(92, 328, 'feature', 41, 4, 20, 1, 0),
(93, 329, 'feature', 41, 1, 5, 1, 0),
(94, 330, 'feature', 41, 2, 10, 1, 0),
(95, 331, 'feature', 41, 3, 15, 1, 0),
(96, 332, 'feature', 41, 4, 20, 1, 0),
(97, 333, 'feature', 41, 1, 5, 1, 0),
(98, 334, 'feature', 41, 2, 10, 1, 0),
(99, 335, 'feature', 41, 3, 15, 1, 0),
(100, 336, 'feature', 41, 4, 20, 1, 0),
(101, 337, 'feature', 41, 1, 5, 1, 0),
(102, 338, 'feature', 41, 2, 10, 1, 0),
(103, 339, 'feature', 41, 3, 15, 1, 0),
(104, 340, 'feature', 41, 4, 20, 1, 0),
(105, 341, 'feature', 41, 1, 5, 1, 0),
(106, 342, 'feature', 41, 2, 10, 1, 0),
(107, 343, 'feature', 41, 3, 15, 1, 0),
(108, 344, 'feature', 41, 4, 20, 1, 0),
(109, 345, 'feature', 41, 1, 5, 1, 0),
(110, 346, 'feature', 41, 2, 10, 1, 0),
(111, 347, 'feature', 41, 3, 15, 1, 0),
(112, 348, 'feature', 41, 4, 20, 1, 0),
(113, 349, 'feature', 41, 1, 5, 1, 0),
(114, 350, 'feature', 41, 2, 10, 1, 0),
(115, 351, 'feature', 41, 3, 15, 1, 0),
(116, 352, 'feature', 41, 4, 20, 1, 0),
(117, 353, 'feature', 41, 1, 5, 1, 0),
(118, 354, 'feature', 41, 2, 10, 1, 0),
(119, 355, 'feature', 41, 3, 15, 1, 0),
(120, 356, 'feature', 41, 4, 20, 1, 0),
(121, 357, 'feature', 41, 1, 5, 1, 0),
(122, 358, 'feature', 41, 2, 10, 1, 0),
(123, 359, 'feature', 41, 3, 15, 1, 0),
(124, 360, 'feature', 41, 4, 20, 1, 0),
(125, 1, 'feature', 1, 1, 10, 0, 1),
(126, 2, 'feature', 2, 1, 10, 0, 0),
(127, 3, 'feature', 2, 2, 15, 0, 0),
(128, 4, 'feature', 3, 1, 15, 0, 0),
(129, 5, 'feature', 3, 2, 15, 0, 0),
(130, 6, 'feature', 4, 1, 15, 0, 0),
(131, 7, 'feature', 4, 2, 15, 0, 0),
(132, 8, 'feature', 5, 1, 5, 0, 1),
(133, 9, 'feature', 5, 2, 10, 0, 0),
(134, 10, 'feature', 6, 1, 15, 0, 0),
(135, 11, 'feature', 6, 2, 10, 0, 0),
(136, 12, 'feature', 6, 3, 10, 0, 0),
(137, 13, 'feature', 5, 3, 10, 0, 0),
(138, 14, 'feature', 5, 4, 15, 0, 0),
(139, 15, 'feature', 5, 5, 20, 0, 0),
(140, 16, 'feature', 5, 6, 20, 0, 0),
(141, 17, 'achievement', 7, 1, 5, 0, 1),
(142, 18, 'achievement', 7, 2, 10, 0, 0),
(143, 19, 'feature', 8, 1, 15, 0, 1),
(144, 20, 'feature', 8, 2, 15, 0, 0),
(145, 21, 'feature', 9, 1, 15, 0, 0),
(146, 22, 'feature', 10, 1, 10, 0, 0),
(147, 23, 'feature', 10, 2, 10, 0, 0),
(148, 24, 'feature', 10, 3, 10, 0, 0),
(149, 25, 'feature', 10, 4, 10, 0, 0),
(150, 26, 'feature', 10, 5, 10, 0, 0),
(151, 27, 'feature', 4, 3, 10, 0, 0),
(152, 28, 'feature', 3, 3, 10, 0, 0),
(153, 29, 'achievement', 11, 1, 5, 0, 0),
(154, 30, 'achievement', 11, 2, 10, 0, 0),
(155, 31, 'achievement', 11, 3, 15, 0, 0),
(156, 32, 'achievement', 11, 4, 20, 0, 0),
(157, 33, 'achievement', 11, 5, 25, 0, 0),
(158, 34, 'achievement', 11, 6, 30, 0, 0),
(159, 35, 'achievement', 7, 3, 15, 0, 0),
(160, 36, 'achievement', 7, 4, 20, 0, 0),
(161, 37, 'achievement', 7, 5, 25, 0, 0),
(162, 38, 'achievement', 7, 6, 30, 0, 0),
(163, 39, 'achievement', 12, 1, 5, 0, 0),
(164, 40, 'achievement', 12, 2, 10, 0, 0),
(165, 41, 'achievement', 12, 3, 15, 0, 0),
(166, 42, 'achievement', 12, 4, 20, 0, 0),
(167, 43, 'achievement', 12, 5, 25, 0, 0),
(168, 44, 'achievement', 12, 6, 30, 0, 0),
(169, 45, 'achievement', 13, 1, 5, 0, 0),
(170, 46, 'achievement', 13, 2, 10, 0, 0),
(171, 47, 'achievement', 13, 3, 15, 0, 0),
(172, 48, 'achievement', 13, 4, 20, 0, 0),
(173, 49, 'achievement', 13, 5, 25, 0, 0),
(174, 50, 'achievement', 13, 6, 30, 0, 0),
(175, 51, 'achievement', 14, 1, 5, 0, 0),
(176, 52, 'achievement', 14, 2, 10, 0, 0),
(177, 53, 'achievement', 14, 3, 15, 0, 0),
(178, 54, 'achievement', 14, 4, 20, 0, 0),
(179, 55, 'achievement', 14, 5, 25, 0, 0),
(180, 56, 'achievement', 14, 6, 30, 0, 0),
(181, 57, 'achievement', 15, 1, 5, 0, 0),
(182, 58, 'achievement', 15, 2, 10, 0, 0),
(183, 59, 'achievement', 15, 3, 15, 0, 0),
(184, 60, 'achievement', 15, 4, 20, 0, 0),
(185, 61, 'achievement', 15, 5, 25, 0, 0),
(186, 62, 'achievement', 15, 6, 30, 0, 0),
(187, 63, 'achievement', 16, 1, 5, 0, 1),
(188, 64, 'achievement', 16, 2, 10, 0, 0),
(189, 65, 'achievement', 16, 3, 15, 0, 0),
(190, 66, 'achievement', 16, 4, 20, 0, 0),
(191, 67, 'achievement', 16, 5, 25, 0, 0),
(192, 68, 'achievement', 16, 6, 30, 0, 0),
(193, 74, 'international', 22, 1, 10, 0, 0),
(194, 75, 'international', 23, 1, 10, 0, 0),
(195, 83, 'international', 31, 1, 10, 0, 0),
(196, 84, 'international', 25, 1, 10, 0, 0),
(197, 85, 'international', 32, 1, 10, 0, 0),
(198, 86, 'international', 33, 1, 10, 0, 0),
(199, 87, 'international', 34, 1, 10, 0, 0),
(200, 88, 'feature', 35, 1, 5, 0, 0),
(201, 89, 'feature', 35, 2, 10, 0, 0),
(202, 90, 'feature', 35, 3, 10, 0, 0),
(203, 91, 'feature', 35, 4, 10, 0, 0),
(204, 92, 'feature', 35, 5, 10, 0, 0),
(205, 93, 'feature', 35, 6, 10, 0, 0),
(206, 94, 'feature', 36, 1, 5, 0, 0),
(207, 95, 'feature', 36, 2, 5, 0, 0),
(208, 96, 'feature', 36, 3, 10, 0, 0),
(209, 97, 'feature', 36, 4, 10, 0, 0),
(210, 98, 'feature', 36, 5, 20, 0, 0),
(211, 99, 'feature', 36, 6, 20, 0, 0),
(212, 100, 'feature', 8, 3, 15, 0, 0),
(213, 101, 'achievement', 37, 1, 5, 0, 0),
(214, 102, 'achievement', 37, 2, 5, 0, 0),
(215, 103, 'achievement', 37, 3, 10, 0, 0),
(216, 104, 'achievement', 37, 4, 10, 0, 0),
(217, 105, 'achievement', 37, 5, 15, 0, 0),
(218, 106, 'achievement', 37, 6, 15, 0, 0),
(219, 107, 'achievement', 38, 1, 10, 0, 0),
(220, 108, 'achievement', 38, 2, 10, 0, 0),
(221, 109, 'achievement', 38, 3, 15, 0, 0),
(222, 110, 'achievement', 38, 4, 20, 0, 0),
(223, 111, 'achievement', 38, 5, 25, 0, 0),
(224, 112, 'achievement', 38, 6, 30, 0, 0),
(225, 113, 'achievement', 39, 1, 10, 0, 0),
(226, 114, 'achievement', 39, 2, 20, 0, 0),
(227, 115, 'achievement', 39, 3, 30, 0, 0),
(228, 116, 'achievement', 39, 4, 40, 0, 0),
(229, 117, 'achievement', 39, 5, 50, 0, 0),
(230, 118, 'achievement', 39, 6, 50, 0, 0),
(231, 119, 'feature', 40, 1, 10, 0, 0),
(232, 120, 'feature', 40, 2, 15, 0, 0),
(233, 121, 'feature', 40, 3, 20, 0, 0),
(234, 122, 'feature', 40, 4, 25, 0, 0);

-- --------------------------------------------------------

--
-- Structure de la table `pscha_badge_lang`
--

CREATE TABLE `pscha_badge_lang` (
  `id_badge` int(11) NOT NULL,
  `id_lang` int(11) NOT NULL,
  `name` varchar(64) DEFAULT NULL,
  `description` varchar(255) DEFAULT NULL,
  `group_name` varchar(255) DEFAULT NULL
) ENGINE=InnoDB DEFAULT CHARSET=utf8;

--
-- Déchargement des données de la table `pscha_badge_lang`
--

INSERT INTO `pscha_badge_lang` (`id_badge`, `id_lang`, `name`, `description`, `group_name`) VALUES
(1, 1, 'Shopgate installed', 'You have installed the Shopgate module', 'Partners'),
(2, 1, 'Shopgate configured', 'You have configured the Shopgate module', 'Partners'),
(3, 1, 'Shopgate active', 'Your Shopgate module is active', 'Partners'),
(4, 1, 'Shopgate very active', 'Your Shopgate module is very active', 'Partners'),
(5, 1, 'Skrill installed', 'You have installed the Skrill module', 'Partners'),
(6, 1, 'Skrill configured', 'You have configured the Skrill module', 'Partners'),
(7, 1, 'Skrill active', 'Your Skrill module is active', 'Partners'),
(8, 1, 'Skrill very active', 'Your Skrill module is very active', 'Partners'),
(9, 1, 'Shopping Feed installed', 'You have installed the Shopping Feed module', 'Partners'),
(10, 1, 'Shopping Feed configured', 'You have configured the Shopping Feed module', 'Partners'),
(11, 1, 'Alliance Payment installed', 'You have installed the Alliance Payment module', 'Partners'),
(12, 1, 'Alliance Payment configured', 'You have configured the Alliance Payment module', 'Partners'),
(13, 1, 'Alliance Payment active', 'Your Alliance Payment module is active', 'Partners'),
(14, 1, 'Alliance Payment very active', 'Your Alliance Payment module is very active', 'Partners'),
(15, 1, 'Authorize Aim installed', 'You have installed the Authorize Aim module', 'Partners'),
(16, 1, 'Authorize Aim configured', 'You have configured the Authorize Aim module', 'Partners'),
(17, 1, 'Authorize Aim active', 'Your Authorize Aim module is active', 'Partners'),
(18, 1, 'Authorize Aim very active', 'Your Authorize Aim module is very active', 'Partners'),
(19, 1, 'Blue Pay installed', 'You have installed the Blue Pay module', 'Partners'),
(20, 1, 'Blue Pay configured', 'You have configured the Blue Pay module', 'Partners'),
(21, 1, 'Blue Pay active', 'Your Blue Pay module is active', 'Partners'),
(22, 1, 'Blue Pay very active', 'Your Blue Pay module is very active', 'Partners'),
(23, 1, 'Ebay installed', 'You have installed the Ebay module', 'Partners'),
(24, 1, 'Ebay configured', 'You have configured the Ebay module', 'Partners'),
(25, 1, 'Ebay active', 'Your Ebay module is active', 'Partners'),
(26, 1, 'Ebay very active', 'Your Ebay module is very active', 'Partners'),
(27, 1, 'PayPlug installed', 'You have installed the PayPlug module', 'Partners'),
(28, 1, 'PayPlug configured', 'You have configured the PayPlug module', 'Partners'),
(29, 1, 'PayPlug active', 'Your PayPlug module is active', 'Partners'),
(30, 1, 'PayPlug very active', 'Your PayPlug module is very active', 'Partners'),
(31, 1, 'Affinity Items installed', 'You have installed the Affinity Items module', 'Partners'),
(32, 1, 'Affinity Items configured', 'You have configured the Affinity Items module', 'Partners'),
(33, 1, 'DPD Poland installed', 'You have installed the DPD Poland module', 'Partners'),
(34, 1, 'DPD Poland configured', 'You have configured the DPD Poland module', 'Partners'),
(35, 1, 'DPD Poland active', 'Your DPD Poland module is active', 'Partners'),
(36, 1, 'DPD Poland very active', 'Your DPD Poland module is very active', 'Partners'),
(37, 1, 'Envoimoinscher installed', 'You have installed the Envoimoinscher module', 'Partners'),
(38, 1, 'Envoimoinscher configured', 'You have configured the Envoimoinscher module', 'Partners'),
(39, 1, 'Envoimoinscher active', 'Your Envoimoinscher module is active', 'Partners'),
(40, 1, 'Envoimoinscher very active', 'Your Envoimoinscher module is very active', 'Partners'),
(41, 1, 'Klik&Pay installed', 'You have installed the Klik&Pay module', 'Partners'),
(42, 1, 'Klik&Pay configured', 'You have configured the Klik&Pay module', 'Partners'),
(43, 1, 'Klik&Pay active', 'Your Klik&Pay module is active', 'Partners'),
(44, 1, 'Klik&Pay very active', 'Your Klik&Pay module is very active', 'Partners'),
(45, 1, 'Clickline installed', 'You have installed the Clickline module', 'Partners'),
(46, 1, 'Clickline configured', 'You have configured the Clickline module', 'Partners'),
(47, 1, 'Clickline active', 'Your Clickline module is active', 'Partners'),
(48, 1, 'Clickline very active', 'Your Clickline module is very active', 'Partners'),
(49, 1, 'CDiscount installed', 'You have installed the CDiscount module', 'Partners'),
(50, 1, 'CDiscount configured', 'You have configured the CDiscount module', 'Partners'),
(51, 1, 'CDiscount active', 'Your CDiscount module is active', 'Partners'),
(52, 1, 'CDiscount very active', 'Your CDiscount module is very active', 'Partners'),
(53, 1, 'illicoPresta installed', 'You have installed the illicoPresta module', 'Partners'),
(54, 1, 'illicoPresta configured', 'You have configured the illicoPresta module', 'Partners'),
(55, 1, 'illicoPresta active', 'Your illicoPresta module is active', 'Partners'),
(56, 1, 'illicoPresta very active', 'Your illicoPresta module is very active', 'Partners'),
(57, 1, 'NetReviews installed', 'You have installed the NetReviews module', 'Partners'),
(58, 1, 'NetReviews configured', 'You have configured the NetReviews module', 'Partners'),
(59, 1, 'NetReviews active', 'Your NetReviews module is active', 'Partners'),
(60, 1, 'NetReviews very active', 'Your NetReviews module is very active', 'Partners'),
(61, 1, 'Bluesnap installed', 'You have installed the Bluesnap module', 'Partners'),
(62, 1, 'Bluesnap configured', 'You have configured the Bluesnap module', 'Partners'),
(63, 1, 'Bluesnap active', 'Your Bluesnap module is active', 'Partners'),
(64, 1, 'Bluesnap very active', 'Your Bluesnap module is very active', 'Partners'),
(65, 1, 'Desjardins installed', 'You have installed the Desjardins module', 'Partners'),
(66, 1, 'Desjardins configured', 'You have configured the Desjardins module', 'Partners'),
(67, 1, 'Desjardins active', 'Your Desjardins module is active', 'Partners'),
(68, 1, 'Desjardins very active', 'Your Desjardins module is very active', 'Partners'),
(69, 1, 'First Data installed', 'You have installed the First Data module', 'Partners'),
(70, 1, 'First Data configured', 'You have configured the First Data module', 'Partners'),
(71, 1, 'First Data active', 'Your First Data module is active', 'Partners'),
(72, 1, 'First Data very active', 'Your First Data module is very active', 'Partners'),
(73, 1, 'Give.it installed', 'You have installed the Give.it module', 'Partners'),
(74, 1, 'Give.it configured', 'You have configured the Give.it module', 'Partners'),
(75, 1, 'Give.it active', 'Your Give.it module is active', 'Partners'),
(76, 1, 'Give.it very active', 'Your Give.it module is very active', 'Partners'),
(77, 1, 'Google Analytics installed', 'You have installed the Google Analytics module', 'Partners'),
(78, 1, 'Google Analytics configured', 'You have configured the Google Analytics module', 'Partners'),
(79, 1, 'Google Analytics active', 'Your Google Analytics module is active', 'Partners'),
(80, 1, 'Google Analytics very active', 'Your Google Analytics module is very active', 'Partners'),
(81, 1, 'PagSeguro installed', 'You have installed the PagSeguro module', 'Partners'),
(82, 1, 'PagSeguro configured', 'You have configured the PagSeguro module', 'Partners'),
(83, 1, 'PagSeguro active', 'Your PagSeguro module is active', 'Partners'),
(84, 1, 'PagSeguro very active', 'Your PagSeguro module is very active', 'Partners'),
(85, 1, 'Paypal MX installed', 'You have installed the Paypal MX module', 'Partners'),
(86, 1, 'Paypal MX configured', 'You have configured the Paypal MX module', 'Partners'),
(87, 1, 'Paypal MX active', 'Your Paypal MX module is active', 'Partners'),
(88, 1, 'Paypal MX very active', 'Your Paypal MX module is very active', 'Partners'),
(89, 1, 'Paypal USA installed', 'You have installed the Paypal USA module', 'Partners'),
(90, 1, 'Paypal USA configured', 'You have configured the Paypal USA module', 'Partners'),
(91, 1, 'Paypal USA active', 'Your Paypal USA module is active', 'Partners'),
(92, 1, 'Paypal USA very active', 'Your Paypal USA module is very active', 'Partners'),
(93, 1, 'PayULatam installed', 'You have installed the PayULatam module', 'Partners'),
(94, 1, 'PayULatam configured', 'You have configured the PayULatam module', 'Partners'),
(95, 1, 'PayULatam active', 'Your PayULatam module is active', 'Partners'),
(96, 1, 'PayULatam very active', 'Your PayULatam module is very active', 'Partners'),
(97, 1, 'PrestaStats installed', 'You have installed the PrestaStats module', 'Partners'),
(98, 1, 'PrestaStats configured', 'You have configured the PrestaStats module', 'Partners'),
(99, 1, 'PrestaStats active', 'Your PrestaStats module is active', 'Partners'),
(100, 1, 'PrestaStats very active', 'Your PrestaStats module is very active', 'Partners'),
(101, 1, 'Riskified installed', 'You have installed the Riskified module', 'Partners'),
(102, 1, 'Riskified configured', 'You have configured the Riskified module', 'Partners'),
(103, 1, 'Riskified active', 'Your Riskified module is active', 'Partners'),
(104, 1, 'Riskified very active', 'Your Riskified module is very active', 'Partners'),
(105, 1, 'Simplify installed', 'You have installed the Simplify module', 'Partners'),
(106, 1, 'Simplify configured', 'You have configured the Simplify module', 'Partners'),
(107, 1, 'Simplify active', 'Your Simplify module is active', 'Partners'),
(108, 1, 'Simplify very active', 'Your Simplify module is very active', 'Partners'),
(109, 1, 'VTPayment installed', 'You have installed the VTPayment module', 'Partners'),
(110, 1, 'VTPayment configured', 'You have configured the VTPayment module', 'Partners'),
(111, 1, 'VTPayment active', 'Your VTPayment module is active', 'Partners'),
(112, 1, 'VTPayment very active', 'Your VTPayment module is very active', 'Partners'),
(113, 1, 'Yotpo installed', 'You have installed the Yotpo module', 'Partners'),
(114, 1, 'Yotpo configured', 'You have configured the Yotpo module', 'Partners'),
(115, 1, 'Yotpo active', 'Your Yotpo module is active', 'Partners'),
(116, 1, 'Yotpo very active', 'Your Yotpo module is very active', 'Partners'),
(117, 1, 'Youstice installed', 'You have installed the Youstice module', 'Partners'),
(118, 1, 'Youstice configured', 'You have configured the Youstice module', 'Partners'),
(119, 1, 'Youstice active', 'Your Youstice module is active', 'Partners'),
(120, 1, 'Youstice very active', 'Your Youstice module is very active', 'Partners'),
(121, 1, 'Loyalty Lion installed', 'You have installed the Loyalty Lion module', 'Partners'),
(122, 1, 'Loyalty Lion configured', 'You have configured the Loyalty Lion module', 'Partners'),
(123, 1, 'Loyalty Lion active', 'Your Loyalty Lion module is active', 'Partners'),
(124, 1, 'Loyalty Lion very active', 'Your Loyalty Lion module is very active', 'Partners'),
(125, 1, 'SEO', 'You enabled the URL rewriting through the tab \"Preferences > SEO and URLs\".', 'SEO'),
(126, 1, 'Site Performance', 'You enabled CCC (Combine, Compress and Cache), Rijndael and Smarty through the tab \r\nAdvanced Parameters > Performance.', 'Site Performance'),
(127, 1, 'Site Performance', 'You enabled media servers through the tab \"Advanced parameters > Performance\".', 'Site Performance'),
(128, 1, 'Payment', 'You configured a payment solution on your shop.', 'Payment'),
(129, 1, 'Payment', 'You offer two different payment methods to your customers.', 'Payment'),
(130, 1, 'Shipping', 'You configured a carrier on your shop.', 'Shipping'),
(131, 1, 'Shipping', 'You offer two shipping solutions (carriers) to your customers.', 'Shipping'),
(132, 1, 'Catalog Size', 'You added your first product to your catalog!', 'Catalog Size'),
(133, 1, 'Catalog Size', 'You have 10 products within your catalog.', 'Catalog Size'),
(134, 1, 'Contact information', 'You configured your phone number so your customers can reach you!', 'Contact information'),
(135, 1, 'Contact information', 'You added a third email address to your contact form.', 'Contact information'),
(136, 1, 'Contact information', 'You suggest a total of 5 departments to be reached by your customers via your contact form.', 'Contact information'),
(137, 1, 'Catalog Size', 'You have 100 products within your catalog.', 'Catalog Size'),
(138, 1, 'Catalog Size', 'You have 1,000 products within your catalog.', 'Catalog Size'),
(139, 1, 'Catalog Size', 'You have 10,000 products within your catalog.', 'Catalog Size'),
(140, 1, 'Catalog Size', 'You have 100,000 products within your catalog.', 'Catalog Size'),
(141, 1, 'Days of Experience', 'You just installed PrestaShop!', 'Days of Experience'),
(142, 1, 'Days of Experience', 'You installed PrestaShop a week ago!', 'Days of Experience'),
(143, 1, 'Customization', 'You uploaded your own logo.', 'Customization'),
(144, 1, 'Customization', 'You installed a new template.', 'Customization'),
(145, 1, 'Addons', 'You connected your back-office to the Addons platform using your PrestaShop Addons account.', 'Addons'),
(146, 1, 'Multistores', 'You enabled the Multistores feature.', 'Multistores'),
(147, 1, 'Multistores', 'You manage two shops with the Multistores feature.', 'Multistores'),
(148, 1, 'Multistores', 'You manage two different groups of shops using the Multistores feature.', 'Multistores'),
(149, 1, 'Multistores', 'You manage five shops with the Multistores feature.', 'Multistores'),
(150, 1, 'Multistores', 'You manage five different groups of shops using the Multistores feature.', 'Multistores'),
(151, 1, 'Shipping', 'You offer three different shipping solutions (carriers) to your customers.', 'Shipping'),
(152, 1, 'Payment', 'You offer three different payment methods to your customers.', 'Payment'),
(153, 1, 'Revenue', 'You get this badge when you reach 200 USD in sales.', 'Revenue'),
(154, 1, 'Revenue', 'You get this badge when you reach 1000 USD in sales.', 'Revenue'),
(155, 1, 'Revenue', 'You get this badge when you reach 1000 USD in sales.', 'Revenue'),
(156, 1, 'Revenue', 'You get this badge when you reach 200 USD in sales.', 'Revenue'),
(157, 1, 'Revenue', 'You get this badge when you reach 1000 USD in sales.', 'Revenue'),
(158, 1, 'Revenue', 'You get this badge when you reach 1000 USD in sales.', 'Revenue'),
(159, 1, 'Days of Experience', 'You installed PrestaShop a month ago!', 'Days of Experience'),
(160, 1, 'Days of Experience', 'You installed PrestaShop six months ago!', 'Days of Experience'),
(161, 1, 'Days of Experience', 'You installed PrestaShop a year ago!', 'Days of Experience'),
(162, 1, 'Days of Experience', 'You installed PrestaShop two years ago!', 'Days of Experience'),
(163, 1, 'Visitors', 'You reached 10 visitors!', 'Visitors'),
(164, 1, 'Visitors', 'You reached 100 visitors!', 'Visitors'),
(165, 1, 'Visitors', 'You reached 1,000 visitors!', 'Visitors'),
(166, 1, 'Visitors', 'You reached 10,000 visitors!', 'Visitors'),
(167, 1, 'Visitors', 'You reached 100,000 visitors!', 'Visitors'),
(168, 1, 'Visitors', 'You reached 1,000,000 visitors!', 'Visitors'),
(169, 1, 'Customer Carts', 'Two carts have been created by visitors', 'Customer Carts'),
(170, 1, 'Customer Carts', 'Ten carts have been created by visitors.', 'Customer Carts'),
(171, 1, 'Customer Carts', 'A hundred carts have been created by visitors on your shop.', 'Customer Carts'),
(172, 1, 'Customer Carts', 'A thousand carts have been created by visitors on your shop.', 'Customer Carts'),
(173, 1, 'Customer Carts', '10,000 carts have been created by visitors.', 'Customer Carts'),
(174, 1, 'Customer Carts', '100,000 carts have been created by visitors.', 'Customer Carts'),
(175, 1, 'Orders', 'You received your first order.', 'Orders'),
(176, 1, 'Orders', '10 orders have been placed through your online shop.', 'Orders'),
(177, 1, 'Orders', 'You received 100 orders through your online shop!', 'Orders'),
(178, 1, 'Orders', 'You received 1,000 orders through your online shop, congrats!', 'Orders'),
(179, 1, 'Orders', 'You received 10,000 orders through your online shop, cheers!', 'Orders'),
(180, 1, 'Orders', 'You received 100,000 orders through your online shop!', 'Orders'),
(181, 1, 'Customer Service Threads', 'You received  your first customer\'s message.', 'Customer Service Threads'),
(182, 1, 'Customer Service Threads', 'You received 10 messages from your customers.', 'Customer Service Threads'),
(183, 1, 'Customer Service Threads', 'You received 100 messages from your customers.', 'Customer Service Threads'),
(184, 1, 'Customer Service Threads', 'You received 1,000 messages from your customers.', 'Customer Service Threads'),
(185, 1, 'Customer Service Threads', 'You received 10,000 messages from your customers.', 'Customer Service Threads'),
(186, 1, 'Customer Service Threads', 'You received 100,000 messages from your customers.', 'Customer Service Threads'),
(187, 1, 'Customers', 'You got the first customer registered on your shop!', 'Customers'),
(188, 1, 'Customers', 'You have over 10 customers registered on your shop.', 'Customers'),
(189, 1, 'Customers', 'You have over 100 customers registered on your shop.', 'Customers'),
(190, 1, 'Customers', 'You have over 1,000 customers registered on your shop.', 'Customers'),
(191, 1, 'Customers', 'You have over 10,000 customers registered on your shop.', 'Customers'),
(192, 1, 'Customers', 'You have over 100,000 customers registered on your shop.', 'Customers'),
(193, 1, 'North America', 'You got your first sale in North America', 'North America'),
(194, 1, 'Oceania', 'You got your first sale in Oceania', 'Oceania'),
(195, 1, 'Asia', 'You got your first sale in Asia', 'Asia'),
(196, 1, 'South America', 'You got your first sale in South America', 'South America'),
(197, 1, 'Europe', 'You got your first sale in  Europe!', 'Europe'),
(198, 1, 'Africa', 'You got your first sale in Africa', 'Africa'),
(199, 1, 'Maghreb', 'You got your first sale in Maghreb', 'Maghreb'),
(200, 1, 'Your Team\'s Employees', 'First employee account added to your shop', 'Your Team\'s Employees'),
(201, 1, 'Your Team\'s Employees', '3 employee accounts added to your shop', 'Your Team\'s Employees'),
(202, 1, 'Your Team\'s Employees', '5 employee accounts added to your shop', 'Your Team\'s Employees'),
(203, 1, 'Your Team\'s Employees', '10 employee accounts added to your shop', 'Your Team\'s Employees'),
(204, 1, 'Your Team\'s Employees', '20 employee accounts added to your shop', 'Your Team\'s Employees'),
(205, 1, 'Your Team\'s Employees', '40 employee accounts added to your shop', 'Your Team\'s Employees'),
(206, 1, 'Product Pictures', 'First photo added to your catalog', 'Product Pictures'),
(207, 1, 'Product Pictures', '50 photos added to your catalog', 'Product Pictures'),
(208, 1, 'Product Pictures', '100 photos added to your catalog', 'Product Pictures'),
(209, 1, 'Product Pictures', '1,000 photos added to your catalog', 'Product Pictures'),
(210, 1, 'Product Pictures', '10,000 photos added to your catalog', 'Product Pictures'),
(211, 1, 'Product Pictures', '50,000 photos added to your catalog', 'Product Pictures'),
(212, 1, 'Customization', 'First CMS page added to your catalog', 'Customization'),
(213, 1, 'Cart Rules', 'First cart rules configured on your shop', 'Cart Rules'),
(214, 1, 'Cart Rules', 'You have 10 cart rules configured on your shop', 'Cart Rules'),
(215, 1, 'Cart Rules', 'You have 100 cart rules configured on your shop', 'Cart Rules'),
(216, 1, 'Cart Rules', 'You have 500 cart rules configured on your shop', 'Cart Rules'),
(217, 1, 'Cart Rules', 'You have 1,000 cart rules configured on your shop', 'Cart Rules'),
(218, 1, 'Cart Rules', 'You have 5,000 cart rules configured on your shop', 'Cart Rules'),
(219, 1, 'International Orders', 'First international order placed on your shop.', 'International Orders'),
(220, 1, 'International Orders', '10 international orders placed on your shop.', 'International Orders'),
(221, 1, 'International Orders', '100 international orders placed on your shop!', 'International Orders'),
(222, 1, 'International Orders', '1,000 international orders placed on your shop!', 'International Orders'),
(223, 1, 'International Orders', '5,000 international orders placed on your shop!', 'International Orders'),
(224, 1, 'International Orders', '10,000 international orders placed on your shop!', 'International Orders'),
(225, 1, 'Store', 'First store configured on your shop!', 'Store'),
(226, 1, 'Store', 'You have 2 stores configured on your shop', 'Store'),
(227, 1, 'Store', 'You have 5 stores configured on your shop', 'Store'),
(228, 1, 'Store', 'You have 10 stores configured on your shop', 'Store'),
(229, 1, 'Store', 'You have 20 stores configured on your shop', 'Store'),
(230, 1, 'Store', 'You have 50 stores configured on your shop', 'Store'),
(231, 1, 'Webservice x1', 'First webservice account added to your shop', 'WebService'),
(232, 1, 'Webservice x2', '2 webservice accounts added to your shop', 'WebService'),
(233, 1, 'Webservice x3', '3 webservice accounts added to your shop', 'WebService'),
(234, 1, 'Webservice x4', '4 webservice accounts added to your shop', 'WebService');

-- --------------------------------------------------------

--
-- Structure de la table `pscha_carrier`
--

CREATE TABLE `pscha_carrier` (
  `id_carrier` int(10) UNSIGNED NOT NULL,
  `id_reference` int(10) UNSIGNED NOT NULL,
  `id_tax_rules_group` int(10) UNSIGNED DEFAULT '0',
  `name` varchar(64) NOT NULL,
  `url` varchar(255) DEFAULT NULL,
  `active` tinyint(1) UNSIGNED NOT NULL DEFAULT '0',
  `deleted` tinyint(1) UNSIGNED NOT NULL DEFAULT '0',
  `shipping_handling` tinyint(1) UNSIGNED NOT NULL DEFAULT '1',
  `range_behavior` tinyint(1) UNSIGNED NOT NULL DEFAULT '0',
  `is_module` tinyint(1) UNSIGNED NOT NULL DEFAULT '0',
  `is_free` tinyint(1) UNSIGNED NOT NULL DEFAULT '0',
  `shipping_external` tinyint(1) UNSIGNED NOT NULL DEFAULT '0',
  `need_range` tinyint(1) UNSIGNED NOT NULL DEFAULT '0',
  `external_module_name` varchar(64) DEFAULT NULL,
  `shipping_method` int(2) NOT NULL DEFAULT '0',
  `position` int(10) UNSIGNED NOT NULL DEFAULT '0',
  `max_width` int(10) DEFAULT '0',
  `max_height` int(10) DEFAULT '0',
  `max_depth` int(10) DEFAULT '0',
  `max_weight` decimal(20,6) DEFAULT '0.000000',
  `grade` int(10) DEFAULT '0'
) ENGINE=InnoDB DEFAULT CHARSET=utf8;

--
-- Déchargement des données de la table `pscha_carrier`
--

INSERT INTO `pscha_carrier` (`id_carrier`, `id_reference`, `id_tax_rules_group`, `name`, `url`, `active`, `deleted`, `shipping_handling`, `range_behavior`, `is_module`, `is_free`, `shipping_external`, `need_range`, `external_module_name`, `shipping_method`, `position`, `max_width`, `max_height`, `max_depth`, `max_weight`, `grade`) VALUES
(1, 1, 0, '0', '', 1, 0, 0, 0, 0, 1, 0, 0, '', 0, 0, 0, 0, 0, '0.000000', 0),
(2, 2, 0, 'My carrier', '', 1, 0, 1, 0, 0, 0, 0, 0, '', 0, 1, 0, 0, 0, '0.000000', 0);

-- --------------------------------------------------------

--
-- Structure de la table `pscha_carrier_group`
--

CREATE TABLE `pscha_carrier_group` (
  `id_carrier` int(10) UNSIGNED NOT NULL,
  `id_group` int(10) UNSIGNED NOT NULL
) ENGINE=InnoDB DEFAULT CHARSET=utf8;

--
-- Déchargement des données de la table `pscha_carrier_group`
--

INSERT INTO `pscha_carrier_group` (`id_carrier`, `id_group`) VALUES
(1, 1),
(1, 2),
(1, 3),
(2, 1),
(2, 2),
(2, 3);

-- --------------------------------------------------------

--
-- Structure de la table `pscha_carrier_lang`
--

CREATE TABLE `pscha_carrier_lang` (
  `id_carrier` int(10) UNSIGNED NOT NULL,
  `id_shop` int(11) UNSIGNED NOT NULL DEFAULT '1',
  `id_lang` int(10) UNSIGNED NOT NULL,
  `delay` varchar(512) DEFAULT NULL
) ENGINE=InnoDB DEFAULT CHARSET=utf8;

--
-- Déchargement des données de la table `pscha_carrier_lang`
--

INSERT INTO `pscha_carrier_lang` (`id_carrier`, `id_shop`, `id_lang`, `delay`) VALUES
(1, 1, 1, 'Retrait en magasin'),
(2, 1, 1, 'Livraison le lendemain !');

-- --------------------------------------------------------

--
-- Structure de la table `pscha_carrier_shop`
--

CREATE TABLE `pscha_carrier_shop` (
  `id_carrier` int(11) UNSIGNED NOT NULL,
  `id_shop` int(11) UNSIGNED NOT NULL
) ENGINE=InnoDB DEFAULT CHARSET=utf8;

--
-- Déchargement des données de la table `pscha_carrier_shop`
--

INSERT INTO `pscha_carrier_shop` (`id_carrier`, `id_shop`) VALUES
(1, 1),
(2, 1);

-- --------------------------------------------------------

--
-- Structure de la table `pscha_carrier_tax_rules_group_shop`
--

CREATE TABLE `pscha_carrier_tax_rules_group_shop` (
  `id_carrier` int(11) UNSIGNED NOT NULL,
  `id_tax_rules_group` int(11) UNSIGNED NOT NULL,
  `id_shop` int(11) UNSIGNED NOT NULL
) ENGINE=InnoDB DEFAULT CHARSET=utf8;

--
-- Déchargement des données de la table `pscha_carrier_tax_rules_group_shop`
--

INSERT INTO `pscha_carrier_tax_rules_group_shop` (`id_carrier`, `id_tax_rules_group`, `id_shop`) VALUES
(1, 1, 1),
(2, 1, 1);

-- --------------------------------------------------------

--
-- Structure de la table `pscha_carrier_zone`
--

CREATE TABLE `pscha_carrier_zone` (
  `id_carrier` int(10) UNSIGNED NOT NULL,
  `id_zone` int(10) UNSIGNED NOT NULL
) ENGINE=InnoDB DEFAULT CHARSET=utf8;

--
-- Déchargement des données de la table `pscha_carrier_zone`
--

INSERT INTO `pscha_carrier_zone` (`id_carrier`, `id_zone`) VALUES
(1, 1),
(2, 1),
(2, 2);

-- --------------------------------------------------------

--
-- Structure de la table `pscha_cart`
--

CREATE TABLE `pscha_cart` (
  `id_cart` int(10) UNSIGNED NOT NULL,
  `id_shop_group` int(11) UNSIGNED NOT NULL DEFAULT '1',
  `id_shop` int(11) UNSIGNED NOT NULL DEFAULT '1',
  `id_carrier` int(10) UNSIGNED NOT NULL,
  `delivery_option` text NOT NULL,
  `id_lang` int(10) UNSIGNED NOT NULL,
  `id_address_delivery` int(10) UNSIGNED NOT NULL,
  `id_address_invoice` int(10) UNSIGNED NOT NULL,
  `id_currency` int(10) UNSIGNED NOT NULL,
  `id_customer` int(10) UNSIGNED NOT NULL,
  `id_guest` int(10) UNSIGNED NOT NULL,
  `secure_key` varchar(32) NOT NULL DEFAULT '-1',
  `recyclable` tinyint(1) UNSIGNED NOT NULL DEFAULT '1',
  `gift` tinyint(1) UNSIGNED NOT NULL DEFAULT '0',
  `gift_message` text,
  `mobile_theme` tinyint(1) NOT NULL DEFAULT '0',
  `allow_seperated_package` tinyint(1) UNSIGNED NOT NULL DEFAULT '0',
  `date_add` datetime NOT NULL,
  `date_upd` datetime NOT NULL,
  `checkout_session_data` mediumtext
) ENGINE=InnoDB DEFAULT CHARSET=utf8;

--
-- Déchargement des données de la table `pscha_cart`
--

INSERT INTO `pscha_cart` (`id_cart`, `id_shop_group`, `id_shop`, `id_carrier`, `delivery_option`, `id_lang`, `id_address_delivery`, `id_address_invoice`, `id_currency`, `id_customer`, `id_guest`, `secure_key`, `recyclable`, `gift`, `gift_message`, `mobile_theme`, `allow_seperated_package`, `date_add`, `date_upd`, `checkout_session_data`) VALUES
(1, 1, 1, 2, '{\"3\":\"2,\"}', 1, 5, 5, 1, 2, 1, 'b44a6d9efd7a0076a0fbce6b15eaf3b1', 0, 0, '', 0, 0, '2020-03-25 18:30:22', '2020-03-25 18:30:22', NULL),
(2, 1, 1, 2, '{\"3\":\"2,\"}', 1, 5, 5, 1, 2, 1, 'b44a6d9efd7a0076a0fbce6b15eaf3b1', 0, 0, '', 0, 0, '2020-03-25 18:30:22', '2020-03-25 18:30:22', NULL),
(3, 1, 1, 2, '{\"3\":\"2,\"}', 1, 5, 5, 1, 2, 1, 'b44a6d9efd7a0076a0fbce6b15eaf3b1', 0, 0, '', 0, 0, '2020-03-25 18:30:22', '2020-03-25 18:30:22', NULL),
(4, 1, 1, 2, '{\"3\":\"2,\"}', 1, 5, 5, 1, 2, 1, 'b44a6d9efd7a0076a0fbce6b15eaf3b1', 0, 0, '', 0, 0, '2020-03-25 18:30:22', '2020-03-25 18:30:22', NULL),
(5, 1, 1, 2, '{\"3\":\"2,\"}', 1, 5, 5, 1, 2, 1, 'b44a6d9efd7a0076a0fbce6b15eaf3b1', 0, 0, '', 0, 0, '2020-03-25 18:30:22', '2020-03-25 18:30:22', NULL);

-- --------------------------------------------------------

--
-- Structure de la table `pscha_cart_cart_rule`
--

CREATE TABLE `pscha_cart_cart_rule` (
  `id_cart` int(10) UNSIGNED NOT NULL,
  `id_cart_rule` int(10) UNSIGNED NOT NULL
) ENGINE=InnoDB DEFAULT CHARSET=utf8;

-- --------------------------------------------------------

--
-- Structure de la table `pscha_cart_product`
--

CREATE TABLE `pscha_cart_product` (
  `id_cart` int(10) UNSIGNED NOT NULL,
  `id_product` int(10) UNSIGNED NOT NULL,
  `id_address_delivery` int(10) UNSIGNED NOT NULL DEFAULT '0',
  `id_shop` int(10) UNSIGNED NOT NULL DEFAULT '1',
  `id_product_attribute` int(10) UNSIGNED NOT NULL DEFAULT '0',
  `id_customization` int(10) UNSIGNED NOT NULL DEFAULT '0',
  `quantity` int(10) UNSIGNED NOT NULL DEFAULT '0',
  `date_add` datetime NOT NULL
) ENGINE=InnoDB DEFAULT CHARSET=utf8;

--
-- Déchargement des données de la table `pscha_cart_product`
--

INSERT INTO `pscha_cart_product` (`id_cart`, `id_product`, `id_address_delivery`, `id_shop`, `id_product_attribute`, `id_customization`, `quantity`, `date_add`) VALUES
(1, 1, 3, 1, 1, 0, 1, '0000-00-00 00:00:00'),
(1, 2, 3, 1, 9, 0, 1, '0000-00-00 00:00:00'),
(2, 4, 3, 1, 18, 0, 1, '0000-00-00 00:00:00'),
(2, 8, 3, 1, 0, 0, 1, '0000-00-00 00:00:00'),
(3, 16, 3, 1, 28, 0, 1, '0000-00-00 00:00:00'),
(4, 16, 3, 1, 29, 0, 1, '0000-00-00 00:00:00'),
(5, 10, 3, 1, 25, 0, 1, '0000-00-00 00:00:00');

-- --------------------------------------------------------

--
-- Structure de la table `pscha_cart_rule`
--

CREATE TABLE `pscha_cart_rule` (
  `id_cart_rule` int(10) UNSIGNED NOT NULL,
  `id_customer` int(10) UNSIGNED NOT NULL DEFAULT '0',
  `date_from` datetime NOT NULL,
  `date_to` datetime NOT NULL,
  `description` text,
  `quantity` int(10) UNSIGNED NOT NULL DEFAULT '0',
  `quantity_per_user` int(10) UNSIGNED NOT NULL DEFAULT '0',
  `priority` int(10) UNSIGNED NOT NULL DEFAULT '1',
  `partial_use` tinyint(1) UNSIGNED NOT NULL DEFAULT '0',
  `code` varchar(254) NOT NULL,
  `minimum_amount` decimal(17,2) NOT NULL DEFAULT '0.00',
  `minimum_amount_tax` tinyint(1) NOT NULL DEFAULT '0',
  `minimum_amount_currency` int(10) UNSIGNED NOT NULL DEFAULT '0',
  `minimum_amount_shipping` tinyint(1) NOT NULL DEFAULT '0',
  `country_restriction` tinyint(1) UNSIGNED NOT NULL DEFAULT '0',
  `carrier_restriction` tinyint(1) UNSIGNED NOT NULL DEFAULT '0',
  `group_restriction` tinyint(1) UNSIGNED NOT NULL DEFAULT '0',
  `cart_rule_restriction` tinyint(1) UNSIGNED NOT NULL DEFAULT '0',
  `product_restriction` tinyint(1) UNSIGNED NOT NULL DEFAULT '0',
  `shop_restriction` tinyint(1) UNSIGNED NOT NULL DEFAULT '0',
  `free_shipping` tinyint(1) NOT NULL DEFAULT '0',
  `reduction_percent` decimal(5,2) NOT NULL DEFAULT '0.00',
  `reduction_amount` decimal(17,2) NOT NULL DEFAULT '0.00',
  `reduction_tax` tinyint(1) UNSIGNED NOT NULL DEFAULT '0',
  `reduction_currency` int(10) UNSIGNED NOT NULL DEFAULT '0',
  `reduction_product` int(10) NOT NULL DEFAULT '0',
  `reduction_exclude_special` tinyint(1) UNSIGNED NOT NULL DEFAULT '0',
  `gift_product` int(10) UNSIGNED NOT NULL DEFAULT '0',
  `gift_product_attribute` int(10) UNSIGNED NOT NULL DEFAULT '0',
  `highlight` tinyint(1) UNSIGNED NOT NULL DEFAULT '0',
  `active` tinyint(1) UNSIGNED NOT NULL DEFAULT '0',
  `date_add` datetime NOT NULL,
  `date_upd` datetime NOT NULL
) ENGINE=InnoDB DEFAULT CHARSET=utf8;

-- --------------------------------------------------------

--
-- Structure de la table `pscha_cart_rule_carrier`
--

CREATE TABLE `pscha_cart_rule_carrier` (
  `id_cart_rule` int(10) UNSIGNED NOT NULL,
  `id_carrier` int(10) UNSIGNED NOT NULL
) ENGINE=InnoDB DEFAULT CHARSET=utf8;

-- --------------------------------------------------------

--
-- Structure de la table `pscha_cart_rule_combination`
--

CREATE TABLE `pscha_cart_rule_combination` (
  `id_cart_rule_1` int(10) UNSIGNED NOT NULL,
  `id_cart_rule_2` int(10) UNSIGNED NOT NULL
) ENGINE=InnoDB DEFAULT CHARSET=utf8;

-- --------------------------------------------------------

--
-- Structure de la table `pscha_cart_rule_country`
--

CREATE TABLE `pscha_cart_rule_country` (
  `id_cart_rule` int(10) UNSIGNED NOT NULL,
  `id_country` int(10) UNSIGNED NOT NULL
) ENGINE=InnoDB DEFAULT CHARSET=utf8;

-- --------------------------------------------------------

--
-- Structure de la table `pscha_cart_rule_group`
--

CREATE TABLE `pscha_cart_rule_group` (
  `id_cart_rule` int(10) UNSIGNED NOT NULL,
  `id_group` int(10) UNSIGNED NOT NULL
) ENGINE=InnoDB DEFAULT CHARSET=utf8;

-- --------------------------------------------------------

--
-- Structure de la table `pscha_cart_rule_lang`
--

CREATE TABLE `pscha_cart_rule_lang` (
  `id_cart_rule` int(10) UNSIGNED NOT NULL,
  `id_lang` int(10) UNSIGNED NOT NULL,
  `name` varchar(254) NOT NULL
) ENGINE=InnoDB DEFAULT CHARSET=utf8;

-- --------------------------------------------------------

--
-- Structure de la table `pscha_cart_rule_product_rule`
--

CREATE TABLE `pscha_cart_rule_product_rule` (
  `id_product_rule` int(10) UNSIGNED NOT NULL,
  `id_product_rule_group` int(10) UNSIGNED NOT NULL,
  `type` enum('products','categories','attributes','manufacturers','suppliers') NOT NULL
) ENGINE=InnoDB DEFAULT CHARSET=utf8;

-- --------------------------------------------------------

--
-- Structure de la table `pscha_cart_rule_product_rule_group`
--

CREATE TABLE `pscha_cart_rule_product_rule_group` (
  `id_product_rule_group` int(10) UNSIGNED NOT NULL,
  `id_cart_rule` int(10) UNSIGNED NOT NULL,
  `quantity` int(10) UNSIGNED NOT NULL DEFAULT '1'
) ENGINE=InnoDB DEFAULT CHARSET=utf8;

-- --------------------------------------------------------

--
-- Structure de la table `pscha_cart_rule_product_rule_value`
--

CREATE TABLE `pscha_cart_rule_product_rule_value` (
  `id_product_rule` int(10) UNSIGNED NOT NULL,
  `id_item` int(10) UNSIGNED NOT NULL
) ENGINE=InnoDB DEFAULT CHARSET=utf8;

-- --------------------------------------------------------

--
-- Structure de la table `pscha_cart_rule_shop`
--

CREATE TABLE `pscha_cart_rule_shop` (
  `id_cart_rule` int(10) UNSIGNED NOT NULL,
  `id_shop` int(10) UNSIGNED NOT NULL
) ENGINE=InnoDB DEFAULT CHARSET=utf8;

-- --------------------------------------------------------

--
-- Structure de la table `pscha_category`
--

CREATE TABLE `pscha_category` (
  `id_category` int(10) UNSIGNED NOT NULL,
  `id_parent` int(10) UNSIGNED NOT NULL,
  `id_shop_default` int(10) UNSIGNED NOT NULL DEFAULT '1',
  `level_depth` tinyint(3) UNSIGNED NOT NULL DEFAULT '0',
  `nleft` int(10) UNSIGNED NOT NULL DEFAULT '0',
  `nright` int(10) UNSIGNED NOT NULL DEFAULT '0',
  `active` tinyint(1) UNSIGNED NOT NULL DEFAULT '0',
  `date_add` datetime NOT NULL,
  `date_upd` datetime NOT NULL,
  `position` int(10) UNSIGNED NOT NULL DEFAULT '0',
  `is_root_category` tinyint(1) NOT NULL DEFAULT '0'
) ENGINE=InnoDB DEFAULT CHARSET=utf8;

--
-- Déchargement des données de la table `pscha_category`
--

INSERT INTO `pscha_category` (`id_category`, `id_parent`, `id_shop_default`, `level_depth`, `nleft`, `nright`, `active`, `date_add`, `date_upd`, `position`, `is_root_category`) VALUES
(1, 0, 1, 0, 1, 18, 1, '2020-03-25 18:29:24', '2020-03-25 18:29:24', 0, 0),
(2, 1, 1, 1, 2, 17, 1, '2020-03-25 18:29:24', '2020-03-25 18:29:24', 0, 1),
(3, 2, 1, 2, 3, 8, 1, '2020-03-25 18:30:20', '2020-03-25 18:30:20', 0, 0),
(4, 3, 1, 3, 4, 5, 1, '2020-03-25 18:30:20', '2020-03-25 18:30:20', 0, 0),
(5, 3, 1, 3, 6, 7, 1, '2020-03-25 18:30:20', '2020-03-25 18:30:20', 0, 0),
(6, 2, 1, 2, 9, 14, 1, '2020-03-25 18:30:20', '2020-03-25 18:30:20', 0, 0),
(7, 6, 1, 3, 10, 11, 1, '2020-03-25 18:30:20', '2020-03-25 18:30:20', 0, 0),
(8, 6, 1, 3, 12, 13, 1, '2020-03-25 18:30:20', '2020-03-25 18:30:20', 0, 0),
(9, 2, 1, 2, 15, 16, 1, '2020-03-25 18:30:21', '2020-03-25 18:30:21', 0, 0);

-- --------------------------------------------------------

--
-- Structure de la table `pscha_category_group`
--

CREATE TABLE `pscha_category_group` (
  `id_category` int(10) UNSIGNED NOT NULL,
  `id_group` int(10) UNSIGNED NOT NULL
) ENGINE=InnoDB DEFAULT CHARSET=utf8;

--
-- Déchargement des données de la table `pscha_category_group`
--

INSERT INTO `pscha_category_group` (`id_category`, `id_group`) VALUES
(2, 0),
(2, 1),
(2, 2),
(2, 3),
(3, 1),
(3, 2),
(3, 3),
(4, 1),
(4, 2),
(4, 3),
(5, 1),
(5, 2),
(5, 3),
(6, 1),
(6, 2),
(6, 3),
(7, 1),
(7, 2),
(7, 3),
(8, 1),
(8, 2),
(8, 3),
(9, 1),
(9, 2),
(9, 3);

-- --------------------------------------------------------

--
-- Structure de la table `pscha_category_lang`
--

CREATE TABLE `pscha_category_lang` (
  `id_category` int(10) UNSIGNED NOT NULL,
  `id_shop` int(11) UNSIGNED NOT NULL DEFAULT '1',
  `id_lang` int(10) UNSIGNED NOT NULL,
  `name` varchar(128) NOT NULL,
  `description` text,
  `link_rewrite` varchar(128) NOT NULL,
  `meta_title` varchar(255) DEFAULT NULL,
  `meta_keywords` varchar(255) DEFAULT NULL,
  `meta_description` varchar(512) DEFAULT NULL
) ENGINE=InnoDB DEFAULT CHARSET=utf8;

--
-- Déchargement des données de la table `pscha_category_lang`
--

INSERT INTO `pscha_category_lang` (`id_category`, `id_shop`, `id_lang`, `name`, `description`, `link_rewrite`, `meta_title`, `meta_keywords`, `meta_description`) VALUES
(1, 1, 1, 'Racine', '', 'racine', '', '', ''),
(2, 1, 1, 'Accueil', '', 'accueil', '', '', ''),
(3, 1, 1, 'Vêtements', '<p><span style=\"font-family:Arial, sans-serif, sans;font-size:13px;font-style:normal;font-weight:400;letter-spacing:normal;text-align:left;text-indent:0px;text-transform:none;white-space:normal;word-spacing:0px;background-color:#ffffff;float:none;\"><span style=\"font-size:10pt;font-weight:normal;font-style:normal;\">Retrouvez nos coups de <span style=\"font-family:Arial, sans-serif, sans;font-size:13px;font-style:normal;font-weight:400;letter-spacing:normal;text-align:left;text-indent:0px;text-transform:none;white-space:normal;word-spacing:0px;background-color:#ffffff;float:none;\">cœur</span> mode, une sélection de pièces tendances à intégrer à votre garde-robe. Composez un style unique qui vous ressemble.</span></span></p>', 'vetements', '', '', ''),
(4, 1, 1, 'Hommes', '<p><span style=\"font-size:10pt;font-style:normal;\">T-shirts, pulls, sweats à capuche et accessoires pour hommes. Des basiques et des créations originales pour tous les styles. </span></p>', 'hommes', '', '', ''),
(5, 1, 1, 'Femmes', '<p><span style=\"font-size:10pt;font-style:normal;\">T-shirts, pulls, sweats à capuche et accessoires pour femmes. Des basiques et des créations originales pour tous les styles. </span></p>', 'femmes', '', '', ''),
(6, 1, 1, 'Accessoires', '<p><span style=\"font-size:10pt;font-style:normal;\">Des objets et accessoires pour le bureau, la cuisine ou le salon. Faites de votre intérieur un espace qui vous ressemble.</span></p>', 'accessoires', '', '', ''),
(7, 1, 1, 'Papeterie', '<p><span style=\"font-size:10pt;font-style:normal;\">Carnets, agendas, accessoires de bureau et plus encore. Tout ce dont vous avez besoin pour joindre l\'utile à l\'agréable, au travail ou à la maison.</span></p>', 'papeterie', '', '', ''),
(8, 1, 1, 'Accessoires de maison', '<p><span style=\"font-size:10pt;font-style:normal;\">Vous avez le sens du détail ? Agrémentez votre intérieur avec notre sélection d\'accessoires de maison.</span></p>', 'accessoires-de-maison', '', '', ''),
(9, 1, 1, 'Art', '<p><span style=\"font-size:10pt;font-style:normal;\">Affiches encadrées et images vectorielles, tout ce dont vous avez besoin pour donner de la personnalité à vos murs ou donner vie à vos projets créatifs.</span></p>', 'art', '', '', '');

-- --------------------------------------------------------

--
-- Structure de la table `pscha_category_product`
--

CREATE TABLE `pscha_category_product` (
  `id_category` int(10) UNSIGNED NOT NULL,
  `id_product` int(10) UNSIGNED NOT NULL,
  `position` int(10) UNSIGNED NOT NULL DEFAULT '0'
) ENGINE=InnoDB DEFAULT CHARSET=utf8;

--
-- Déchargement des données de la table `pscha_category_product`
--

INSERT INTO `pscha_category_product` (`id_category`, `id_product`, `position`) VALUES
(2, 1, 1),
(2, 2, 2),
(2, 3, 3),
(2, 4, 4),
(2, 5, 5),
(2, 6, 6),
(2, 7, 7),
(2, 8, 8),
(2, 9, 9),
(2, 10, 10),
(2, 11, 11),
(2, 12, 12),
(2, 13, 13),
(2, 14, 14),
(2, 15, 15),
(2, 16, 16),
(2, 17, 17),
(2, 18, 18),
(2, 19, 19),
(2, 21, 20),
(3, 1, 1),
(3, 2, 2),
(4, 1, 1),
(5, 2, 1),
(6, 7, 1),
(6, 6, 2),
(6, 8, 3),
(6, 10, 4),
(6, 9, 5),
(6, 11, 6),
(6, 15, 7),
(6, 16, 8),
(6, 17, 9),
(6, 18, 10),
(6, 19, 11),
(7, 16, 1),
(7, 17, 2),
(7, 18, 3),
(8, 6, 1),
(8, 7, 2),
(8, 8, 3),
(8, 9, 4),
(8, 10, 5),
(8, 11, 6),
(8, 15, 7),
(8, 19, 8),
(9, 3, 1),
(9, 4, 2),
(9, 5, 3),
(9, 12, 4),
(9, 13, 5),
(9, 14, 6),
(9, 15, 7);

-- --------------------------------------------------------

--
-- Structure de la table `pscha_category_shop`
--

CREATE TABLE `pscha_category_shop` (
  `id_category` int(11) NOT NULL,
  `id_shop` int(11) NOT NULL,
  `position` int(10) UNSIGNED NOT NULL DEFAULT '0'
) ENGINE=InnoDB DEFAULT CHARSET=utf8;

--
-- Déchargement des données de la table `pscha_category_shop`
--

INSERT INTO `pscha_category_shop` (`id_category`, `id_shop`, `position`) VALUES
(1, 1, 0),
(2, 1, 0),
(3, 1, 0),
(4, 1, 0),
(5, 1, 1),
(6, 1, 1),
(7, 1, 0),
(8, 1, 1),
(9, 1, 2);

-- --------------------------------------------------------

--
-- Structure de la table `pscha_cms`
--

CREATE TABLE `pscha_cms` (
  `id_cms` int(10) UNSIGNED NOT NULL,
  `id_cms_category` int(10) UNSIGNED NOT NULL,
  `position` int(10) UNSIGNED NOT NULL DEFAULT '0',
  `active` tinyint(1) UNSIGNED NOT NULL DEFAULT '0',
  `indexation` tinyint(1) UNSIGNED NOT NULL DEFAULT '1'
) ENGINE=InnoDB DEFAULT CHARSET=utf8;

--
-- Déchargement des données de la table `pscha_cms`
--

INSERT INTO `pscha_cms` (`id_cms`, `id_cms_category`, `position`, `active`, `indexation`) VALUES
(1, 1, 0, 1, 0),
(2, 1, 1, 1, 0),
(3, 1, 2, 1, 0),
(4, 1, 3, 1, 0),
(5, 1, 4, 1, 0);

-- --------------------------------------------------------

--
-- Structure de la table `pscha_cms_category`
--

CREATE TABLE `pscha_cms_category` (
  `id_cms_category` int(10) UNSIGNED NOT NULL,
  `id_parent` int(10) UNSIGNED NOT NULL,
  `level_depth` tinyint(3) UNSIGNED NOT NULL DEFAULT '0',
  `active` tinyint(1) UNSIGNED NOT NULL DEFAULT '0',
  `date_add` datetime NOT NULL,
  `date_upd` datetime NOT NULL,
  `position` int(10) UNSIGNED NOT NULL DEFAULT '0'
) ENGINE=InnoDB DEFAULT CHARSET=utf8;

--
-- Déchargement des données de la table `pscha_cms_category`
--

INSERT INTO `pscha_cms_category` (`id_cms_category`, `id_parent`, `level_depth`, `active`, `date_add`, `date_upd`, `position`) VALUES
(1, 0, 1, 1, '2020-03-25 18:29:24', '2020-03-25 18:29:24', 0);

-- --------------------------------------------------------

--
-- Structure de la table `pscha_cms_category_lang`
--

CREATE TABLE `pscha_cms_category_lang` (
  `id_cms_category` int(10) UNSIGNED NOT NULL,
  `id_lang` int(10) UNSIGNED NOT NULL,
  `id_shop` int(10) UNSIGNED NOT NULL DEFAULT '1',
  `name` varchar(128) NOT NULL,
  `description` text,
  `link_rewrite` varchar(128) NOT NULL,
  `meta_title` varchar(255) DEFAULT NULL,
  `meta_keywords` varchar(255) DEFAULT NULL,
  `meta_description` varchar(512) DEFAULT NULL
) ENGINE=InnoDB DEFAULT CHARSET=utf8;

--
-- Déchargement des données de la table `pscha_cms_category_lang`
--

INSERT INTO `pscha_cms_category_lang` (`id_cms_category`, `id_lang`, `id_shop`, `name`, `description`, `link_rewrite`, `meta_title`, `meta_keywords`, `meta_description`) VALUES
(1, 1, 1, 'Accueil', '', 'accueil', '', '', '');

-- --------------------------------------------------------

--
-- Structure de la table `pscha_cms_category_shop`
--

CREATE TABLE `pscha_cms_category_shop` (
  `id_cms_category` int(10) UNSIGNED NOT NULL,
  `id_shop` int(11) UNSIGNED NOT NULL
) ENGINE=InnoDB DEFAULT CHARSET=utf8;

--
-- Déchargement des données de la table `pscha_cms_category_shop`
--

INSERT INTO `pscha_cms_category_shop` (`id_cms_category`, `id_shop`) VALUES
(1, 1);

-- --------------------------------------------------------

--
-- Structure de la table `pscha_cms_lang`
--

CREATE TABLE `pscha_cms_lang` (
  `id_cms` int(10) UNSIGNED NOT NULL,
  `id_lang` int(10) UNSIGNED NOT NULL,
  `id_shop` int(10) UNSIGNED NOT NULL DEFAULT '1',
  `meta_title` varchar(255) NOT NULL,
  `head_seo_title` varchar(255) DEFAULT NULL,
  `meta_description` varchar(512) DEFAULT NULL,
  `meta_keywords` varchar(255) DEFAULT NULL,
  `content` longtext,
  `link_rewrite` varchar(128) NOT NULL
) ENGINE=InnoDB DEFAULT CHARSET=utf8;

--
-- Déchargement des données de la table `pscha_cms_lang`
--

INSERT INTO `pscha_cms_lang` (`id_cms`, `id_lang`, `id_shop`, `meta_title`, `head_seo_title`, `meta_description`, `meta_keywords`, `content`, `link_rewrite`) VALUES
(1, 1, 1, 'Livraison', '', 'Nos conditions de livraison', 'conditions, livraison, délais, expédition, colis', '<h2>Expéditions et retours</h2><h3>Expédition de votre colis</h3><p>Les colis sont généralement expédiés dans un délai de 2 jours après réception du paiement. Ils sont expédiés via UPS avec un numéro de suivi et remis sans signature. Les colis peuvent également être expédiés via UPS Extra et remis contre signature. Veuillez nous contacter avant de choisir ce mode de livraison, car il induit des frais supplémentaires. Quel que soit le mode de livraison choisi, nous vous envoyons un lien pour suivre votre colis en ligne.</p><p>Les frais d\'expédition incluent les frais de préparation et d\'emballage ainsi que les frais de port. Les frais de préparation sont fixes, tandis que les frais de transport varient selon le poids total du colis. Nous vous recommandons de regrouper tous vos articles dans une seule commande. Nous ne pouvons regrouper deux commandes placées séparément et des frais d\'expédition s\'appliquent à chacune d\'entre elles. Votre colis est expédié à vos propres risques, mais une attention particulière est portée aux objets fragiles.<br /><br />Les dimensions des boîtes sont appropriées et vos articles sont correctement protégés.</p>', 'livraison'),
(2, 1, 1, 'Mentions légales', '', 'Mentions légales', 'mentions, légales, crédits', '<h2>Mentions légales</h2><h3>Crédits</h3><p>Conception et production :</p><p>cette boutique en ligne a été créée à l\'aide du <a href=\"http://www.prestashop.com\">logiciel PrestaShop. </a>Rendez-vous sur le <a href=\"http://www.prestashop.com/blog/en/\">blog e-commerce de PrestaShop</a> pour vous tenir au courant des dernières actualités et obtenir des conseils sur la vente en ligne et la gestion d\'un site d\'e-commerce.</p>', 'mentions-legales'),
(3, 1, 1, 'Conditions d\'utilisation', '', 'Nos conditions d\'utilisation', 'conditions, utilisation, vente', '<h1 class=\"page-heading\">Conditions d\'utilisation</h1>\n<h3 class=\"page-subheading\">Règle n° 1</h3>\n<p class=\"bottom-indent\">Lorem ipsum dolor sit amet conse ctetur adipisicing elit, sed do eiusmod tempor incididunt ut labore et dolore magna aliqua. Ut enim ad minim veniam, quis nostrud exercitation ullamco laboris nisi ut aliquip ex ea commodo consequat. Duis aute irure dolor in reprehenderit in voluptate velit esse cillum dolore eu fugiat nulla pariatur. Excepteur sint occaecat cupidatat non proident, sunt in culpa qui officia deserunt mollit anim id est laborum.</p>\n<h3 class=\"page-subheading\">Règle n° 2</h3>\n<p class=\"bottom-indent\">Sed do eiusmod tempor incididunt ut labore et dolore magna aliqua. Ut enim ad minim veniam, quis nostrud exercitation ullamco laboris nisi ut aliquip ex ea commodo consequat. Duis aute irure dolor in reprehenderit in voluptate velit esse cillum dolore eu fugiat nulla pariatur. Excepteur sint occaecat cupidatat non proident, sunt in culpa qui officia deserunt mollit anim id est laborum. Lorem ipsum dolor sit amet conse ctetur adipisicing elit, sed do eiusmod tempor incididunt ut labore et dolore magna aliqua. Ut enim ad minim veniam&#1102;</p>\n<h3 class=\"page-subheading\">Règle n° 3</h3>\n<p class=\"bottom-indent\">Tempor incididunt ut labore et dolore magna aliqua. Ut enim ad minim veniam, quis nostrud exercitation ullamco laboris nisi ut aliquip ex ea commodo consequat. Duis aute irure dolor in reprehenderit in voluptate velit esse cillum dolore eu fugiat nulla pariatur. Excepteur sint occaecat cupidatat non proident, sunt in culpa qui officia deserunt mollit anim id est laborum. Lorem ipsum dolor sit amet conse ctetur adipisicing elit, sed do eiusmod tempor incididunt ut labore et dolore magna aliqua. Ut enim ad minim veniam&#1102;</p>', 'conditions-utilisation'),
(4, 1, 1, 'A propos', '', 'En savoir plus sur notre entreprise', 'à propos, informations', '<h1 class=\"page-heading bottom-indent\">A propos</h1>\n<div class=\"row\">\n<div class=\"col-xs-12 col-sm-4\">\n<div class=\"cms-block\">\n<h3 class=\"page-subheading\">Notre entreprise</h3>\n<p><strong class=\"dark\">Lorem ipsum dolor sit amet conse ctetur adipisicing elit, sed do eiusmod tempor incididun.</strong></p>\n<p>Lorem ipsum dolor sit amet conse ctetur adipisicing elit, sed do eiusmod tempor incididunt ut labore et dolore magna aliqua. Ut enim ad minim veniam. Lorem ipsum dolor sit amet conse ctetur adipisicing elit.</p>\n<ul class=\"list-1\">\n<li><em class=\"icon-ok\"></em>Produits haute qualité</li>\n<li><em class=\"icon-ok\"></em>Service client inégalé</li>\n<li><em class=\"icon-ok\"></em>Remboursement garanti pendant 30 jours</li>\n</ul>\n</div>\n</div>\n<div class=\"col-xs-12 col-sm-4\">\n<div class=\"cms-box\">\n<h3 class=\"page-subheading\">Notre équipe</h3>\n<img title=\"cms-img\" src=\"../img/cms/cms-img.jpg\" alt=\"cms-img\" width=\"370\" height=\"192\" />\n<p><strong class=\"dark\">Lorem set sint occaecat cupidatat non </strong></p>\n<p>Eiusmod tempor incididunt ut labore et dolore magna aliqua. Ut enim ad minim veniam, quis nostrud exercitation ullamco laboris nisi ut aliquip ex ea commodo.</p>\n</div>\n</div>\n<div class=\"col-xs-12 col-sm-4\">\n<div class=\"cms-box\">\n<h3 class=\"page-subheading\">Témoignages</h3>\n<div class=\"testimonials\">\n<div class=\"inner\"><span class=\"before\">“</span>Lorem ipsum dolor sit amet conse ctetur adipisicing elit, sed do eiusmod tempor incididunt ut labore et dolore magna aliqua. Ut enim ad minim.<span class=\"after\">”</span></div>\n</div>\n<p><strong class=\"dark\">Lorem ipsum dolor sit</strong></p>\n<div class=\"testimonials\">\n<div class=\"inner\"><span class=\"before\">“</span>Excepteur sint occaecat cupidatat non proident, sunt in culpa qui officia deserunt mollit anim id est laborum. Lorem ipsum dolor sit amet conse ctetur adipisicing elit. Lorem ipsum dolor sit amet conse ctetur adipisicing elit, sed do eiusmod.<span class=\"after\">”</span></div>\n</div>\n<p><strong class=\"dark\">Ipsum dolor sit</strong></p>\n</div>\n</div>\n</div>', 'a-propos'),
(5, 1, 1, 'Paiement sécurisé', '', 'Notre méthode de paiement sécurisé', 'paiement sécurisé, ssl, visa, mastercard, paypal', '<h2>Paiement sécurisé</h2>\n<h3>Notre paiement sécurisé</h3><p>Avec SSL</p>\n<h3>Avec Visa/Mastercard/Paypal</h3><p>A propos de ce service</p>', 'paiement-securise');

-- --------------------------------------------------------

--
-- Structure de la table `pscha_cms_role`
--

CREATE TABLE `pscha_cms_role` (
  `id_cms_role` int(11) UNSIGNED NOT NULL,
  `name` varchar(50) NOT NULL,
  `id_cms` int(11) UNSIGNED NOT NULL
) ENGINE=InnoDB DEFAULT CHARSET=utf8;

--
-- Déchargement des données de la table `pscha_cms_role`
--

INSERT INTO `pscha_cms_role` (`id_cms_role`, `name`, `id_cms`) VALUES
(1, 'LEGAL_CONDITIONS', 3),
(2, 'LEGAL_NOTICE', 2);

-- --------------------------------------------------------

--
-- Structure de la table `pscha_cms_role_lang`
--

CREATE TABLE `pscha_cms_role_lang` (
  `id_cms_role` int(11) UNSIGNED NOT NULL,
  `id_lang` int(11) UNSIGNED NOT NULL,
  `id_shop` int(11) UNSIGNED NOT NULL,
  `name` varchar(128) DEFAULT NULL
) ENGINE=InnoDB DEFAULT CHARSET=utf8;

-- --------------------------------------------------------

--
-- Structure de la table `pscha_cms_shop`
--

CREATE TABLE `pscha_cms_shop` (
  `id_cms` int(11) UNSIGNED NOT NULL,
  `id_shop` int(11) UNSIGNED NOT NULL
) ENGINE=InnoDB DEFAULT CHARSET=utf8;

--
-- Déchargement des données de la table `pscha_cms_shop`
--

INSERT INTO `pscha_cms_shop` (`id_cms`, `id_shop`) VALUES
(1, 1),
(2, 1),
(3, 1),
(4, 1),
(5, 1);

-- --------------------------------------------------------

--
-- Structure de la table `pscha_condition`
--

CREATE TABLE `pscha_condition` (
  `id_condition` int(11) NOT NULL,
  `id_ps_condition` int(11) NOT NULL,
  `type` enum('configuration','install','sql') NOT NULL,
  `request` text,
  `operator` varchar(32) DEFAULT NULL,
  `value` varchar(64) DEFAULT NULL,
  `result` varchar(64) DEFAULT NULL,
  `calculation_type` enum('hook','time') DEFAULT NULL,
  `calculation_detail` varchar(64) DEFAULT NULL,
  `validated` tinyint(1) UNSIGNED NOT NULL DEFAULT '0',
  `date_add` datetime NOT NULL,
  `date_upd` datetime NOT NULL
) ENGINE=InnoDB DEFAULT CHARSET=utf8;

--
-- Déchargement des données de la table `pscha_condition`
--

INSERT INTO `pscha_condition` (`id_condition`, `id_ps_condition`, `type`, `request`, `operator`, `value`, `result`, `calculation_type`, `calculation_detail`, `validated`, `date_add`, `date_upd`) VALUES
(1, 1, 'configuration', 'PS_REWRITING_SETTINGS', '==', '1', '1', 'hook', 'actionAdminMetaControllerUpdate_optionsAfter', 1, '2020-04-07 20:17:23', '2020-04-07 20:17:23'),
(2, 2, 'configuration', 'PS_SMARTY_FORCE_COMPILE', '!=', '2', '1', 'hook', 'actionAdminPerformanceControllerSaveAfter', 1, '2020-04-07 20:17:23', '2020-04-07 20:17:23'),
(3, 3, 'configuration', 'PS_CSS_THEME_CACHE', '==', '1', '', 'hook', 'actionAdminPerformanceControllerSaveAfter', 0, '2020-04-07 20:17:23', '2020-04-07 20:17:23'),
(4, 4, 'configuration', 'PS_CIPHER_ALGORITHM', '==', '1', '1', 'hook', 'actionAdminPerformanceControllerSaveAfter', 1, '2020-04-07 20:17:23', '2020-04-07 20:17:23'),
(5, 5, 'configuration', 'PS_MEDIA_SERVERS', '==', '1', '', 'hook', 'actionAdminPerformanceControllerSaveAfter', 0, '2020-04-07 20:17:23', '2020-04-07 20:17:23'),
(6, 6, 'sql', 'SELECT COUNT(distinct m.id_module) FROM PREFIX_hook h LEFT JOIN PREFIX_hook_module hm ON h.id_hook = hm.id_hook LEFT JOIN PREFIX_module m ON hm.id_module = m.id_module\r\nWHERE (h.name = \"displayPayment\" OR h.name = \"payment\") AND m.name NOT IN (\"bankwire\", \"cheque\", \"cashondelivery\")', '>', '0', '0', 'hook', 'actionModuleInstallAfter', 0, '2020-04-07 20:17:23', '2020-04-07 20:17:23'),
(7, 7, 'sql', 'SELECT COUNT(distinct m.id_module) FROM PREFIX_hook h LEFT JOIN PREFIX_hook_module hm ON h.id_hook = hm.id_hook LEFT JOIN PREFIX_module m ON hm.id_module = m.id_module\r\nWHERE (h.name = \"displayPayment\" OR h.name = \"payment\") AND m.name NOT IN (\"bankwire\", \"cheque\", \"cashondelivery\")', '>', '1', '0', 'hook', 'actionModuleInstallAfter', 0, '2020-04-07 20:17:23', '2020-04-07 20:17:23'),
(8, 8, 'sql', 'SELECT COUNT(*) FROM PREFIX_carrier WHERE name NOT IN (\"0\", \"My carrier\")', '>', '0', '0', 'hook', 'actionObjectCarrierAddAfter', 0, '2020-04-07 20:17:23', '2020-04-07 20:17:23'),
(9, 9, 'sql', 'SELECT COUNT(*) FROM PREFIX_carrier WHERE name NOT IN (\"0\", \"My carrier\")', '>', '1', '0', 'hook', 'actionObjectCarrierAddAfter', 0, '2020-04-07 20:17:23', '2020-04-07 20:17:23'),
(10, 10, 'sql', 'SELECT COUNT(*) FROM PREFIX_product WHERE reference NOT LIKE \"demo_%\"', '>', '0', '1', 'hook', 'actionObjectProductAddAfter', 1, '2020-04-07 20:17:23', '2020-04-07 20:17:23'),
(11, 11, 'sql', 'SELECT COUNT(*) FROM PREFIX_product WHERE reference NOT LIKE \"demo_%\"', '>', '9', '1', 'hook', 'actionObjectProductAddAfter', 0, '2020-04-07 20:17:23', '2020-04-07 20:34:30'),
(12, 12, 'sql', 'SELECT COUNT(*) FROM PREFIX_product WHERE reference NOT LIKE \"demo_%\"', '>', '99', '1', 'hook', 'actionObjectProductAddAfter', 0, '2020-04-07 20:17:23', '2020-04-07 20:34:30'),
(13, 13, 'sql', 'SELECT COUNT(*) FROM PREFIX_product WHERE reference NOT LIKE \"demo_%\"', '>', '999', '1', 'hook', 'actionObjectProductAddAfter', 0, '2020-04-07 20:17:23', '2020-04-07 20:34:30'),
(14, 14, 'sql', 'SELECT COUNT(*) FROM PREFIX_product WHERE reference NOT LIKE \"demo_%\"', '>', '9999', '1', 'hook', 'actionObjectProductAddAfter', 0, '2020-04-07 20:17:23', '2020-04-07 20:34:30'),
(15, 15, 'sql', 'SELECT COUNT(*) FROM PREFIX_product WHERE reference NOT LIKE \"demo_%\"', '>', '99999', '1', 'hook', 'actionObjectProductAddAfter', 0, '2020-04-07 20:17:23', '2020-04-07 20:34:30'),
(16, 16, 'configuration', 'PS_SHOP_PHONE', '!=', '0', '', 'hook', 'actionAdminStoresControllerUpdate_optionsAfter', 0, '2020-04-07 20:17:23', '2020-04-07 20:17:23'),
(17, 17, 'sql', 'SELECT COUNT(*) FROM PREFIX_contact', '>', '2', '2', 'hook', 'actionObjectContactAddAfter', 0, '2020-04-07 20:17:23', '2020-04-07 20:17:23'),
(18, 18, 'sql', 'SELECT COUNT(*) FROM PREFIX_contact', '>', '4', '2', 'hook', 'actionObjectContactAddAfter', 0, '2020-04-07 20:17:23', '2020-04-07 20:17:23'),
(19, 19, 'install', '', '>', '0', '1', 'time', '1', 1, '2020-04-07 20:17:23', '2020-04-07 20:17:23'),
(20, 20, 'install', '', '>=', '7', '', 'time', '1', 0, '2020-04-07 20:17:23', '2020-04-07 20:17:23'),
(21, 21, 'configuration', 'PS_LOGO', '!=', 'logo.jpg', '1', 'hook', 'actionAdminThemesControllerUpdate_optionsAfter', 1, '2020-04-07 20:17:23', '2020-04-07 20:17:23'),
(22, 22, 'sql', 'SELECT COUNT(*) FROM PREFIX_theme WHERE directory != \"default\" AND directory != \"prestashop\" AND directory ! \"default-bootstrap\"', '>', '0', '0', 'hook', 'actionObjectShopUpdateAfter', 0, '2020-04-07 20:17:23', '2020-04-07 20:17:23'),
(23, 23, 'configuration', 'PS_LOGGED_ON_ADDONS', '==', '1', '', 'time', '1', 0, '2020-04-07 20:17:23', '2020-04-07 20:17:23'),
(24, 24, 'configuration', 'PS_MULTISHOP_FEATURE_ACTIVE', '==', '1', '', 'hook', 'actionAdminPreferencesControllerUpdate_optionsAfter', 0, '2020-04-07 20:17:23', '2020-04-07 20:17:23'),
(25, 25, 'sql', 'SELECT COUNT(*) FROM PREFIX_shop', '>', '1', '1', 'hook', 'actionObjectShopAddAfter', 0, '2020-04-07 20:17:23', '2020-04-07 20:17:23'),
(26, 26, 'sql', 'SELECT COUNT(*) FROM PREFIX_shop', '>', '4', '1', 'hook', 'actionObjectShopAddAfter', 0, '2020-04-07 20:17:23', '2020-04-07 20:17:23'),
(27, 27, 'sql', 'SELECT COUNT(*) FROM PREFIX_shop_group', '>', '5', '1', 'hook', 'actionObjectShopGroupAddAfter 	', 0, '2020-04-07 20:17:23', '2020-04-07 20:17:23'),
(28, 28, 'sql', 'SELECT COUNT(*) FROM PREFIX_shop_group', '>', '1', '1', 'hook', 'actionObjectShopGroupAddAfter', 0, '2020-04-07 20:17:23', '2020-04-07 20:17:23'),
(29, 29, 'sql', 'SELECT COUNT(distinct m.id_module) FROM PREFIX_hook h LEFT JOIN PREFIX_hook_module hm ON h.id_hook = hm.id_hook LEFT JOIN PREFIX_module m ON hm.id_module = m.id_module\r\nWHERE (h.name = \"displayPayment\" OR h.name = \"payment\") AND m.name NOT IN (\"bankwire\", \"cheque\", \"cashondelivery\")', '>', '2', '0', 'hook', 'actionModuleInstallAfter', 0, '2020-04-07 20:17:23', '2020-04-07 20:17:23'),
(30, 30, 'sql', 'SELECT COUNT(*) FROM PREFIX_carrier WHERE name NOT IN (\"0\", \"My carrier\")', '>', '2', '0', 'hook', 'actionObjectCarrierAddAfter', 0, '2020-04-07 20:17:23', '2020-04-07 20:17:23'),
(31, 31, 'sql', 'SELECT SUM(total_paid_tax_excl / c.conversion_rate)\r\nFROM PREFIX_orders o INNER JOIN PREFIX_currency c ON c.id_currency = o.id_currency WHERE valid = 1 AND reference != \"XKBKNABJK\"', '>=', '200', '0', 'hook', 'actionOrderStatusUpdate', 0, '2020-04-07 20:17:23', '2020-04-07 20:17:23'),
(32, 32, 'sql', ' 	SELECT SUM(total_paid_tax_excl / c.conversion_rate) FROM PREFIX_orders o INNER JOIN PREFIX_currency c ON c.id_currency = o.id_currency WHERE valid = 1 AND reference != \"XKBKNABJK\"', '>=', '2000', '0', 'hook', 'actionOrderStatusUpdate', 0, '2020-04-07 20:17:23', '2020-04-07 20:17:23'),
(33, 33, 'sql', ' 	SELECT SUM(total_paid_tax_excl / c.conversion_rate) FROM PREFIX_orders o INNER JOIN PREFIX_currency c ON c.id_currency = o.id_currency WHERE valid = 1 AND reference != \"XKBKNABJK\"', '>=', '20000', '0', 'time', '1', 0, '2020-04-07 20:17:23', '2020-04-07 20:17:23'),
(34, 34, 'sql', ' 	SELECT SUM(total_paid_tax_excl / c.conversion_rate) FROM PREFIX_orders o INNER JOIN PREFIX_currency c ON c.id_currency = o.id_currency WHERE valid = 1', '>=', '200000', '0', 'time', '7', 0, '2020-04-07 20:17:23', '2020-04-07 20:17:23'),
(35, 35, 'sql', ' 	SELECT SUM(total_paid_tax_excl / c.conversion_rate) FROM PREFIX_orders o INNER JOIN PREFIX_currency c ON c.id_currency = o.id_currency WHERE valid = 1', '>=', '2000000', '0', 'time', '7', 0, '2020-04-07 20:17:23', '2020-04-07 20:17:23'),
(36, 36, 'sql', ' 	SELECT SUM(total_paid_tax_excl / c.conversion_rate) FROM PREFIX_orders o INNER JOIN PREFIX_currency c ON c.id_currency = o.id_currency WHERE valid = 1', '>=', '20000000', '0', 'time', '7', 0, '2020-04-07 20:17:23', '2020-04-07 20:17:23'),
(37, 37, 'install', '', '>=', '30', '', 'time', '1', 0, '2020-04-07 20:17:23', '2020-04-07 20:17:23'),
(38, 38, 'install', '', '>=', '182', '', 'time', '2', 0, '2020-04-07 20:17:23', '2020-04-07 20:17:23'),
(39, 39, 'install', '', '>=', '365', '', 'time', '2', 0, '2020-04-07 20:17:23', '2020-04-07 20:17:23'),
(40, 40, 'install', '', '>=', '730', '', 'time', '2', 0, '2020-04-07 20:17:23', '2020-04-07 20:17:23'),
(41, 41, 'sql', 'SELECT COUNT(*) FROM PREFIX_guest', '>=', '10', '3', 'time', '1', 0, '2020-04-07 20:17:23', '2020-04-07 20:17:23'),
(42, 42, 'sql', 'SELECT COUNT(*) FROM PREFIX_guest', '>=', '100', '3', 'time', '1', 0, '2020-04-07 20:17:23', '2020-04-07 20:17:23'),
(43, 43, 'sql', 'SELECT COUNT(*) FROM PREFIX_guest', '>=', '1000', '3', 'time', '1', 0, '2020-04-07 20:17:23', '2020-04-07 20:17:23'),
(44, 44, 'sql', 'SELECT COUNT(*) FROM PREFIX_guest', '>=', '10000', '3', 'time', '2', 0, '2020-04-07 20:17:23', '2020-04-07 20:17:23'),
(45, 45, 'sql', 'SELECT COUNT(*) FROM PREFIX_guest', '>=', '100000', '3', 'time', '3', 0, '2020-04-07 20:17:23', '2020-04-07 20:17:23'),
(46, 46, 'sql', 'SELECT COUNT(*) FROM PREFIX_guest', '>=', '1000000', '3', 'time', '4', 0, '2020-04-07 20:17:23', '2020-04-07 20:17:23'),
(47, 47, 'sql', 'SELECT COUNT(*) FROM PREFIX_cart WHERE secure_key != \"b44a6d9efd7a0076a0fbce6b15eaf3b1\"', '>=', '2', '0', 'hook', 'actionObjectCartAddAfter', 0, '2020-04-07 20:17:23', '2020-04-07 20:17:23'),
(48, 48, 'sql', 'SELECT COUNT(*) FROM PREFIX_cart WHERE secure_key != \"b44a6d9efd7a0076a0fbce6b15eaf3b1\"', '>=', '10', '0', 'hook', 'actionObjectCartAddAfter', 0, '2020-04-07 20:17:23', '2020-04-07 20:17:23'),
(49, 49, 'sql', 'SELECT COUNT(*) FROM PREFIX_cart WHERE secure_key != \"b44a6d9efd7a0076a0fbce6b15eaf3b1\"', '>=', '100', '0', 'hook', 'actionObjectCartAddAfter', 0, '2020-04-07 20:17:23', '2020-04-07 20:17:23'),
(50, 50, 'sql', 'SELECT COUNT(*) FROM PREFIX_cart WHERE secure_key != \"b44a6d9efd7a0076a0fbce6b15eaf3b1\"', '>=', '1000', '0', 'time', '1', 0, '2020-04-07 20:17:23', '2020-04-07 20:17:23'),
(51, 51, 'sql', 'SELECT COUNT(*) FROM PREFIX_cart WHERE secure_key != \"b44a6d9efd7a0076a0fbce6b15eaf3b1\"', '>=', '10000', '0', 'time', '4', 0, '2020-04-07 20:17:23', '2020-04-07 20:17:23'),
(52, 52, 'sql', 'SELECT COUNT(*) FROM PREFIX_cart WHERE secure_key != \"b44a6d9efd7a0076a0fbce6b15eaf3b1\"', '>=', '100000', '0', 'time', '8', 0, '2020-04-07 20:17:23', '2020-04-07 20:17:23'),
(53, 53, 'sql', 'SELECT COUNT(*) FROM PREFIX_orders WHERE reference NOT IN (\"XKBKNABJK\", \"OHSATSERP\", \"FFATNOMMJ\", \"UOYEVOLI\", \"KHWLILZLL\")', '>=', '1', '0', 'hook', 'actionObjectOrderAddAfter', 0, '2020-04-07 20:17:23', '2020-04-07 20:17:23'),
(54, 54, 'sql', 'SELECT COUNT(*) FROM PREFIX_orders WHERE reference NOT IN (\"XKBKNABJK\", \"OHSATSERP\", \"FFATNOMMJ\", \"UOYEVOLI\", \"KHWLILZLL\")', '>=', '10', '0', 'hook', 'actionObjectOrderAddAfter', 0, '2020-04-07 20:17:23', '2020-04-07 20:17:23'),
(55, 55, 'sql', 'SELECT COUNT(*) FROM PREFIX_orders WHERE reference NOT IN (\"XKBKNABJK\", \"OHSATSERP\", \"FFATNOMMJ\", \"UOYEVOLI\", \"KHWLILZLL\")', '>=', '100', '0', 'hook', 'actionObjectOrderAddAfter', 0, '2020-04-07 20:17:23', '2020-04-07 20:17:23'),
(56, 56, 'sql', 'SELECT COUNT(*) FROM PREFIX_orders WHERE reference NOT IN (\"XKBKNABJK\", \"OHSATSERP\", \"FFATNOMMJ\", \"UOYEVOLI\", \"KHWLILZLL\")', '>=', '1000', '0', 'time', '2', 0, '2020-04-07 20:17:23', '2020-04-07 20:17:23'),
(57, 57, 'sql', 'SELECT COUNT(*) FROM PREFIX_orders WHERE reference NOT IN (\"XKBKNABJK\", \"OHSATSERP\", \"FFATNOMMJ\", \"UOYEVOLI\", \"KHWLILZLL\")', '>=', '10000', '0', 'time', '4', 0, '2020-04-07 20:17:23', '2020-04-07 20:17:23'),
(58, 58, 'sql', 'SELECT COUNT(*) FROM PREFIX_orders WHERE reference NOT IN (\"XKBKNABJK\", \"OHSATSERP\", \"FFATNOMMJ\", \"UOYEVOLI\", \"KHWLILZLL\")', '>=', '100000', '0', 'time', '8', 0, '2020-04-07 20:17:23', '2020-04-07 20:17:23'),
(59, 59, 'sql', 'SELECT COUNT(*) FROM PREFIX_customer WHERE email != \"pub@prestashop.com\"', '>=', '1', '1', 'hook', 'actionObjectCustomerAddAfter', 1, '2020-04-07 20:17:23', '2020-04-07 20:17:23'),
(60, 60, 'sql', 'SELECT COUNT(*) FROM PREFIX_customer WHERE email != \"pub@prestashop.com\"', '>=', '10', '1', 'hook', 'actionObjectCustomerAddAfter', 0, '2020-04-07 20:17:23', '2020-04-07 20:17:23'),
(61, 61, 'sql', 'SELECT COUNT(*) FROM PREFIX_customer WHERE email != \"pub@prestashop.com\"', '>=', '100', '1', 'hook', 'actionObjectCustomerAddAfter', 0, '2020-04-07 20:17:23', '2020-04-07 20:17:23'),
(62, 62, 'sql', 'SELECT COUNT(*) FROM PREFIX_customer WHERE email != \"pub@prestashop.com\"', '>=', '1000', '1', 'time', '1', 0, '2020-04-07 20:17:23', '2020-04-07 20:17:23'),
(63, 63, 'sql', 'SELECT COUNT(*) FROM PREFIX_customer WHERE email != \"pub@prestashop.com\"', '>=', '10000', '1', 'time', '2', 0, '2020-04-07 20:17:23', '2020-04-07 20:17:23'),
(64, 64, 'sql', 'SELECT COUNT(*) FROM PREFIX_customer WHERE email != \"pub@prestashop.com\"', '>=', '100000', '1', 'time', '4', 0, '2020-04-07 20:17:23', '2020-04-07 20:17:23'),
(65, 65, 'sql', 'SELECT COUNT(*) FROM PREFIX_customer_thread', '>=', '1', '0', 'hook', 'actionObjectCustomerThreadAddAfter', 0, '2020-04-07 20:17:23', '2020-04-07 20:17:23'),
(66, 66, 'sql', 'SELECT COUNT(*) FROM PREFIX_customer_thread', '>=', '10', '0', 'hook', 'actionObjectCustomerThreadAddAfter', 0, '2020-04-07 20:17:23', '2020-04-07 20:17:23'),
(67, 67, 'sql', 'SELECT COUNT(*) FROM PREFIX_customer_thread', '>=', '100', '0', 'hook', 'actionObjectCustomerThreadAddAfter', 0, '2020-04-07 20:17:23', '2020-04-07 20:17:23'),
(68, 68, 'sql', 'SELECT COUNT(*) FROM PREFIX_customer_thread', '>=', '1000', '0', 'time', '2', 0, '2020-04-07 20:17:23', '2020-04-07 20:17:23'),
(69, 69, 'sql', 'SELECT COUNT(*) FROM PREFIX_customer_thread', '>=', '10000', '0', 'time', '4', 0, '2020-04-07 20:17:23', '2020-04-07 20:17:23'),
(70, 70, 'sql', 'SELECT COUNT(*) FROM PREFIX_customer_thread', '>=', '100000', '0', 'time', '8', 0, '2020-04-07 20:17:23', '2020-04-07 20:17:23'),
(71, 76, 'sql', 'SELECT IFNULL(id_order, 0) FROM PREFIX_orders o LEFT JOIN PREFIX_address a ON o.id_address_delivery = a.id_address LEFT JOIN PREFIX_country c ON c.id_country = a.id_country WHERE o.valid = 1 AND a.id_country != \"{config}PS_COUNTRY_DEFAULT{/config}\" AND c.iso_code IN (\r\n\"CA\",\r\n\"GL\",\r\n\"PM\",\r\n\"US\"\r\n)', '!=', '0', '0', 'hook', 'actionOrderStatusUpdate', 0, '2020-04-07 20:17:23', '2020-04-07 20:17:23'),
(72, 79, 'sql', 'SELECT IFNULL(id_order, 0) FROM PREFIX_orders o LEFT JOIN PREFIX_address a ON o.id_address_delivery = a.id_address LEFT JOIN PREFIX_country c ON c.id_country = a.id_country WHERE o.valid = 1 AND a.id_country != \"{config}PS_COUNTRY_DEFAULT{/config}\" AND c.iso_code IN (\r\n\"UM\",\r\n\"AS\",\r\n\"AU\",\r\n\"CK\",\r\n\"FJ\",\r\n\"FM\",\r\n\"GU\",\r\n\"KI\",\r\n\"MH,\"\r\n\"MP\",\r\n\"NC\",\r\n\"NF\",\r\n\"NR\",\r\n\"NU\",\r\n\"NZ\",\r\n\"PF\",\r\n\"PG\",\r\n\"PN\",\r\n\"PW\",\r\n\"SB\",\r\n\"TK\",\r\n\"TO\",\r\n\"TV\",\r\n\"VU\",\r\n\"WF\",\r\n\"WS\"\r\n)', '!=', '0', '0', 'hook', 'actionOrderStatusUpdate', 0, '2020-04-07 20:17:23', '2020-04-07 20:17:23'),
(73, 85, 'sql', 'SELECT IFNULL(id_order, 0) FROM PREFIX_orders o LEFT JOIN PREFIX_address a ON o.id_address_delivery = a.id_address LEFT JOIN PREFIX_country c ON c.id_country = a.id_country WHERE o.valid = 1 AND a.id_country != \"{config}PS_COUNTRY_DEFAULT{/config}\" AND c.iso_code IN (\r\n\"KG\",\r\n\"KZ\",\r\n\"TJ\",\r\n\"TM\",\r\n\"UZ\",\r\n\"AE\",\r\n\"AM\",\r\n\"AZ\",\r\n\"BH\",\r\n\"CY\",\r\n\"GE\",\r\n\"IL\",\r\n\"IQ\",\r\n\"IR\",\r\n\"JO\",\r\n\"KW\",\r\n\"LB\",\r\n\"OM\",\r\n\"QA\",\r\n\"SA\",\r\n\"SY\",\r\n\"TR\",\r\n\"YE\",\r\n\"AF\",\r\n\"BD\",\r\n\"BT\",\r\n\"IN\",\r\n\"IO\",\r\n\"LK\",\r\n\"MV\",\r\n\"NP\",\r\n\"PK\",\r\n\"CN\",\r\n\"HK\",\r\n\"JP\",\r\n\"KP\",\r\n\"KR\",\r\n\"MO\",\r\n\"TW\",\r\n\"MN\",\r\n\"BN\",\r\n\"CC\",\r\n\"CX\",\r\n\"ID\",\r\n\"KH\",\r\n\"LA\",\r\n\"MM\",\r\n\"MY\",\r\n\"PH\",\r\n\"SG\",\r\n\"TH\",\r\n\"TP\",\r\n\"VN\"\r\n)', '!=', '0', '0', 'hook', 'actionOrderStatusUpdate', 0, '2020-04-07 20:17:23', '2020-04-07 20:17:23'),
(74, 86, 'sql', 'SELECT IFNULL(id_order, 0) FROM PREFIX_orders o LEFT JOIN PREFIX_address a ON o.id_address_delivery = a.id_address LEFT JOIN PREFIX_country c ON c.id_country = a.id_country WHERE o.valid = 1 AND a.id_country != \"{config}PS_COUNTRY_DEFAULT{/config}\" AND c.iso_code IN (\r\n\"BZ\",\r\n\"CR\",\r\n\"GT\",\r\n\"HN\",\r\n\"MX\",\r\n\"NI\",\r\n\"PA\",\r\n\"SV\",\r\n\"AG\",\r\n\"AI\",\r\n\"AN\",\r\n\"AW\",\r\n\"BB\",\r\n\"BM\",\r\n\"BS\",\r\n\"CU\",\r\n\"DM\",\r\n\"DO\",\r\n\"GD\",\r\n\"GP\",\r\n\"HT\",\r\n\"JM\",\r\n\"KN\",\r\n\"KY\",\r\n\"LC\",\r\n\"MQ\",\r\n\"MS\",\r\n\"PR\",\r\n\"TC\",\r\n\"TT\",\r\n\"VC\",\r\n\"VG\",\r\n\"VI\",\r\n\"AR\",\r\n\"BO\",\r\n\"BR\",\r\n\"CL\",\r\n\"CO\",\r\n\"EC\",\r\n\"FK\",\r\n\"GF\",\r\n\"GY\",\r\n\"PE\",\r\n\"PY\",\r\n\"SR\",\r\n\"UY\",\r\n\"VE\"\r\n)', '!=', '0', '0', 'hook', 'actionOrderStatusUpdate', 0, '2020-04-07 20:17:23', '2020-04-07 20:17:23'),
(75, 87, 'sql', 'SELECT IFNULL(id_order, 0) FROM PREFIX_orders o LEFT JOIN PREFIX_address a ON o.id_address_delivery = a.id_address LEFT JOIN PREFIX_country c ON c.id_country = a.id_country WHERE o.valid = 1 AND a.id_country != \"{config}PS_COUNTRY_DEFAULT{/config}\" AND c.iso_code IN (\r\n\"BE\",\r\n\"DE\",\r\n\"FR\",\r\n\"FX\",\r\n\"GB\",\r\n\"IE\",\r\n\"LU\",\r\n\"MC\",\r\n\"NL\",\r\n\"IT\",\r\n\"MT\",\r\n\"SM\",\r\n\"VA\",\r\n\"AD\",\r\n\"ES\",\r\n\"GI\",\r\n\"PT\",\r\n\"BY\",\r\n\"EE\",\r\n\"LT\",\r\n\"LV\",\r\n\"MD\",\r\n\"PL\",\r\n\"UA\",\r\n\"AL\",\r\n\"BA\",\r\n\"BG\",\r\n\"GR\",\r\n\"HR\",\r\n\"MK\",\r\n\"RO\",\r\n\"SI\",\r\n\"YU\",\r\n\"RU\",\r\n\"AT\",\r\n\"CH\",\r\n\"CZ\",\r\n\"HU\",\r\n\"LI\",\r\n\"SK\",\r\n\"DK\",\r\n\"FI\",\r\n\"FO\",\r\n\"IS\",\r\n\"NO\",\r\n\"SE\",\r\n\"SJ\"\r\n)', '!=', '0', '0', 'hook', 'actionOrderStatusUpdate', 0, '2020-04-07 20:17:23', '2020-04-07 20:17:23'),
(76, 88, 'sql', 'SELECT IFNULL(id_order, 0) FROM PREFIX_orders o LEFT JOIN PREFIX_address a ON o.id_address_delivery = a.id_address LEFT JOIN PREFIX_country c ON c.id_country = a.id_country WHERE o.valid = 1 AND a.id_country != \"{config}PS_COUNTRY_DEFAULT{/config}\" AND c.iso_code IN (\r\n\"BI\",\r\n\"CF\",\r\n\"CG\",\r\n\"RW\",\r\n\"TD\",\r\n\"ZR\",\r\n\"DJ\",\r\n\"ER\",\r\n\"ET\",\r\n\"KE\",\r\n\"SO\",\r\n\"TZ\",\r\n\"UG\",\r\n\"KM\",\r\n\"MG\",\r\n\"MU\",\r\n\"RE\",\r\n\"SC\",\r\n\"YT\",\r\n\"AO\",\r\n\"BW\",\r\n\"LS\",\r\n\"MW\",\r\n\"MZ\",\r\n\"NA\",\r\n\"SZ\",\r\n\"ZA\",\r\n\"ZM\",\r\n\"ZW\",\r\n\"BF\",\r\n\"BJ\",\r\n\"CI\",\r\n\"CM\",\r\n\"CV\",\r\n\"GA\",\r\n\"GH\",\r\n\"GM\",\r\n\"GN\",\r\n\"GQ\",\r\n\"GW\",\r\n\"LR\",\r\n\"ML\",\r\n\"MR\",\r\n\"NE\",\r\n\"NG\",\r\n\"SL\",\r\n\"SN\",\r\n\"ST\",\r\n\"TG\"\r\n)', '!=', '0', '0', 'hook', 'actionOrderStatusUpdate', 0, '2020-04-07 20:17:23', '2020-04-07 20:17:23'),
(77, 89, 'sql', 'SELECT IFNULL(id_order, 0) FROM PREFIX_orders o LEFT JOIN PREFIX_address a ON o.id_address_delivery = a.id_address LEFT JOIN PREFIX_country c ON c.id_country = a.id_country WHERE o.valid = 1 AND a.id_country != \"{config}PS_COUNTRY_DEFAULT{/config}\" AND c.iso_code IN (\r\n\"DZ\",\r\n\"EG\",\r\n\"EH\",\r\n\"LY\",\r\n\"MA\",\r\n\"SD\",\r\n\"TN\"\r\n)', '!=', '0', '0', 'hook', 'actionOrderStatusUpdate', 0, '2020-04-07 20:17:23', '2020-04-07 20:17:23'),
(78, 90, 'sql', 'SELECT COUNT(*) FROM PREFIX_employee', '>=', '2', '1', 'hook', 'actionObjectEmployeeAddAfter', 0, '2020-04-07 20:17:23', '2020-04-07 20:17:23'),
(79, 91, 'sql', 'SELECT COUNT(*) FROM PREFIX_employee', '>=', '3', '1', 'hook', 'actionObjectEmployeeAddAfter', 0, '2020-04-07 20:17:23', '2020-04-07 20:17:23'),
(80, 92, 'sql', 'SELECT COUNT(*) FROM PREFIX_employee', '>=', '5', '1', 'hook', 'actionObjectEmployeeAddAfter', 0, '2020-04-07 20:17:23', '2020-04-07 20:17:23'),
(81, 93, 'sql', 'SELECT COUNT(*) FROM PREFIX_employee', '>=', '10', '1', 'hook', 'actionObjectEmployeeAddAfter', 0, '2020-04-07 20:17:23', '2020-04-07 20:17:23'),
(82, 94, 'sql', 'SELECT COUNT(*) FROM PREFIX_employee', '>=', '20', '1', 'hook', 'actionObjectEmployeeAddAfter', 0, '2020-04-07 20:17:23', '2020-04-07 20:17:23'),
(83, 95, 'sql', 'SELECT COUNT(*) FROM PREFIX_employee', '>=', '40', '1', 'hook', 'actionObjectEmployeeAddAfter', 0, '2020-04-07 20:17:23', '2020-04-07 20:17:23'),
(84, 96, 'sql', 'SELECT id_image FROM PREFIX_image WHERE id_image > 26', '>', '0', '0', 'hook', 'actionObjectImageAddAfter', 0, '2020-04-07 20:17:23', '2020-04-07 20:17:23'),
(85, 97, 'sql', 'SELECT COUNT(*) FROM PREFIX_image', '>=', '50', '23', 'hook', 'actionObjectImageAddAfter', 0, '2020-04-07 20:17:23', '2020-04-07 20:17:23'),
(86, 98, 'sql', 'SELECT COUNT(*) FROM PREFIX_image', '>=', '100', '23', 'hook', 'actionObjectImageAddAfter', 0, '2020-04-07 20:17:23', '2020-04-07 20:17:23'),
(87, 99, 'sql', 'SELECT COUNT(*) FROM PREFIX_image', '>=', '1000', '23', 'time', '2', 0, '2020-04-07 20:17:23', '2020-04-07 20:17:23'),
(88, 100, 'sql', 'SELECT COUNT(*) FROM PREFIX_image', '>=', '10000', '23', 'time', '4', 0, '2020-04-07 20:17:23', '2020-04-07 20:17:23'),
(89, 101, 'sql', 'SELECT COUNT(*) FROM PREFIX_image', '>=', '50000', '23', 'time', '8', 0, '2020-04-07 20:17:23', '2020-04-07 20:17:23'),
(90, 102, 'sql', 'SELECT id_cms FROM PREFIX_cms WHERE id_cms > 5', '>', '0', '0', 'hook', 'actionObjectCMSAddAfter', 0, '2020-04-07 20:17:23', '2020-04-07 20:17:23'),
(91, 103, 'sql', 'SELECT COUNT(*) FROM PREFIX_cart_rule', '>=', '1', '0', 'hook', 'actionObjectCartRuleAddAfter 	', 0, '2020-04-07 20:17:23', '2020-04-07 20:17:23'),
(92, 104, 'sql', 'SELECT COUNT(*) FROM PREFIX_cart_rule', '>=', '10', '0', 'hook', 'actionObjectCartRuleAddAfter 	', 0, '2020-04-07 20:17:23', '2020-04-07 20:17:23'),
(93, 105, 'sql', 'SELECT COUNT(*) FROM PREFIX_cart_rule', '>=', '100', '0', 'hook', 'actionObjectCartRuleAddAfter 	', 0, '2020-04-07 20:17:23', '2020-04-07 20:17:23'),
(94, 106, 'sql', 'SELECT COUNT(*) FROM PREFIX_cart_rule', '>=', '1000', '0', 'hook', 'actionObjectCartRuleAddAfter 	', 0, '2020-04-07 20:17:23', '2020-04-07 20:17:23'),
(95, 107, 'sql', 'SELECT COUNT(*) FROM PREFIX_cart_rule', '>=', '500', '0', 'hook', 'actionObjectCartRuleAddAfter 	', 0, '2020-04-07 20:17:23', '2020-04-07 20:17:23'),
(96, 108, 'sql', 'SELECT COUNT(*) FROM PREFIX_cart_rule', '>=', '5000', '0', 'hook', 'actionObjectCartRuleAddAfter 	', 0, '2020-04-07 20:17:23', '2020-04-07 20:17:23'),
(97, 109, 'sql', 'SELECT COUNT(*) FROM PREFIX_orders o INNER JOIN PREFIX_address a ON a.id_address = o.id_address_delivery\r\nWHERE reference NOT IN (\"XKBKNABJK\", \"OHSATSERP\", \"FFATNOMMJ\", \"UOYEVOLI\", \"KHWLILZLL\") AND a.id_country != \"{config}PS_COUNTRY_DEFAULT{/config}\"', '>=', '1', '0', 'hook', 'newOrder', 0, '2020-04-07 20:17:23', '2020-04-07 20:17:23'),
(98, 110, 'sql', 'SELECT COUNT(*) FROM PREFIX_orders o INNER JOIN PREFIX_address a ON a.id_address = o.id_address_delivery\r\nWHERE reference NOT IN (\"XKBKNABJK\", \"OHSATSERP\", \"FFATNOMMJ\", \"UOYEVOLI\", \"KHWLILZLL\") AND a.id_country != \"{config}PS_COUNTRY_DEFAULT{/config}\"', '>=', '10', '0', 'hook', 'actionOrderStatusUpdate', 0, '2020-04-07 20:17:23', '2020-04-07 20:17:23'),
(99, 111, 'sql', 'SELECT COUNT(*) FROM PREFIX_orders o INNER JOIN PREFIX_address a ON a.id_address = o.id_address_delivery\r\nWHERE reference NOT IN (\"XKBKNABJK\", \"OHSATSERP\", \"FFATNOMMJ\", \"UOYEVOLI\", \"KHWLILZLL\") AND a.id_country != \"{config}PS_COUNTRY_DEFAULT{/config}\"', '>=', '100', '0', 'hook', 'actionOrderStatusUpdate', 0, '2020-04-07 20:17:23', '2020-04-07 20:17:23'),
(100, 112, 'sql', 'SELECT COUNT(*) FROM PREFIX_orders o INNER JOIN PREFIX_address a ON a.id_address = o.id_address_delivery\r\nWHERE reference NOT IN (\"XKBKNABJK\", \"OHSATSERP\", \"FFATNOMMJ\", \"UOYEVOLI\", \"KHWLILZLL\") AND a.id_country != \"{config}PS_COUNTRY_DEFAULT{/config}\"', '>=', '10000', '0', 'hook', 'actionOrderStatusUpdate', 0, '2020-04-07 20:17:23', '2020-04-07 20:17:23'),
(101, 113, 'sql', 'SELECT COUNT(*) FROM PREFIX_orders o INNER JOIN PREFIX_address a ON a.id_address = o.id_address_delivery\r\nWHERE reference NOT IN (\"XKBKNABJK\", \"OHSATSERP\", \"FFATNOMMJ\", \"UOYEVOLI\", \"KHWLILZLL\") AND a.id_country != \"{config}PS_COUNTRY_DEFAULT{/config}\"', '>=', '1000', '0', 'hook', 'actionOrderStatusUpdate', 0, '2020-04-07 20:17:23', '2020-04-07 20:17:23'),
(102, 114, 'sql', 'SELECT COUNT(*) FROM PREFIX_orders o INNER JOIN PREFIX_address a ON a.id_address = o.id_address_delivery\r\nWHERE reference NOT IN (\"XKBKNABJK\", \"OHSATSERP\", \"FFATNOMMJ\", \"UOYEVOLI\", \"KHWLILZLL\") AND a.id_country != \"{config}PS_COUNTRY_DEFAULT{/config}\"', '>=', '5000', '0', 'hook', 'actionOrderStatusUpdate', 0, '2020-04-07 20:17:23', '2020-04-07 20:17:23'),
(103, 132, 'sql', 'SELECT count(id_configuration) FROM PREFIX_configuration WHERE `name` = \'PS_SHOP_DOMAIN\' AND value IN (\'127.0.0.1\', \'localhost\' )', '==', '1', '', 'time', '1', 0, '2020-04-07 20:17:23', '2020-04-07 20:17:23'),
(104, 136, 'sql', 'SELECT COUNT( id_module ) FROM PREFIX_module WHERE `name` like \"%ebay%\"', '>=', '1', '0', 'hook', 'actionModuleInstallAfter', 0, '2020-04-07 20:17:23', '2020-04-07 20:17:23'),
(105, 140, 'sql', 'SELECT COUNT( id_module ) FROM PREFIX_module WHERE `name` like \"%moneybookers%\"', '>=', '1', '0', 'hook', 'actionModuleInstallAfter', 0, '2020-04-07 20:17:23', '2020-04-07 20:17:23'),
(106, 142, 'sql', 'SELECT COUNT( id_module ) FROM PREFIX_module WHERE `name` like \"%paypal%\"', '>=', '1', '', 'hook', 'actionModuleInstallAfter', 0, '2020-04-07 20:17:23', '2020-04-07 20:17:23'),
(107, 158, 'install', '', '>=', '90', '', 'time', '2', 0, '2020-04-07 20:17:23', '2020-04-07 20:17:23'),
(108, 159, 'install', '', '<=', '90', '', 'time', '2', 0, '2020-04-07 20:17:23', '2020-04-07 20:17:23'),
(109, 165, 'sql', 'SELECT COUNT(s.`id_store`) FROM PREFIX_store s WHERE `latitude` NOT IN (\'25.76500500\', \'26.13793600\', \'26.00998700\', \'25.73629600\', \'25.88674000\') AND `longitude` NOT IN (\'-80.24379700\', \'-80.13943500\', \'-80.29447200\', \'-80.24479700\', \'-80.16329200\')', '>', '0', '0', 'hook', 'actionAdminStoresControllerSaveAfter', 0, '2020-04-07 20:17:23', '2020-04-07 20:17:23'),
(110, 166, 'sql', 'SELECT COUNT(s.`id_store`) FROM PREFIX_store s WHERE `latitude` NOT IN (\'25.76500500\', \'26.13793600\', \'26.00998700\', \'25.73629600\', \'25.88674000\') AND `longitude` NOT IN (\'-80.24379700\', \'-80.13943500\', \'-80.29447200\', \'-80.24479700\', \'-80.16329200\')', '>', '1', '0', 'hook', 'actionAdminStoresControllerSaveAfter', 0, '2020-04-07 20:17:23', '2020-04-07 20:17:23'),
(111, 167, 'sql', 'SELECT COUNT(s.`id_store`) FROM PREFIX_store s WHERE `latitude` NOT IN (\'25.76500500\', \'26.13793600\', \'26.00998700\', \'25.73629600\', \'25.88674000\') AND `longitude` NOT IN (\'-80.24379700\', \'-80.13943500\', \'-80.29447200\', \'-80.24479700\', \'-80.16329200\')', '>', '4', '0', 'hook', 'actionAdminStoresControllerSaveAfter', 0, '2020-04-07 20:17:23', '2020-04-07 20:17:23'),
(112, 168, 'sql', 'SELECT COUNT(s.`id_store`) FROM PREFIX_store s WHERE `latitude` NOT IN (\'25.76500500\', \'26.13793600\', \'26.00998700\', \'25.73629600\', \'25.88674000\') AND `longitude` NOT IN (\'-80.24379700\', \'-80.13943500\', \'-80.29447200\', \'-80.24479700\', \'-80.16329200\')', '>', '9', '0', 'hook', 'actionAdminStoresControllerSaveAfter', 0, '2020-04-07 20:17:23', '2020-04-07 20:17:23'),
(113, 169, 'sql', 'SELECT COUNT(s.`id_store`) FROM PREFIX_store s WHERE `latitude` NOT IN (\'25.76500500\', \'26.13793600\', \'26.00998700\', \'25.73629600\', \'25.88674000\') AND `longitude` NOT IN (\'-80.24379700\', \'-80.13943500\', \'-80.29447200\', \'-80.24479700\', \'-80.16329200\')', '>', '19', '0', 'hook', 'actionAdminStoresControllerSaveAfter', 0, '2020-04-07 20:17:23', '2020-04-07 20:17:23'),
(114, 170, 'sql', 'SELECT COUNT(s.`id_store`) FROM PREFIX_store s WHERE `latitude` NOT IN (\'25.76500500\', \'26.13793600\', \'26.00998700\', \'25.73629600\', \'25.88674000\') AND `longitude` NOT IN (\'-80.24379700\', \'-80.13943500\', \'-80.29447200\', \'-80.24479700\', \'-80.16329200\')', '>', '49', '0', 'hook', 'actionAdminStoresControllerSaveAfter', 0, '2020-04-07 20:17:23', '2020-04-07 20:17:23'),
(115, 171, 'sql', 'SELECT COUNT(*) FROM PREFIX_webservice_account', '>=', '1', '0', 'hook', 'actionAdminWebserviceControllerSaveAfter', 0, '2020-04-07 20:17:23', '2020-04-07 20:17:23'),
(116, 172, 'sql', 'SELECT COUNT(*) FROM PREFIX_webservice_account', '>=', '2', '0', 'hook', 'actionAdminWebserviceControllerSaveAfter', 0, '2020-04-07 20:17:23', '2020-04-07 20:17:23'),
(117, 173, 'sql', 'SELECT COUNT(*) FROM PREFIX_webservice_account', '>=', '3', '0', 'hook', 'actionAdminWebserviceControllerSaveAfter', 0, '2020-04-07 20:17:23', '2020-04-07 20:17:23'),
(118, 174, 'sql', 'SELECT COUNT(*) FROM PREFIX_webservice_account', '>=', '4', '0', 'hook', 'actionAdminWebserviceControllerSaveAfter', 0, '2020-04-07 20:17:23', '2020-04-07 20:17:23'),
(119, 175, 'sql', 'SELECT count(*) FROM	 PREFIX_configuration WHERE name = \'PS_HOSTED_MODE\'', '==', '0', '', 'time', '1', 0, '2020-04-07 20:17:23', '2020-04-07 20:17:23'),
(120, 209, 'configuration', 'EBAY_CONFIGURATION_OK', '==', '1', '', 'time', '1', 0, '2020-04-07 20:17:23', '2020-04-07 20:17:23'),
(121, 320, 'sql', 'SELECT COUNT( id_module ) FROM PREFIX_module WHERE `name` like \"%shopgate%\" ', '>=', '1', '0', 'hook', 'actionModuleInstallAfter', 0, '2020-04-07 20:17:23', '2020-04-07 20:17:23'),
(122, 322, 'configuration', 'SHOPGATE_CONFIGURATION_OK', '==', '1', '', 'time', '1', 0, '2020-04-07 20:17:23', '2020-04-07 20:17:23'),
(123, 323, 'sql', 'SELECT COUNT( id_module ) FROM PREFIX_module WHERE `name` like \"%shoppingfluxexport%\" ', '>=', '1', '0', 'hook', 'actionModuleInstallAfter', 0, '2020-04-07 20:17:23', '2020-04-07 20:17:23'),
(124, 324, 'sql', 'SELECT COUNT( id_module ) FROM PREFIX_module WHERE `name` like \"%shoppingfluxexport%\" ', '==', '0', '', 'time', '1', 0, '2020-04-07 20:17:23', '2020-04-07 20:17:23'),
(125, 325, 'sql', 'SELECT COUNT(*) FROM PREFIX_configuration WHERE name LIKE \'SHOPPINGFLUXEXPORT_CONFIGURATION_OK\' OR name LIKE \'SHOPPINGFLUXEXPORT_CONFIGURED\'', '>=', '1', '0', 'time', '1', 0, '2020-04-07 20:17:23', '2020-04-07 20:17:23'),
(126, 326, 'sql', 'SELECT COUNT(*) FROM PREFIX_configuration WHERE (( name LIKE \'MONEYBOOKERS_CONFIGURATION_OK\') AND ( value = \'1\')) OR (( name LIKE \'MB_PAY_TO_EMAIL \') AND ( value != \'testaccount2@moneybookers.com \'))', '==', '2', '0', 'time', '1', 0, '2020-04-07 20:17:23', '2020-04-07 20:17:23'),
(127, 358, 'sql', 'SELECT COUNT(*) FROM PREFIX_orders o LEFT JOIN PREFIX_order_state os ON os.id_order_state = o.current_state WHERE o.module like \"%ebay%\" AND os.logable = 1', '>=', '1', '0', 'time', '1', 0, '2020-04-07 20:17:23', '2020-04-07 20:17:23'),
(128, 359, 'sql', 'SELECT COUNT(*) FROM PREFIX_orders o LEFT JOIN PREFIX_order_state os ON os.id_order_state = o.current_state WHERE o.module like \"%ebay%\" AND os.logable = 1 AND o.date_add > DATE_SUB(NOW(), INTERVAL 90 DAY)', '>=', '30', '0', 'time', '1', 0, '2020-04-07 20:17:23', '2020-04-07 20:17:23'),
(129, 375, 'sql', 'SELECT COUNT(*) FROM PREFIX_orders o LEFT JOIN PREFIX_order_state os ON os.id_order_state = o.current_state WHERE o.module like \"%shopgate%\" AND os.logable = 1 AND o.date_add > DATE_SUB(NOW(), INTERVAL 90 DAY)', '>=', '1', '0', 'time', '1', 0, '2020-04-07 20:17:23', '2020-04-07 20:17:23'),
(130, 376, 'sql', 'SELECT COUNT(*) FROM PREFIX_orders o LEFT JOIN PREFIX_order_state os ON os.id_order_state = o.current_state WHERE o.module like \"%shopgate%\" AND os.logable = 1 AND o.date_add > DATE_SUB(NOW(), INTERVAL 90 DAY)', '>=', '30', '0', 'time', '1', 0, '2020-04-07 20:17:23', '2020-04-07 20:17:23'),
(131, 377, 'sql', 'SELECT COUNT(*) FROM PREFIX_orders o LEFT JOIN PREFIX_order_state os ON os.id_order_state = o.current_state WHERE o.module like \"%moneybookers%\" AND os.logable = 1 AND o.date_add > DATE_SUB(NOW(), INTERVAL 90 DAY)', '>=', '1', '0', 'time', '1', 0, '2020-04-07 20:17:23', '2020-04-07 20:17:23'),
(132, 394, 'sql', 'SELECT COUNT(*) FROM PREFIX_orders o LEFT JOIN PREFIX_order_state os ON os.id_order_state = o.current_state WHERE o.module like \"%sofortbanking%\" AND os.logable = 1 AND o.date_add > DATE_SUB(NOW(), INTERVAL 90 DAY)', '>=', '30', '0', 'time', '1', 0, '2020-04-07 20:17:23', '2020-04-07 20:17:23'),
(133, 399, 'sql', 'SELECT COUNT(*) FROM PREFIX_product WHERE reference NOT LIKE \"demo_%\"', '>', '499', '', 'hook', 'actionObjectProductAddAfter', 0, '2020-04-07 20:17:23', '2020-04-07 20:17:23'),
(134, 424, 'sql', 'SELECT COUNT( id_module ) FROM PREFIX_module WHERE `name` like \"%alliance3%\"', '>=', '1', '0', 'hook', 'actionModuleInstallAfter', 0, '2020-04-07 20:17:23', '2020-04-07 20:17:23'),
(135, 425, 'sql', 'SELECT COUNT(*) FROM PREFIX_configuration WHERE (( name LIKE \'ALLIANCE3_CONFIGURATION_OK\') AND ( value = \'1\')) OR (( name LIKE \'ALLIANCE_DEMO\') AND ( value = \'0\'))', '==', '2', '0', 'time', '1', 0, '2020-04-07 20:17:23', '2020-04-07 20:17:23'),
(136, 426, 'sql', 'SELECT COUNT(*) FROM PREFIX_orders o LEFT JOIN PREFIX_order_state os ON os.id_order_state = o.current_state WHERE o.module like \"%alliance3%\" AND os.logable = 1', '>=', '1', '0', 'time', '2', 0, '2020-04-07 20:17:23', '2020-04-07 20:17:23'),
(137, 427, 'sql', 'SELECT COUNT(*) FROM PREFIX_orders o LEFT JOIN PREFIX_order_state os ON os.id_order_state = o.current_state WHERE o.module like \"%alliance3%\" AND os.logable = 1 AND o.date_add > DATE_SUB(NOW(), INTERVAL 90 DAY)', '>=', '30', '0', 'time', '7', 0, '2020-04-07 20:17:23', '2020-04-07 20:17:23'),
(138, 428, 'sql', 'SELECT COUNT( id_module ) FROM PREFIX_module WHERE `name` like \"%authorizeaim%\"', '>=', '1', '0', 'hook', 'actionModuleInstallAfter', 0, '2020-04-07 20:17:23', '2020-04-07 20:17:23'),
(139, 429, 'configuration', 'SELECT COUNT(*) FROM PREFIX_configuration WHERE (( name LIKE \'AUTHORIZEAIM_CONFIGURATION_OK\') AND ( value = \'1\')) OR (( name LIKE \'AUTHORIZE_AIM_SANDBOX\') AND ( value = \'0\'))', '==', '2', '', 'time', '2', 0, '2020-04-07 20:17:23', '2020-04-07 20:17:23'),
(140, 430, 'sql', 'SELECT COUNT(*) FROM PREFIX_orders o LEFT JOIN PREFIX_order_state os ON os.id_order_state = o.current_state WHERE o.module like \"%authorizeaim%\" AND os.logable = 1', '>=', '1', '0', 'time', '2', 0, '2020-04-07 20:17:23', '2020-04-07 20:17:23'),
(141, 431, 'sql', 'SELECT COUNT(*) FROM PREFIX_orders o LEFT JOIN PREFIX_order_state os ON os.id_order_state = o.current_state WHERE o.module like \"%authorizeaim%\" AND os.logable = 1 AND o.date_add > DATE_SUB(NOW(), INTERVAL 90 DAY)', '>=', '30', '0', 'time', '7', 0, '2020-04-07 20:17:23', '2020-04-07 20:17:23'),
(142, 434, 'sql', 'SELECT COUNT( id_module ) FROM PREFIX_module WHERE `name` like \"%bluepay%\"', '>=', '1', '0', 'hook', 'actionModuleInstallAfter', 0, '2020-04-07 20:17:23', '2020-04-07 20:17:23'),
(143, 435, 'configuration', 'BLUEPAY_CONFIGURATION_OK', '==', '1', '', 'time', '1', 0, '2020-04-07 20:17:23', '2020-04-07 20:17:23'),
(144, 436, 'sql', 'SELECT COUNT(*) FROM PREFIX_orders o LEFT JOIN PREFIX_order_state os ON os.id_order_state = o.current_state WHERE o.module like \"%bluepay%\" AND os.logable = 1', '>=', '1', '0', 'time', '2', 0, '2020-04-07 20:17:23', '2020-04-07 20:17:23'),
(145, 437, 'sql', 'SELECT COUNT(*) FROM PREFIX_orders o LEFT JOIN PREFIX_order_state os ON os.id_order_state = o.current_state WHERE o.module like \"%bluepay%\" AND os.logable = 1 AND o.date_add > DATE_SUB(NOW(), INTERVAL 90 DAY)', '>=', '30', '0', 'time', '7', 0, '2020-04-07 20:17:23', '2020-04-07 20:17:23'),
(146, 438, 'sql', 'SELECT COUNT( id_module ) FROM PREFIX_module WHERE `name` like \"%payplug%\"', '>=', '1', '0', 'hook', 'actionModuleInstallAfter', 0, '2020-04-07 20:17:23', '2020-04-07 20:17:23'),
(147, 439, 'configuration', 'PAYPLUG_CONFIGURATION_OK', '==', '1', '', 'time', '1', 0, '2020-04-07 20:17:23', '2020-04-07 20:17:23'),
(148, 440, 'sql', 'SELECT COUNT(*) FROM PREFIX_orders o LEFT JOIN PREFIX_order_state os ON os.id_order_state = o.current_state WHERE o.module like \"%payplug%\" AND os.logable = 1', '>=', '1', '0', 'time', '2', 0, '2020-04-07 20:17:23', '2020-04-07 20:17:23'),
(149, 441, 'sql', 'SELECT SUM(o.total_paid) FROM PREFIX_orders o LEFT JOIN PREFIX_order_state os ON os.id_order_state = o.current_state WHERE o.module like \"%payplug%\" AND os.logable = 1 AND o.date_add > DATE_SUB(NOW(), INTERVAL 90 DAY)', '>=', '10000', '0', 'time', '7', 0, '2020-04-07 20:17:23', '2020-04-07 20:17:23'),
(150, 442, 'sql', 'SELECT COUNT( id_module ) FROM PREFIX_module WHERE `name` like \"%affinityitems%\"', '>=', '1', '0', 'hook', 'actionModuleInstallAfter', 0, '2020-04-07 20:17:23', '2020-04-07 20:17:23'),
(151, 443, 'sql', 'SELECT COUNT(*) FROM PREFIX_configuration WHERE name LIKE \'AFFINITYITEMS_CONFIGURATION_OK\' AND value = \'1\'', '==', '1', '0', 'time', '1', 0, '2020-04-07 20:17:23', '2020-04-07 20:17:23'),
(152, 446, 'sql', 'SELECT COUNT( id_module ) FROM PREFIX_module WHERE `name` like \"%dpdpoland%\"', '>=', '1', '0', 'hook', 'actionModuleInstallAfter', 0, '2020-04-07 20:17:23', '2020-04-07 20:17:23'),
(153, 447, 'configuration', 'DPDPOLAND_CONFIGURATION_OK', '==', '1', '', 'time', '1', 0, '2020-04-07 20:17:23', '2020-04-07 20:17:23'),
(154, 448, 'sql', 'SELECT COUNT(*) FROM PREFIX_orders o LEFT JOIN PREFIX_order_state os ON os.id_order_state = o.current_state LEFT JOIN PREFIX_carrier c ON c.id_carrier = o.id_carrier WHERE c.name like \"%dpdpoland%\" AND os.logable = 1', '>=', '1', '0', 'time', '2', 0, '2020-04-07 20:17:23', '2020-04-07 20:17:23'),
(155, 449, 'sql', 'SELECT COUNT(*) FROM PREFIX_orders o LEFT JOIN PREFIX_order_state os ON os.id_order_state = o.current_state LEFT JOIN PREFIX_carrier c ON c.id_carrier = o.id_carrier WHERE c.name like \"%dpdpoland%\" AND os.logable = 1 AND o.date_add > DATE_SUB(NOW(), INTERVAL 90 DAY)', '>=', '100', '0', 'time', '7', 0, '2020-04-07 20:17:23', '2020-04-07 20:17:23'),
(156, 450, 'sql', 'SELECT COUNT( id_module ) FROM PREFIX_module WHERE `name` like \"%envoimoinscher%\"', '>=', '1', '0', 'hook', 'actionModuleInstallAfter', 0, '2020-04-07 20:17:23', '2020-04-07 20:17:23'),
(157, 451, 'sql', 'SELECT COUNT(*) FROM PREFIX_configuration WHERE (( name LIKE \'ENVOIMOINSCHER_CONFIGURATION_OK\') AND ( value = \'1\')) OR (( name LIKE \'EMC_ENV \') AND ( value != \'TEST\'))', '==', '2', '0', 'time', '1', 0, '2020-04-07 20:17:23', '2020-04-07 20:17:23'),
(158, 452, 'sql', 'SELECT COUNT(*) FROM PREFIX_orders o LEFT JOIN PREFIX_order_state os ON os.id_order_state = o.current_state LEFT JOIN PREFIX_carrier c ON c.id_carrier = o.id_carrier WHERE c.name like \"%envoimoinscher%\" AND os.logable = 1', '>=', '1', '0', 'time', '2', 0, '2020-04-07 20:17:23', '2020-04-07 20:17:23'),
(159, 453, 'sql', 'SELECT COUNT(*) FROM PREFIX_orders o LEFT JOIN PREFIX_order_state os ON os.id_order_state = o.current_state LEFT JOIN PREFIX_carrier c ON c.id_carrier = o.id_carrier WHERE c.name like \"%envoimoinscher%\" AND os.logable = 1 AND o.date_add > DATE_SUB(NOW(), INTERVAL 90 DAY)', '>=', '100', '0', 'time', '7', 0, '2020-04-07 20:17:23', '2020-04-07 20:17:23'),
(160, 454, 'sql', 'SELECT COUNT( id_module ) FROM PREFIX_module WHERE `name` like \"%klikandpay%\"', '>=', '1', '0', 'hook', 'actionModuleInstallAfter', 0, '2020-04-07 20:17:23', '2020-04-07 20:17:23'),
(161, 455, 'configuration', 'KLIKANDPAY_CONFIGURATION_OK', '==', '1', '', 'time', '1', 0, '2020-04-07 20:17:23', '2020-04-07 20:17:23'),
(162, 456, 'sql', 'SELECT COUNT(*) FROM PREFIX_orders o LEFT JOIN PREFIX_order_state os ON os.id_order_state = o.current_state WHERE o.module like \"%klikandpay%\" AND os.logable = 1', '>=', '1', '0', 'time', '2', 0, '2020-04-07 20:17:23', '2020-04-07 20:17:23'),
(163, 457, 'sql', 'SELECT COUNT(*) FROM PREFIX_orders o LEFT JOIN PREFIX_order_state os ON os.id_order_state = o.current_state WHERE o.module like \"%klikandpay%\" AND os.logable = 1 AND o.date_add > DATE_SUB(NOW(), INTERVAL 90 DAY)', '>=', '30', '0', 'time', '7', 0, '2020-04-07 20:17:23', '2020-04-07 20:17:23'),
(164, 458, 'sql', 'SELECT COUNT( id_module ) FROM PREFIX_module WHERE `name` like \"%clickline%\"', '>=', '1', '0', 'hook', 'actionModuleInstallAfter', 0, '2020-04-07 20:17:23', '2020-04-07 20:17:23'),
(165, 459, 'configuration', 'CLICKLINE_CONFIGURATION_OK', '==', '1', '', 'time', '1', 0, '2020-04-07 20:17:23', '2020-04-07 20:17:23'),
(166, 460, 'sql', 'SELECT COUNT(*) FROM PREFIX_orders o LEFT JOIN PREFIX_order_state os ON os.id_order_state = o.current_state LEFT JOIN PREFIX_carrier c ON c.id_carrier = o.id_carrier WHERE c.name like \"%clickline%\" AND os.logable = 1', '>=', '1', '0', 'time', '2', 0, '2020-04-07 20:17:23', '2020-04-07 20:17:23'),
(167, 461, 'sql', 'SELECT COUNT(*) FROM PREFIX_orders o LEFT JOIN PREFIX_order_state os ON os.id_order_state = o.current_state LEFT JOIN PREFIX_carrier c ON c.id_carrier = o.id_carrier WHERE c.name like \"%clickline%\" AND os.logable = 1 AND o.date_add > DATE_SUB(NOW(), INTERVAL 90 DAY)', '>=', '100', '0', 'time', '7', 0, '2020-04-07 20:17:23', '2020-04-07 20:17:23'),
(168, 462, 'sql', 'SELECT COUNT( id_module ) FROM PREFIX_module WHERE `name` like \"%cdiscount%\"', '>=', '1', '0', 'hook', 'actionModuleInstallAfter', 0, '2020-04-07 20:17:23', '2020-04-07 20:17:23'),
(169, 463, 'sql', 'SELECT 1', '!=', '1', '1', 'time', '100', 0, '2020-04-07 20:17:23', '2020-04-07 20:17:23'),
(170, 464, 'sql', 'SELECT COUNT(*) FROM PREFIX_orders o LEFT JOIN PREFIX_order_state os ON os.id_order_state = o.current_state WHERE o.module like \"%cdiscount%\" AND os.logable = 1', '>=', '1', '0', 'time', '2', 0, '2020-04-07 20:17:23', '2020-04-07 20:17:23'),
(171, 465, 'sql', 'SELECT SUM(o.total_paid) FROM PREFIX_orders o LEFT JOIN PREFIX_order_state os ON os.id_order_state = o.current_state WHERE o.module like \"%cdiscount%\" AND os.logable = 1 AND o.date_add > DATE_SUB(NOW(), INTERVAL 365 DAY)', '>=', '500', '0', 'time', '7', 0, '2020-04-07 20:17:23', '2020-04-07 20:17:23'),
(172, 467, 'sql', 'SELECT COUNT( id_module ) FROM PREFIX_module WHERE `name` like \"%erpillicopresta%\"', '>=', '1', '0', 'hook', 'actionModuleInstallAfter', 0, '2020-04-07 20:17:23', '2020-04-07 20:17:23'),
(173, 468, 'configuration', 'SELECT COUNT(*) FROM PREFIX_configuration WHERE (( name LIKE \'ERPILLICOPRESTA_CONFIGURATION_OK\') AND ( value = \'1\')) OR (( name LIKE \'ERP_LICENCE_VALIDITY \') AND ( value == \'1\')) OR (( name LIKE \'ERP_MONTH_FREE_ACTIVE \') AND ( value == \'0\'))', '==', '3', '', 'time', '1', 0, '2020-04-07 20:17:23', '2020-04-07 20:17:23'),
(174, 469, 'sql', 'SELECT 1', '!=', '1', '1', 'time', '100', 0, '2020-04-07 20:17:23', '2020-04-07 20:17:23'),
(175, 470, 'sql', 'SELECT 1', '!=', '1', '1', 'time', '100', 0, '2020-04-07 20:17:23', '2020-04-07 20:17:23'),
(176, 471, 'sql', 'SELECT COUNT( id_module ) FROM PREFIX_module WHERE `name` like \"%netreviews%\"', '>=', '1', '0', 'hook', 'actionModuleInstallAfter', 0, '2020-04-07 20:17:23', '2020-04-07 20:17:23'),
(177, 472, 'sql', 'SELECT COUNT(*) FROM PREFIX_configuration WHERE (( name LIKE \'NETREVIEWS_CONFIGURATION_OK\') AND ( value = \'1\')) OR (( name LIKE \'AVISVERIFIES_URLCERTIFICAT \') AND ( value IS NOT LIKE \'%preprod%\'))', '==', '2', '0', 'time', '1', 0, '2020-04-07 20:17:23', '2020-04-07 20:17:23'),
(178, 473, 'sql', 'SELECT 1', '!=', '1', '1', 'time', '100', 0, '2020-04-07 20:17:23', '2020-04-07 20:17:23'),
(179, 474, 'sql', 'SELECT 1', '!=', '1', '1', 'time', '100', 0, '2020-04-07 20:17:23', '2020-04-07 20:17:23'),
(180, 475, 'sql', 'SELECT COUNT( id_module ) FROM PREFIX_module WHERE `name` like \"%bluesnap%\"', '>=', '1', '0', 'hook', 'actionModuleInstallAfter', 0, '2020-04-07 20:17:23', '2020-04-07 20:17:23'),
(181, 476, 'sql', 'SELECT COUNT(*) FROM PREFIX_configuration WHERE (( name LIKE \'BLUESNAP_CONFIGURATION_OK\') AND ( value = \'1\')) OR (( name LIKE \'BLUESNAP_SANDBOX \') AND ( value NOT LIKE \'%sandbox%\'))', '==', '2', '0', 'time', '1', 0, '2020-04-07 20:17:23', '2020-04-07 20:17:23'),
(182, 477, 'sql', 'SELECT COUNT(*) FROM PREFIX_orders o LEFT JOIN PREFIX_order_state os ON os.id_order_state = o.current_state WHERE o.module like \"%bluesnap%\" AND os.logable = 1', '>=', '1', '0', 'time', '2', 0, '2020-04-07 20:17:23', '2020-04-07 20:17:23'),
(183, 478, 'sql', 'SELECT COUNT(*) FROM PREFIX_orders o LEFT JOIN PREFIX_order_state os ON os.id_order_state = o.current_state WHERE o.module like \"%bluesnap%\" AND os.logable = 1 AND o.date_add > DATE_SUB(NOW(), INTERVAL 90 DAY)', '>=', '30', '0', 'time', '7', 0, '2020-04-07 20:17:23', '2020-04-07 20:17:23'),
(184, 479, 'sql', 'SELECT COUNT( id_module ) FROM PREFIX_module WHERE `name` like \"%desjardins%\"', '>=', '1', '0', 'hook', 'actionModuleInstallAfter', 0, '2020-04-07 20:17:23', '2020-04-07 20:17:23'),
(185, 480, 'sql', 'SELECT COUNT(*) FROM PREFIX_configuration WHERE (( name LIKE \'DESJARDINS_CONFIGURATION_OK\') AND ( value = \'1\')) OR (( name LIKE \'DESJARDINS_MODE \') AND ( value NOT LIKE \'%test%\'))', '==', '2', '0', 'time', '1', 0, '2020-04-07 20:17:23', '2020-04-07 20:17:23'),
(186, 481, 'sql', 'SELECT COUNT(*) FROM PREFIX_orders o LEFT JOIN PREFIX_order_state os ON os.id_order_state = o.current_state WHERE o.module like \"%desjardins%\" AND os.logable = 1', '>=', '1', '0', 'time', '2', 0, '2020-04-07 20:17:23', '2020-04-07 20:17:23'),
(187, 482, 'sql', 'SELECT COUNT(*) FROM PREFIX_orders o LEFT JOIN PREFIX_order_state os ON os.id_order_state = o.current_state WHERE o.module like \"%desjardins%\" AND os.logable = 1 AND o.date_add > DATE_SUB(NOW(), INTERVAL 90 DAY)', '>=', '30', '0', 'time', '7', 0, '2020-04-07 20:17:23', '2020-04-07 20:17:23'),
(188, 483, 'sql', 'SELECT COUNT( id_module ) FROM PREFIX_module WHERE `name` like \"%firstdata%\"', '>=', '1', '0', 'hook', 'actionModuleInstallAfter', 0, '2020-04-07 20:17:23', '2020-04-07 20:17:23'),
(189, 484, 'configuration', 'FIRSTDATA_CONFIGURATION_OK', '==', '1', '', 'time', '1', 0, '2020-04-07 20:17:23', '2020-04-07 20:17:23'),
(190, 485, 'sql', 'SELECT COUNT(*) FROM PREFIX_orders o LEFT JOIN PREFIX_order_state os ON os.id_order_state = o.current_state WHERE o.module like \"%firstdata%\" AND os.logable = 1', '>=', '1', '0', 'time', '2', 0, '2020-04-07 20:17:23', '2020-04-07 20:17:23'),
(191, 486, 'sql', 'SELECT COUNT(*) FROM PREFIX_orders o LEFT JOIN PREFIX_order_state os ON os.id_order_state = o.current_state WHERE o.module like \"%firstdata%\" AND os.logable = 1 AND o.date_add > DATE_SUB(NOW(), INTERVAL 90 DAY)', '>=', '30', '0', 'time', '7', 0, '2020-04-07 20:17:23', '2020-04-07 20:17:23'),
(192, 487, 'sql', 'SELECT COUNT( id_module ) FROM PREFIX_module WHERE `name` like \"%giveit%\"', '>=', '1', '0', 'hook', 'actionModuleInstallAfter', 0, '2020-04-07 20:17:23', '2020-04-07 20:17:23'),
(193, 488, 'sql', 'GIVEIT_CONFIGURATION_OK', '>=', '1', '0', 'time', '1', 0, '2020-04-07 20:17:23', '2020-04-07 20:17:23'),
(194, 489, 'sql', 'SELECT 1', '!=', '1', '1', 'time', '365', 0, '2020-04-07 20:17:23', '2020-04-07 20:17:23'),
(195, 490, 'sql', 'SELECT 1', '!=', '1', '1', 'time', '365', 0, '2020-04-07 20:17:23', '2020-04-07 20:17:23'),
(196, 491, 'sql', 'SELECT COUNT( id_module ) FROM PREFIX_module WHERE `name` like \"%ganalytics%\"', '>=', '1', '0', 'hook', 'actionModuleInstallAfter', 0, '2020-04-07 20:17:23', '2020-04-07 20:17:23'),
(197, 492, 'configuration', 'GANALYTICS_CONFIGURATION_OK', '==', '1', '', 'time', '1', 0, '2020-04-07 20:17:23', '2020-04-07 20:17:23'),
(198, 493, 'sql', 'SELECT 1', '!=', '1', '1', 'time', '1', 0, '2020-04-07 20:17:23', '2020-04-07 20:17:23'),
(199, 494, 'sql', 'SELECT 1', '!=', '1', '1', 'time', '365', 0, '2020-04-07 20:17:23', '2020-04-07 20:17:23'),
(200, 496, 'sql', 'SELECT COUNT( id_module ) FROM PREFIX_module WHERE `name` like \"%pagseguro%\"', '>=', '1', '0', 'hook', 'actionModuleInstallAfter', 0, '2020-04-07 20:17:23', '2020-04-07 20:17:23'),
(201, 497, 'configuration', 'PAGSEGURO_CONFIGURATION_OK', '==', '1', '', 'time', '1', 0, '2020-04-07 20:17:23', '2020-04-07 20:17:23'),
(202, 498, 'sql', 'SELECT COUNT(*) FROM PREFIX_orders o LEFT JOIN PREFIX_order_state os ON os.id_order_state = o.current_state WHERE o.module like \"%pagseguro%\" AND os.logable = 1', '>=', '1', '0', 'time', '2', 0, '2020-04-07 20:17:23', '2020-04-07 20:17:23'),
(203, 499, 'sql', 'SELECT COUNT(*) FROM PREFIX_orders o LEFT JOIN PREFIX_order_state os ON os.id_order_state = o.current_state WHERE o.module like \"%pagseguro%\" AND os.logable = 1 AND o.date_add > DATE_SUB(NOW(), INTERVAL 90 DAY)', '>=', '30', '0', 'time', '7', 0, '2020-04-07 20:17:23', '2020-04-07 20:17:23'),
(204, 500, 'sql', 'SELECT COUNT( id_module ) FROM PREFIX_module WHERE `name` like \"%paypalmx%\"', '>=', '1', '0', 'hook', 'actionModuleInstallAfter', 0, '2020-04-07 20:17:23', '2020-04-07 20:17:23'),
(205, 501, 'sql', 'SELECT COUNT(*) FROM PREFIX_configuration WHERE (( name LIKE \'PAYPALMX_CONFIGURATION_OK\') AND ( value = \'1\')) OR (( name LIKE \'PAYPAL_MX_SANDBOX\') AND ( value = \'0\'))', '==', '2', '0', 'time', '1', 0, '2020-04-07 20:17:23', '2020-04-07 20:17:23'),
(206, 502, 'sql', 'SELECT COUNT(*) FROM PREFIX_orders o LEFT JOIN PREFIX_order_state os ON os.id_order_state = o.current_state WHERE o.module like \"%paypalmx%\" AND os.logable = 1', '>=', '1', '0', 'time', '2', 0, '2020-04-07 20:17:23', '2020-04-07 20:17:23'),
(207, 503, 'sql', 'SELECT COUNT(*) FROM PREFIX_orders o LEFT JOIN PREFIX_order_state os ON os.id_order_state = o.current_state WHERE o.module like \"%paypalmx%\" AND os.logable = 1 AND o.date_add > DATE_SUB(NOW(), INTERVAL 90 DAY)', '>=', '30', '0', 'time', '7', 0, '2020-04-07 20:17:23', '2020-04-07 20:17:23'),
(208, 505, 'sql', 'SELECT COUNT( id_module ) FROM PREFIX_module WHERE `name` like \"%paypalusa%\"', '==', '1', '0', 'hook', 'actionModuleInstallAfter', 0, '2020-04-07 20:17:23', '2020-04-07 20:17:23'),
(209, 506, 'sql', 'SELECT COUNT(*) FROM PREFIX_configuration WHERE (( name LIKE \'PAYPALUSA_CONFIGURATION_OK\') AND ( value = \'1\')) OR (( name LIKE \'PAYPAL_USA_SANDBOX\') AND ( value = \'0\'))', '==', '2', '0', 'time', '1', 0, '2020-04-07 20:17:23', '2020-04-07 20:17:23'),
(210, 507, 'sql', 'SELECT COUNT(*) FROM PREFIX_orders o LEFT JOIN PREFIX_order_state os ON os.id_order_state = o.current_state WHERE o.module like \"%paypalusa%\" AND os.logable = 1', '>=', '1', '0', 'time', '2', 0, '2020-04-07 20:17:23', '2020-04-07 20:17:23');
INSERT INTO `pscha_condition` (`id_condition`, `id_ps_condition`, `type`, `request`, `operator`, `value`, `result`, `calculation_type`, `calculation_detail`, `validated`, `date_add`, `date_upd`) VALUES
(211, 508, 'sql', 'SELECT COUNT(*) FROM PREFIX_orders o LEFT JOIN PREFIX_order_state os ON os.id_order_state = o.current_state WHERE o.module like \"%paypalmx%\" AND os.logable = 1 AND o.date_add > DATE_SUB(NOW(), INTERVAL 90 DAY)', '>=', '30', '0', 'time', '7', 0, '2020-04-07 20:17:23', '2020-04-07 20:17:23'),
(212, 509, 'sql', 'SELECT COUNT( id_module ) FROM PREFIX_module WHERE `name` like \"%payulatam%\"', '==', '1', '0', 'hook', 'actionModuleInstallAfter', 0, '2020-04-07 20:17:23', '2020-04-07 20:17:23'),
(213, 510, 'sql', 'SELECT COUNT(*) FROM PREFIX_configuration WHERE (( name LIKE \'PAYULATAM_CONFIGURATION_OK\') AND ( value = \'1\')) OR (( name LIKE \'PAYU_LATAM_TEST\') AND ( value = \'1\'))', '==', '2', '0', 'time', '1', 0, '2020-04-07 20:17:23', '2020-04-07 20:17:23'),
(214, 511, 'sql', 'SELECT COUNT(*) FROM PREFIX_orders o LEFT JOIN PREFIX_order_state os ON os.id_order_state = o.current_state WHERE o.module like \"%payulatam%\" AND os.logable = 1', '>=', '1', '0', 'time', '2', 0, '2020-04-07 20:17:23', '2020-04-07 20:17:23'),
(215, 512, 'sql', 'SELECT COUNT(*) FROM PREFIX_orders o LEFT JOIN PREFIX_order_state os ON os.id_order_state = o.current_state WHERE o.module like \"%payulatam%\" AND os.logable = 1 AND o.date_add > DATE_SUB(NOW(), INTERVAL 90 DAY)', '>=', '30', '0', 'time', '7', 0, '2020-04-07 20:17:23', '2020-04-07 20:17:23'),
(216, 513, 'sql', 'SELECT COUNT( id_module ) FROM PREFIX_module WHERE `name` like \"%prestastats%\"', '==', '1', '0', 'hook', 'actionModuleInstallAfter', 0, '2020-04-07 20:17:23', '2020-04-07 20:17:23'),
(217, 514, 'configuration', 'PRESTASTATS_CONFIGURATION_OK', '==', '1', '', 'time', '1', 0, '2020-04-07 20:17:23', '2020-04-07 20:17:23'),
(218, 515, 'sql', 'SELECT 1', '!=', '1', '1', 'time', '365', 0, '2020-04-07 20:17:23', '2020-04-07 20:17:23'),
(219, 516, 'sql', 'SELECT 1', '!=', '1', '1', 'time', '365', 0, '2020-04-07 20:17:23', '2020-04-07 20:17:23'),
(220, 517, 'sql', 'SELECT COUNT( id_module ) FROM PREFIX_module WHERE `name` like \"%riskified%\"', '==', '1', '0', 'hook', 'actionModuleInstallAfter', 0, '2020-04-07 20:17:23', '2020-04-07 20:17:23'),
(221, 518, 'sql', 'SELECT COUNT(*) FROM PREFIX_configuration WHERE (( name LIKE \'RISKIFIED_CONFIGURATION_OK\') AND ( value = \'1\')) OR (( name LIKE \'RISKIFIED_MODE\') AND ( value = \'1\'))', '==', '2', '0', 'time', '1', 0, '2020-04-07 20:17:23', '2020-04-07 20:17:23'),
(222, 519, 'sql', 'SELECT COUNT(*) FROM PREFIX_orders o LEFT JOIN PREFIX_order_state os ON os.id_order_state = o.current_state WHERE o.module like \"%riskified%\" AND os.logable = 1', '>=', '1', '0', 'time', '2', 0, '2020-04-07 20:17:23', '2020-04-07 20:17:23'),
(223, 520, 'sql', 'SELECT COUNT(*) FROM PREFIX_orders o LEFT JOIN PREFIX_order_state os ON os.id_order_state = o.current_state WHERE o.module like \"%riskified%\" AND os.logable = 1 AND o.date_add > DATE_SUB(NOW(), INTERVAL 90 DAY)', '>=', '30', '0', 'time', '7', 0, '2020-04-07 20:17:23', '2020-04-07 20:17:23'),
(224, 521, 'sql', 'SELECT COUNT( id_module ) FROM PREFIX_module WHERE `name` like \"%simplifycommerce%\"', '==', '1', '0', 'hook', 'actionModuleInstallAfter', 0, '2020-04-07 20:17:23', '2020-04-07 20:17:23'),
(225, 522, 'sql', 'SELECT COUNT(*) FROM PREFIX_configuration WHERE (( name LIKE \'SIMPLIFY_CONFIGURATION_OK\') AND ( value = \'1\')) OR (( name LIKE \'SIMPLIFY_MODE\') AND ( value = \'1\'))', '==', '2', '0', 'time', '1', 0, '2020-04-07 20:17:23', '2020-04-07 20:17:23'),
(226, 523, 'sql', 'SELECT COUNT(*) FROM PREFIX_orders o LEFT JOIN PREFIX_order_state os ON os.id_order_state = o.current_state WHERE o.module like \"%simplifycommerce%\" AND os.logable = 1', '>=', '1', '0', 'time', '2', 0, '2020-04-07 20:17:23', '2020-04-07 20:17:23'),
(227, 524, 'sql', 'SELECT COUNT(*) FROM PREFIX_orders o LEFT JOIN PREFIX_order_state os ON os.id_order_state = o.current_state WHERE o.module like \"%simplifycommerce%\" AND os.logable = 1 AND o.date_add > DATE_SUB(NOW(), INTERVAL 90 DAY)', '>=', '30', '0', 'time', '7', 0, '2020-04-07 20:17:23', '2020-04-07 20:17:23'),
(228, 525, 'sql', 'SELECT COUNT( id_module ) FROM PREFIX_module WHERE `name` like \"%vtpayment%\"', '==', '1', '0', 'hook', 'actionModuleInstallAfter', 0, '2020-04-07 20:17:23', '2020-04-07 20:17:23'),
(229, 526, 'configuration', 'VTPAYMENT_CONFIGURATION_OK', '==', '1', '', 'time', '1', 0, '2020-04-07 20:17:23', '2020-04-07 20:17:23'),
(230, 527, 'sql', 'SELECT COUNT(*) FROM PREFIX_orders o LEFT JOIN PREFIX_order_state os ON os.id_order_state = o.current_state WHERE o.module like \"%vtpayment%\" AND os.logable = 1', '>=', '1', '0', 'time', '2', 0, '2020-04-07 20:17:23', '2020-04-07 20:17:23'),
(231, 528, 'sql', 'SELECT COUNT(*) FROM PREFIX_orders o LEFT JOIN PREFIX_order_state os ON os.id_order_state = o.current_state WHERE o.module like \"%vtpayment%\" AND os.logable = 1 AND o.date_add > DATE_SUB(NOW(), INTERVAL 90 DAY)', '>=', '30', '0', 'time', '7', 0, '2020-04-07 20:17:23', '2020-04-07 20:17:23'),
(232, 529, 'sql', 'SELECT COUNT( id_module ) FROM PREFIX_module WHERE `name` like \"%yotpo%\"', '==', '1', '0', 'hook', 'actionModuleInstallAfter', 0, '2020-04-07 20:17:23', '2020-04-07 20:17:23'),
(233, 530, 'configuration', 'YOTPO_CONFIGURATION_OK', '==', '1', '', 'time', '1', 0, '2020-04-07 20:17:23', '2020-04-07 20:17:23'),
(234, 531, 'sql', 'SELECT 1', '!=', '1', '1', 'time', '365', 0, '2020-04-07 20:17:23', '2020-04-07 20:17:23'),
(235, 532, 'sql', 'SELECT 1', '!=', '1', '1', 'time', '365', 0, '2020-04-07 20:17:23', '2020-04-07 20:17:23'),
(236, 533, 'sql', 'SELECT COUNT( id_module ) FROM PREFIX_module WHERE `name` like \"%yotpo%\"', '==', '1', '0', 'hook', 'actionModuleInstallAfter', 0, '2020-04-07 20:17:23', '2020-04-07 20:17:23'),
(237, 534, 'sql', 'SELECT COUNT(*) FROM PREFIX_configuration WHERE (( name LIKE \'YOUSTICERESOLUTIONSYSTEM_CONF_OK\') AND ( value = \'1\')) OR (( name LIKE \'YRS_SANDBOX\') AND ( value = \'0\'))', '==', '2', '0', 'time', '1', 0, '2020-04-07 20:17:23', '2020-04-07 20:17:23'),
(238, 535, 'sql', 'SELECT 1', '!=', '1', '1', 'time', '365', 0, '2020-04-07 20:17:23', '2020-04-07 20:17:23'),
(239, 536, 'sql', 'SELECT 1', '!=', '1', '1', 'time', '365', 0, '2020-04-07 20:17:23', '2020-04-07 20:17:23'),
(240, 537, 'sql', 'SELECT COUNT( id_module ) FROM PREFIX_module WHERE `name` like \"%loyaltylion%\"', '>=', '1', '0', 'hook', 'actionModuleInstallAfter', 0, '2020-04-07 20:17:23', '2020-04-07 20:17:23'),
(241, 538, 'configuration', 'LOYALTYLION_CONFIGURATION_OK', '==', '1', '', 'time', '1', 0, '2020-04-07 20:17:23', '2020-04-07 20:17:23'),
(242, 539, 'sql', 'SELECT 1', '!=', '1', '1', 'time', '365', 0, '2020-04-07 20:17:23', '2020-04-07 20:17:23'),
(243, 540, 'sql', 'SELECT 1', '!=', '1', '1', 'time', '365', 0, '2020-04-07 20:17:23', '2020-04-07 20:17:23'),
(244, 542, 'sql', 'SELECT \'{config} PS_VERSION_DB{/config}\' >= \'1.7.0.0\' AND < \'1.8.0.0\'', '==', '1', '', 'time', '1', 0, '2020-04-07 20:17:23', '2020-04-07 20:17:23');

-- --------------------------------------------------------

--
-- Structure de la table `pscha_condition_advice`
--

CREATE TABLE `pscha_condition_advice` (
  `id_condition` int(11) NOT NULL,
  `id_advice` int(11) NOT NULL,
  `display` tinyint(1) UNSIGNED NOT NULL DEFAULT '0'
) ENGINE=InnoDB DEFAULT CHARSET=utf8;

--
-- Déchargement des données de la table `pscha_condition_advice`
--

INSERT INTO `pscha_condition_advice` (`id_condition`, `id_advice`, `display`) VALUES
(19, 1, 1),
(19, 2, 1),
(19, 3, 1),
(19, 4, 1),
(19, 5, 1),
(19, 6, 1),
(19, 7, 1),
(19, 8, 1),
(19, 9, 1),
(19, 10, 1),
(19, 11, 1),
(19, 12, 1),
(19, 13, 1),
(19, 14, 1),
(19, 15, 1),
(19, 16, 1),
(19, 17, 1),
(19, 18, 1),
(19, 19, 1),
(19, 20, 1),
(19, 21, 1),
(19, 22, 1),
(19, 23, 1),
(19, 24, 1),
(19, 25, 1),
(19, 26, 1);

-- --------------------------------------------------------

--
-- Structure de la table `pscha_condition_badge`
--

